{"id":84424,"date":"2018-04-26T18:38:05","date_gmt":"2018-04-26T18:38:05","guid":{"rendered":"http:\/\/www.irdin.org.br\/site\/produto\/escutar-na-solidao-palestra-do-45-encontro-geral-de-figueira\/"},"modified":"2025-07-13T16:06:18","modified_gmt":"2025-07-13T19:06:18","slug":"escutar-na-solidao-palestra-do-45-encontro-geral-de-figueira","status":"publish","type":"product","link":"https:\/\/www.irdin.org.br\/site\/produtos\/escutar-na-solidao-palestra-do-45-encontro-geral-de-figueira\/","title":{"rendered":"Escutar na solid\u00e3o &#8211; Palestra do 45\u00b0 Encontro Geral de Figueira"},"content":{"rendered":"<p><em>A solid\u00e3o e o sil\u00eancio como pontos de rela\u00e7\u00e3o com os seres e com a vida.<\/em><\/p>\n<p>&nbsp;<br \/>\n<strong>Ou\u00e7a agora:<\/strong><\/p>\n<p><span data-href=\"https:\/\/www.irdin.org.br\/site\/envios\/audios\/0010_0051__por_por__escutar_na_solidao.mp3\" data-title=\"escutar na solid\u00e3o - palestra do 45\u00b0 encontro geral de figueira\" data-rel=\"\" data-target=\"\" data-meta=\"#fap-meta-6a04f4f65a714\" class=\"fap-single-track fap-track-button fap-play-button\" data-enqueue=\"no\" data-autoenqueue=\"no\" title=\"escutar na solid\u00e3o - palestra do 45\u00b0 encontro geral de figueira\"><span class=\"fap-icon-play\"><\/span>Ouvir<\/span> <a href=\"https:\/\/www.irdin.org.br\/site\/envios\/audios\/0010_0051__por_por__escutar_na_solidao.mp3\" class=\"baixar\" download><span class=\"fa fa-arrow-down\"><\/span>Baixar<\/span><\/a> <span class=\"textobaixar\"> escutar na solid\u00e3o &#8211; palestra do 45\u00b0 encontro geral de figueira<\/span><\/p>\n<p>&nbsp;<\/p>\n","protected":false},"excerpt":{"rendered":"<p>A solid\u00e3o e o sil\u00eancio como pontos de rela\u00e7\u00e3o com os seres e com a vida. &nbsp; Ou\u00e7a agora: Baixar<\/p>\n","protected":false},"featured_media":37803,"template":"","meta":{"_acf_changed":false},"product_brand":[],"product_cat":[18076,33068],"product_tag":[42149],"class_list":{"0":"post-84424","1":"product","2":"type-product","3":"status-publish","4":"has-post-thumbnail","6":"product_cat-cddvd","7":"product_cat-palestras","8":"product_tag-42149","9":"pa_autor-trigueirinho","10":"pa_codigo-da-serie-32091","11":"pa_codigo-externo-00100051porcd","12":"pa_data-de-gravacao-18274","13":"pa_descricao-da-serie-para-ouvir-no-silencio","14":"pa_duracao-35min20s","15":"pa_idioma-de-destino-portugues","16":"pa_idioma-de-origem-portugues","17":"pa_lancamento-no","18":"pa_midia-cd","19":"pa_moac-42148","20":"pa_quantidade-de-saldo-33067","21":"pa_sequencial-da-serie-31927","22":"pa_tipo-de-traducao-nao-classificado","24":"first","25":"outofstock","26":"product-type-simple"},"acf":[],"_links":{"self":[{"href":"https:\/\/www.irdin.org.br\/site\/wp-json\/wp\/v2\/product\/84424","targetHints":{"allow":["GET"]}}],"collection":[{"href":"https:\/\/www.irdin.org.br\/site\/wp-json\/wp\/v2\/product"}],"about":[{"href":"https:\/\/www.irdin.org.br\/site\/wp-json\/wp\/v2\/types\/product"}],"version-history":[{"count":2,"href":"https:\/\/www.irdin.org.br\/site\/wp-json\/wp\/v2\/product\/84424\/revisions"}],"predecessor-version":[{"id":109847,"href":"https:\/\/www.irdin.org.br\/site\/wp-json\/wp\/v2\/product\/84424\/revisions\/109847"}],"wp:featuredmedia":[{"embeddable":true,"href":"https:\/\/www.irdin.org.br\/site\/wp-json\/wp\/v2\/media\/37803"}],"wp:attachment":[{"href":"https:\/\/www.irdin.org.br\/site\/wp-json\/wp\/v2\/media?parent=84424"}],"wp:term":[{"taxonomy":"product_brand","embeddable":true,"href":"https:\/\/www.irdin.org.br\/site\/wp-json\/wp\/v2\/product_brand?post=84424"},{"taxonomy":"product_cat","embeddable":true,"href":"https:\/\/www.irdin.org.br\/site\/wp-json\/wp\/v2\/product_cat?post=84424"},{"taxonomy":"product_tag","embeddable":true,"href":"https:\/\/www.irdin.org.br\/site\/wp-json\/wp\/v2\/product_tag?post=84424"}],"curies":[{"name":"wp","href":"https:\/\/api.w.org\/{rel}","templated":true}]}}