{"id":84430,"date":"2018-04-26T18:38:05","date_gmt":"2018-04-26T18:38:05","guid":{"rendered":"http:\/\/www.irdin.org.br\/site\/produto\/o-encontro-da-paz-neste-mundo\/"},"modified":"2025-07-13T17:12:18","modified_gmt":"2025-07-13T20:12:18","slug":"o-encontro-da-paz-neste-mundo","status":"publish","type":"product","link":"https:\/\/www.irdin.org.br\/site\/produtos\/o-encontro-da-paz-neste-mundo\/","title":{"rendered":"O encontro da paz neste mundo"},"content":{"rendered":"<p><em>\u00c0 paz se chega quando se ama a paz. Reflex\u00f5es sobre culpa, remorso e dificuldade de concentra\u00e7\u00e3o. Androginia e a ren\u00fancia ao mundo como vista hoje.<\/em><\/p>\n<p>&nbsp;<br \/>\n<strong>Ou\u00e7a agora:<\/strong><\/p>\n<p><span data-href=\"https:\/\/www.irdin.org.br\/site\/envios\/audios\/0014_0027__por_por__o_encontro_da_paz_neste_mundo.mp3\" data-title=\"o encontro da paz neste mundo\" data-rel=\"\" data-target=\"\" data-meta=\"#fap-meta-69f2269f2522b\" class=\"fap-single-track fap-track-button fap-play-button\" data-enqueue=\"no\" data-autoenqueue=\"no\" title=\"o encontro da paz neste mundo\"><span class=\"fap-icon-play\"><\/span>Ouvir<\/span> <a href=\"https:\/\/www.irdin.org.br\/site\/envios\/audios\/0014_0027__por_por__o_encontro_da_paz_neste_mundo.mp3\" class=\"baixar\" download><span class=\"fa fa-arrow-down\"><\/span>Baixar<\/span><\/a> <span class=\"textobaixar\"> o encontro da paz neste mundo<\/span><\/p>\n<p>&nbsp;<\/p>\n","protected":false},"excerpt":{"rendered":"<p>\u00c0 paz se chega quando se ama a paz. Reflex\u00f5es sobre culpa, remorso e dificuldade de concentra\u00e7\u00e3o. Androginia e a<\/p>\n","protected":false},"featured_media":37803,"template":"","meta":{"_acf_changed":false},"product_brand":[],"product_cat":[18076,33068],"product_tag":[42161],"class_list":{"0":"post-84430","1":"product","2":"type-product","3":"status-publish","4":"has-post-thumbnail","6":"product_cat-cddvd","7":"product_cat-palestras","8":"product_tag-42161","9":"pa_autor-trigueirinho","10":"pa_codigo-da-serie-32103","11":"pa_data-de-gravacao-18316","12":"pa_descricao-da-serie-reflexoes","13":"pa_idioma-de-destino-portugues","14":"pa_lancamento-no","15":"pa_midia-cd","16":"pa_moac-42160","17":"pa_quantidade-de-saldo-33067","18":"pa_sequencial-da-serie-31903","19":"pa_tipo-de-traducao-nao-classificado","21":"first","22":"outofstock","23":"product-type-simple"},"acf":[],"_links":{"self":[{"href":"https:\/\/www.irdin.org.br\/site\/wp-json\/wp\/v2\/product\/84430","targetHints":{"allow":["GET"]}}],"collection":[{"href":"https:\/\/www.irdin.org.br\/site\/wp-json\/wp\/v2\/product"}],"about":[{"href":"https:\/\/www.irdin.org.br\/site\/wp-json\/wp\/v2\/types\/product"}],"version-history":[{"count":1,"href":"https:\/\/www.irdin.org.br\/site\/wp-json\/wp\/v2\/product\/84430\/revisions"}],"predecessor-version":[{"id":107579,"href":"https:\/\/www.irdin.org.br\/site\/wp-json\/wp\/v2\/product\/84430\/revisions\/107579"}],"wp:featuredmedia":[{"embeddable":true,"href":"https:\/\/www.irdin.org.br\/site\/wp-json\/wp\/v2\/media\/37803"}],"wp:attachment":[{"href":"https:\/\/www.irdin.org.br\/site\/wp-json\/wp\/v2\/media?parent=84430"}],"wp:term":[{"taxonomy":"product_brand","embeddable":true,"href":"https:\/\/www.irdin.org.br\/site\/wp-json\/wp\/v2\/product_brand?post=84430"},{"taxonomy":"product_cat","embeddable":true,"href":"https:\/\/www.irdin.org.br\/site\/wp-json\/wp\/v2\/product_cat?post=84430"},{"taxonomy":"product_tag","embeddable":true,"href":"https:\/\/www.irdin.org.br\/site\/wp-json\/wp\/v2\/product_tag?post=84430"}],"curies":[{"name":"wp","href":"https:\/\/api.w.org\/{rel}","templated":true}]}}

<p><em>À paz se chega quando se ama a paz. Reflexões sobre culpa, remorso e dificuldade de concentração. Androginia e a renúncia ao mundo como vista hoje.</em></p>
<p>&nbsp;<br />
<strong>Ouça agora:</strong></p>
<p><span data-href="https://www.irdin.org.br/site/envios/audios/0014_0027__por_por__o_encontro_da_paz_neste_mundo.mp3" data-title="o encontro da paz neste mundo" data-rel="" data-target="" data-meta="#fap-meta-69f2269f2522b" class="fap-single-track fap-track-button fap-play-button" data-enqueue="no" data-autoenqueue="no" title="o encontro da paz neste mundo"><span class="fap-icon-play"></span>Ouvir</span> <a href="https://www.irdin.org.br/site/envios/audios/0014_0027__por_por__o_encontro_da_paz_neste_mundo.mp3" class="baixar" download><span class="fa fa-arrow-down"></span>Baixar</span></a> <span class="textobaixar"> o encontro da paz neste mundo</span></p>
<p>&nbsp;</p>

<p>À paz se chega quando se ama a paz. Reflexões sobre culpa, remorso e dificuldade de concentração. Androginia e a</p>
