{"id":84433,"date":"2018-04-26T18:38:05","date_gmt":"2018-04-26T18:38:05","guid":{"rendered":"http:\/\/www.irdin.org.br\/site\/produto\/gratidao-dar-e-receber-receber-e-dar\/"},"modified":"2025-07-13T17:17:22","modified_gmt":"2025-07-13T20:17:22","slug":"gratidao-dar-e-receber-receber-e-dar","status":"publish","type":"product","link":"https:\/\/www.irdin.org.br\/site\/produtos\/gratidao-dar-e-receber-receber-e-dar\/","title":{"rendered":"Gratid\u00e3o | Dar e receber, receber e dar"},"content":{"rendered":"<p><em>A gratid\u00e3o \u00e9 uma das atitudes necess\u00e1rias para a forma\u00e7\u00e3o do nosso corpo de luz e para servirmos no plano espiritual. S\u00f3 quando aprendemos a devolver \u00e0 Fonte as energias recebidas entramos em comunh\u00e3o com os outros, com o ambiente, com a vida.<\/em><\/p>\n<p>&nbsp;<br \/>\n<strong>Ou\u00e7a agora:<\/strong><\/p>\n<p><span data-href=\"https:\/\/www.irdin.org.br\/site\/envios\/audios\/0014_0047__por_por__gratidao_dar_e_receber_receber_e_dar.mp3\" data-title=\"gratid\u00e3o | dar e receber, receber e dar\" data-rel=\"\" data-target=\"\" data-meta=\"#fap-meta-69e7a20cda5de\" class=\"fap-single-track fap-track-button fap-play-button\" data-enqueue=\"no\" data-autoenqueue=\"no\" title=\"gratid\u00e3o | dar e receber, receber e dar\"><span class=\"fap-icon-play\"><\/span>Ouvir<\/span> <a href=\"https:\/\/www.irdin.org.br\/site\/envios\/audios\/0014_0047__por_por__gratidao_dar_e_receber_receber_e_dar.mp3\" class=\"baixar\" download><span class=\"fa fa-arrow-down\"><\/span>Baixar<\/span><\/a> <span class=\"textobaixar\"> gratid\u00e3o | dar e receber, receber e dar<\/span><\/p>\n<p>&nbsp;<\/p>\n","protected":false},"excerpt":{"rendered":"<p>A gratid\u00e3o \u00e9 uma das atitudes necess\u00e1rias para a forma\u00e7\u00e3o do nosso corpo de luz e para servirmos no plano<\/p>\n","protected":false},"featured_media":37803,"template":"","meta":{"_acf_changed":false},"product_brand":[],"product_cat":[18076,33068],"product_tag":[42167],"class_list":{"0":"post-84433","1":"product","2":"type-product","3":"status-publish","4":"has-post-thumbnail","6":"product_cat-cddvd","7":"product_cat-palestras","8":"product_tag-42167","9":"pa_autor-trigueirinho","10":"pa_codigo-da-serie-32103","11":"pa_data-de-gravacao-18341","12":"pa_descricao-da-serie-reflexoes","13":"pa_idioma-de-destino-portugues","14":"pa_lancamento-no","15":"pa_midia-cd","16":"pa_moac-42166","17":"pa_quantidade-de-saldo-33067","18":"pa_sequencial-da-serie-31923","19":"pa_tipo-de-traducao-nao-classificado","21":"first","22":"outofstock","23":"product-type-simple"},"acf":[],"_links":{"self":[{"href":"https:\/\/www.irdin.org.br\/site\/wp-json\/wp\/v2\/product\/84433","targetHints":{"allow":["GET"]}}],"collection":[{"href":"https:\/\/www.irdin.org.br\/site\/wp-json\/wp\/v2\/product"}],"about":[{"href":"https:\/\/www.irdin.org.br\/site\/wp-json\/wp\/v2\/types\/product"}],"version-history":[{"count":1,"href":"https:\/\/www.irdin.org.br\/site\/wp-json\/wp\/v2\/product\/84433\/revisions"}],"predecessor-version":[{"id":107582,"href":"https:\/\/www.irdin.org.br\/site\/wp-json\/wp\/v2\/product\/84433\/revisions\/107582"}],"wp:featuredmedia":[{"embeddable":true,"href":"https:\/\/www.irdin.org.br\/site\/wp-json\/wp\/v2\/media\/37803"}],"wp:attachment":[{"href":"https:\/\/www.irdin.org.br\/site\/wp-json\/wp\/v2\/media?parent=84433"}],"wp:term":[{"taxonomy":"product_brand","embeddable":true,"href":"https:\/\/www.irdin.org.br\/site\/wp-json\/wp\/v2\/product_brand?post=84433"},{"taxonomy":"product_cat","embeddable":true,"href":"https:\/\/www.irdin.org.br\/site\/wp-json\/wp\/v2\/product_cat?post=84433"},{"taxonomy":"product_tag","embeddable":true,"href":"https:\/\/www.irdin.org.br\/site\/wp-json\/wp\/v2\/product_tag?post=84433"}],"curies":[{"name":"wp","href":"https:\/\/api.w.org\/{rel}","templated":true}]}}