{"id":84483,"date":"2018-04-26T18:39:13","date_gmt":"2018-04-26T18:39:13","guid":{"rendered":"http:\/\/www.irdin.org.br\/site\/produto\/dos-sonhos-a-pura-experiencia-interior\/"},"modified":"2024-09-23T04:22:14","modified_gmt":"2024-09-23T04:22:14","slug":"dos-sonhos-a-pura-experiencia-interior","status":"publish","type":"product","link":"https:\/\/www.irdin.org.br\/site\/produtos\/dos-sonhos-a-pura-experiencia-interior\/","title":{"rendered":"Dos sonhos \u00e0 pura experi\u00eancia interior"},"content":{"rendered":"<p><em>Certos contatos com n\u00edveis profundos do nosso ser j\u00e1 n\u00e3o podem ser chamados de sonhos. Deles n\u00e3o fica mem\u00f3ria, mas somente transforma\u00e7\u00e3o da consci\u00eancia.<\/em><\/p>\n<p>&nbsp;<br \/>\n<strong>Ou\u00e7a agora:<\/strong><\/p>\n<p><span data-href=\"https:\/\/www.irdin.org.br\/site\/envios\/audios\/0014_0132__por_por__dos_sonhos_a_pura_experiencia_interior.mp3\" data-title=\"dos sonhos \u00e0 pura experi\u00eancia interior\" data-rel=\"\" data-target=\"\" data-meta=\"#fap-meta-69f0891a06013\" class=\"fap-single-track fap-track-button fap-play-button\" data-enqueue=\"no\" data-autoenqueue=\"no\" title=\"dos sonhos \u00e0 pura experi\u00eancia interior\"><span class=\"fap-icon-play\"><\/span>Ouvir<\/span> <a href=\"https:\/\/www.irdin.org.br\/site\/envios\/audios\/0014_0132__por_por__dos_sonhos_a_pura_experiencia_interior.mp3\" class=\"baixar\" download><span class=\"fa fa-arrow-down\"><\/span>Baixar<\/span><\/a> <span class=\"textobaixar\"> dos sonhos \u00e0 pura experi\u00eancia interior<\/span><\/p>\n<p>&nbsp;<\/p>\n","protected":false},"excerpt":{"rendered":"<p>Certos contatos com n\u00edveis profundos do nosso ser j\u00e1 n\u00e3o podem ser chamados de sonhos. Deles n\u00e3o fica mem\u00f3ria, mas<\/p>\n","protected":false},"featured_media":37803,"template":"","meta":{"_acf_changed":false},"product_brand":[],"product_cat":[18076,33068],"product_tag":[42267],"class_list":{"0":"post-84483","1":"product","2":"type-product","3":"status-publish","4":"has-post-thumbnail","6":"product_cat-cddvd","7":"product_cat-palestras","8":"product_tag-42267","9":"pa_autor-trigueirinho","10":"pa_codigo-da-serie-32103","11":"pa_codigo-externo-00140132porcd","12":"pa_data-de-gravacao-18607","13":"pa_duracao-47min","14":"pa_idioma-de-destino-portugues","15":"pa_idioma-de-origem-portugues","16":"pa_lancamento-no","17":"pa_midia-cd","18":"pa_moac-42266","19":"pa_quantidade-de-saldo-33067","20":"pa_sequencial-da-serie-32222","21":"pa_tipo-de-traducao-nao-classificado","23":"first","24":"outofstock","25":"product-type-simple"},"acf":[],"_links":{"self":[{"href":"https:\/\/www.irdin.org.br\/site\/wp-json\/wp\/v2\/product\/84483","targetHints":{"allow":["GET"]}}],"collection":[{"href":"https:\/\/www.irdin.org.br\/site\/wp-json\/wp\/v2\/product"}],"about":[{"href":"https:\/\/www.irdin.org.br\/site\/wp-json\/wp\/v2\/types\/product"}],"version-history":[{"count":1,"href":"https:\/\/www.irdin.org.br\/site\/wp-json\/wp\/v2\/product\/84483\/revisions"}],"predecessor-version":[{"id":107514,"href":"https:\/\/www.irdin.org.br\/site\/wp-json\/wp\/v2\/product\/84483\/revisions\/107514"}],"wp:featuredmedia":[{"embeddable":true,"href":"https:\/\/www.irdin.org.br\/site\/wp-json\/wp\/v2\/media\/37803"}],"wp:attachment":[{"href":"https:\/\/www.irdin.org.br\/site\/wp-json\/wp\/v2\/media?parent=84483"}],"wp:term":[{"taxonomy":"product_brand","embeddable":true,"href":"https:\/\/www.irdin.org.br\/site\/wp-json\/wp\/v2\/product_brand?post=84483"},{"taxonomy":"product_cat","embeddable":true,"href":"https:\/\/www.irdin.org.br\/site\/wp-json\/wp\/v2\/product_cat?post=84483"},{"taxonomy":"product_tag","embeddable":true,"href":"https:\/\/www.irdin.org.br\/site\/wp-json\/wp\/v2\/product_tag?post=84483"}],"curies":[{"name":"wp","href":"https:\/\/api.w.org\/{rel}","templated":true}]}}