{"id":84492,"date":"2018-04-26T18:39:13","date_gmt":"2018-04-26T18:39:13","guid":{"rendered":"http:\/\/www.irdin.org.br\/site\/produto\/a-cura-pelos-sons-aromas-e-vapores\/"},"modified":"2024-09-23T04:23:43","modified_gmt":"2024-09-23T04:23:43","slug":"a-cura-pelos-sons-aromas-e-vapores","status":"publish","type":"product","link":"https:\/\/www.irdin.org.br\/site\/produtos\/a-cura-pelos-sons-aromas-e-vapores\/","title":{"rendered":"A cura pelos sons, aromas e vapores"},"content":{"rendered":"<p><em>Certos procedimentos de cura sutis, aplicados com amor, podem tocar o cora\u00e7\u00e3o e a alma e ativar o t\u00e3o necess\u00e1rio sentimento de devo\u00e7\u00e3o.<\/em><\/p>\n<p>&nbsp;<br \/>\n<strong>Ou\u00e7a agora:<\/strong><\/p>\n<p><span data-href=\"https:\/\/www.irdin.org.br\/site\/envios\/audios\/0014_0137__por_por__a_cura_pelos_sons_aromas_e_vapores.mp3\" data-title=\"a cura pelos sons, aromas e vapores\" data-rel=\"\" data-target=\"\" data-meta=\"#fap-meta-69fe5c55803d9\" class=\"fap-single-track fap-track-button fap-play-button\" data-enqueue=\"no\" data-autoenqueue=\"no\" title=\"a cura pelos sons, aromas e vapores\"><span class=\"fap-icon-play\"><\/span>Ouvir<\/span> <a href=\"https:\/\/www.irdin.org.br\/site\/envios\/audios\/0014_0137__por_por__a_cura_pelos_sons_aromas_e_vapores.mp3\" class=\"baixar\"><span class=\"fa fa-arrow-down\"><\/span>Baixar<\/span><\/a> <span class=\"textobaixar\"> a cura pelos sons, aromas e vapores<\/span><\/p>\n<p>&nbsp;<\/p>\n","protected":false},"excerpt":{"rendered":"<p>Certos procedimentos de cura sutis, aplicados com amor, podem tocar o cora\u00e7\u00e3o e a alma e ativar o t\u00e3o necess\u00e1rio<\/p>\n","protected":false},"featured_media":37803,"template":"","meta":{"_acf_changed":false},"product_brand":[],"product_cat":[18076,33068],"product_tag":[42285],"class_list":{"0":"post-84492","1":"product","2":"type-product","3":"status-publish","4":"has-post-thumbnail","6":"product_cat-cddvd","7":"product_cat-palestras","8":"product_tag-42285","9":"pa_autor-trigueirinho","10":"pa_codigo-da-serie-32103","11":"pa_codigo-externo-00140137porcd","12":"pa_data-de-gravacao-18644","13":"pa_duracao-36min12s","14":"pa_idioma-de-destino-portugues","15":"pa_idioma-de-origem-portugues","16":"pa_lancamento-no","17":"pa_midia-cd","18":"pa_moac-42284","19":"pa_quantidade-de-saldo-33067","20":"pa_sequencial-da-serie-32237","21":"pa_tipo-de-traducao-nao-classificado","23":"first","24":"outofstock","25":"product-type-simple"},"acf":[],"_links":{"self":[{"href":"https:\/\/www.irdin.org.br\/site\/wp-json\/wp\/v2\/product\/84492","targetHints":{"allow":["GET"]}}],"collection":[{"href":"https:\/\/www.irdin.org.br\/site\/wp-json\/wp\/v2\/product"}],"about":[{"href":"https:\/\/www.irdin.org.br\/site\/wp-json\/wp\/v2\/types\/product"}],"version-history":[{"count":1,"href":"https:\/\/www.irdin.org.br\/site\/wp-json\/wp\/v2\/product\/84492\/revisions"}],"predecessor-version":[{"id":107523,"href":"https:\/\/www.irdin.org.br\/site\/wp-json\/wp\/v2\/product\/84492\/revisions\/107523"}],"wp:featuredmedia":[{"embeddable":true,"href":"https:\/\/www.irdin.org.br\/site\/wp-json\/wp\/v2\/media\/37803"}],"wp:attachment":[{"href":"https:\/\/www.irdin.org.br\/site\/wp-json\/wp\/v2\/media?parent=84492"}],"wp:term":[{"taxonomy":"product_brand","embeddable":true,"href":"https:\/\/www.irdin.org.br\/site\/wp-json\/wp\/v2\/product_brand?post=84492"},{"taxonomy":"product_cat","embeddable":true,"href":"https:\/\/www.irdin.org.br\/site\/wp-json\/wp\/v2\/product_cat?post=84492"},{"taxonomy":"product_tag","embeddable":true,"href":"https:\/\/www.irdin.org.br\/site\/wp-json\/wp\/v2\/product_tag?post=84492"}],"curies":[{"name":"wp","href":"https:\/\/api.w.org\/{rel}","templated":true}]}}