{"id":84517,"date":"2018-04-26T18:39:34","date_gmt":"2018-04-26T18:39:34","guid":{"rendered":"http:\/\/www.irdin.org.br\/site\/produto\/reflexoes-sobre-sintonia-interna\/"},"modified":"2024-09-23T04:01:59","modified_gmt":"2024-09-23T04:01:59","slug":"reflexoes-sobre-sintonia-interna","status":"publish","type":"product","link":"https:\/\/www.irdin.org.br\/site\/produtos\/reflexoes-sobre-sintonia-interna\/","title":{"rendered":"Reflex\u00f5es sobre sintonia interna"},"content":{"rendered":"<p><em>A import\u00e2ncia de mantermos sintonia ininterrupta com o nosso n\u00facleo interno durante todas as atividades externas.<\/em><\/p>\n<p>&nbsp;<br \/>\n<strong>Ou\u00e7a agora:<\/strong><\/p>\n<p><span data-href=\"https:\/\/www.irdin.org.br\/site\/envios\/audios\/0014_0150__por_por__reflexoes_sobre_sintonia_interna.mp3\" data-title=\"reflex\u00f5es sobre sintonia interna\" data-rel=\"\" data-target=\"\" data-meta=\"#fap-meta-69e29e4a9f23c\" class=\"fap-single-track fap-track-button fap-play-button\" data-enqueue=\"no\" data-autoenqueue=\"no\" title=\"reflex\u00f5es sobre sintonia interna\"><span class=\"fap-icon-play\"><\/span>Ouvir<\/span> <a href=\"https:\/\/www.irdin.org.br\/site\/envios\/audios\/0014_0150__por_por__reflexoes_sobre_sintonia_interna.mp3\" class=\"baixar\" download><span class=\"fa fa-arrow-down\"><\/span>Baixar<\/span><\/a> <span class=\"textobaixar\"> reflex\u00f5es sobre sintonia interna<\/span><\/p>\n<p>&nbsp;<\/p>\n","protected":false},"excerpt":{"rendered":"<p>A import\u00e2ncia de mantermos sintonia ininterrupta com o nosso n\u00facleo interno durante todas as atividades externas. &nbsp; Ou\u00e7a agora: Baixar<\/p>\n","protected":false},"featured_media":37803,"template":"","meta":{"_acf_changed":false},"product_brand":[],"product_cat":[18076,33068],"product_tag":[42335],"class_list":{"0":"post-84517","1":"product","2":"type-product","3":"status-publish","4":"has-post-thumbnail","6":"product_cat-cddvd","7":"product_cat-palestras","8":"product_tag-42335","9":"pa_autor-trigueirinho","10":"pa_codigo-da-serie-32103","11":"pa_data-de-gravacao-18744","12":"pa_idioma-de-destino-portugues","13":"pa_lancamento-no","14":"pa_midia-cd","15":"pa_moac-42334","16":"pa_quantidade-de-saldo-33067","17":"pa_sequencial-da-serie-32279","18":"pa_tipo-de-traducao-nao-classificado","20":"first","21":"outofstock","22":"product-type-simple"},"acf":[],"_links":{"self":[{"href":"https:\/\/www.irdin.org.br\/site\/wp-json\/wp\/v2\/product\/84517","targetHints":{"allow":["GET"]}}],"collection":[{"href":"https:\/\/www.irdin.org.br\/site\/wp-json\/wp\/v2\/product"}],"about":[{"href":"https:\/\/www.irdin.org.br\/site\/wp-json\/wp\/v2\/types\/product"}],"version-history":[{"count":1,"href":"https:\/\/www.irdin.org.br\/site\/wp-json\/wp\/v2\/product\/84517\/revisions"}],"predecessor-version":[{"id":107508,"href":"https:\/\/www.irdin.org.br\/site\/wp-json\/wp\/v2\/product\/84517\/revisions\/107508"}],"wp:featuredmedia":[{"embeddable":true,"href":"https:\/\/www.irdin.org.br\/site\/wp-json\/wp\/v2\/media\/37803"}],"wp:attachment":[{"href":"https:\/\/www.irdin.org.br\/site\/wp-json\/wp\/v2\/media?parent=84517"}],"wp:term":[{"taxonomy":"product_brand","embeddable":true,"href":"https:\/\/www.irdin.org.br\/site\/wp-json\/wp\/v2\/product_brand?post=84517"},{"taxonomy":"product_cat","embeddable":true,"href":"https:\/\/www.irdin.org.br\/site\/wp-json\/wp\/v2\/product_cat?post=84517"},{"taxonomy":"product_tag","embeddable":true,"href":"https:\/\/www.irdin.org.br\/site\/wp-json\/wp\/v2\/product_tag?post=84517"}],"curies":[{"name":"wp","href":"https:\/\/api.w.org\/{rel}","templated":true}]}}