{"id":84527,"date":"2018-04-26T18:39:57","date_gmt":"2018-04-26T18:39:57","guid":{"rendered":"http:\/\/www.irdin.org.br\/site\/produto\/ocio-inimigo-da-alma\/"},"modified":"2024-09-23T03:36:03","modified_gmt":"2024-09-23T03:36:03","slug":"ocio-inimigo-da-alma","status":"publish","type":"product","link":"https:\/\/www.irdin.org.br\/site\/produtos\/ocio-inimigo-da-alma\/","title":{"rendered":"\u00d3cio, inimigo da alma"},"content":{"rendered":"<p><em>A tend\u00eancia ao \u00f3cio existe em n\u00f3s em v\u00e1rios n\u00edveis, e cabe-nos super\u00e1-la para que haja uma transforma\u00e7\u00e3o profunda.<\/em><\/p>\n<p>&nbsp;<br \/>\n<strong>Ou\u00e7a agora:<\/strong><\/p>\n<p><span data-href=\"https:\/\/www.irdin.org.br\/site\/envios\/audios\/0014_0156__por_por__ocio_inimigo_da_alma.mp3\" data-title=\"\u00d3cio, inimigo da alma\" data-rel=\"\" data-target=\"\" data-meta=\"#fap-meta-69e18dd24d976\" class=\"fap-single-track fap-track-button fap-play-button\" data-enqueue=\"no\" data-autoenqueue=\"no\" title=\"\u00d3cio, inimigo da alma\"><span class=\"fap-icon-play\"><\/span>Ouvir<\/span> <a href=\"https:\/\/www.irdin.org.br\/site\/envios\/audios\/0014_0156__por_por__ocio_inimigo_da_alma.mp3\" class=\"baixar\" download><span class=\"fa fa-arrow-down\"><\/span>Baixar<\/span><\/a> <span class=\"textobaixar\"> \u00d3cio, inimigo da alma<\/span><\/p>\n<p>&nbsp;<\/p>\n","protected":false},"excerpt":{"rendered":"<p>A tend\u00eancia ao \u00f3cio existe em n\u00f3s em v\u00e1rios n\u00edveis, e cabe-nos super\u00e1-la para que haja uma transforma\u00e7\u00e3o profunda. &nbsp;<\/p>\n","protected":false},"featured_media":37803,"template":"","meta":{"_acf_changed":false},"product_brand":[],"product_cat":[18076,33068],"product_tag":[42355],"class_list":{"0":"post-84527","1":"product","2":"type-product","3":"status-publish","4":"has-post-thumbnail","6":"product_cat-cddvd","7":"product_cat-palestras","8":"product_tag-42355","9":"pa_autor-trigueirinho","10":"pa_codigo-da-serie-32103","11":"pa_codigo-externo-00140156porcd","12":"pa_data-de-gravacao-18786","13":"pa_duracao-42min","14":"pa_idioma-de-destino-portugues","15":"pa_idioma-de-origem-portugues","16":"pa_lancamento-no","17":"pa_midia-cd","18":"pa_moac-42354","19":"pa_quantidade-de-saldo-33067","20":"pa_sequencial-da-serie-32299","21":"pa_tipo-de-traducao-nao-classificado","23":"first","24":"outofstock","25":"product-type-simple"},"acf":[],"_links":{"self":[{"href":"https:\/\/www.irdin.org.br\/site\/wp-json\/wp\/v2\/product\/84527","targetHints":{"allow":["GET"]}}],"collection":[{"href":"https:\/\/www.irdin.org.br\/site\/wp-json\/wp\/v2\/product"}],"about":[{"href":"https:\/\/www.irdin.org.br\/site\/wp-json\/wp\/v2\/types\/product"}],"version-history":[{"count":1,"href":"https:\/\/www.irdin.org.br\/site\/wp-json\/wp\/v2\/product\/84527\/revisions"}],"predecessor-version":[{"id":107478,"href":"https:\/\/www.irdin.org.br\/site\/wp-json\/wp\/v2\/product\/84527\/revisions\/107478"}],"wp:featuredmedia":[{"embeddable":true,"href":"https:\/\/www.irdin.org.br\/site\/wp-json\/wp\/v2\/media\/37803"}],"wp:attachment":[{"href":"https:\/\/www.irdin.org.br\/site\/wp-json\/wp\/v2\/media?parent=84527"}],"wp:term":[{"taxonomy":"product_brand","embeddable":true,"href":"https:\/\/www.irdin.org.br\/site\/wp-json\/wp\/v2\/product_brand?post=84527"},{"taxonomy":"product_cat","embeddable":true,"href":"https:\/\/www.irdin.org.br\/site\/wp-json\/wp\/v2\/product_cat?post=84527"},{"taxonomy":"product_tag","embeddable":true,"href":"https:\/\/www.irdin.org.br\/site\/wp-json\/wp\/v2\/product_tag?post=84527"}],"curies":[{"name":"wp","href":"https:\/\/api.w.org\/{rel}","templated":true}]}}