{"id":84595,"date":"2018-04-26T18:41:04","date_gmt":"2018-04-26T18:41:04","guid":{"rendered":"http:\/\/www.irdin.org.br\/site\/produto\/relacionamentos-individuais-e-grupais-corretos\/"},"modified":"2024-09-23T02:36:31","modified_gmt":"2024-09-23T02:36:31","slug":"relacionamentos-individuais-e-grupais-corretos","status":"publish","type":"product","link":"https:\/\/www.irdin.org.br\/site\/produtos\/relacionamentos-individuais-e-grupais-corretos\/","title":{"rendered":"Relacionamentos individuais e grupais corretos"},"content":{"rendered":"<p><em>Que o cora\u00e7\u00e3o se expanda para aprofundar os relacionamentos, chegar a uni\u00f5es maiores e colaborar para a paz do mundo.<\/em><\/p>\n<p>&nbsp;<br \/>\n<strong>Ou\u00e7a agora:<\/strong><\/p>\n<p><span data-href=\"https:\/\/www.irdin.org.br\/site\/envios\/audios\/0014_0209__por_por__relacionamentos_individuais_e_grupais_corretos.mp3\" data-title=\"relacionamentos individuais e grupais corretos\" data-rel=\"\" data-target=\"\" data-meta=\"#fap-meta-69e5f9d22ef7a\" class=\"fap-single-track fap-track-button fap-play-button\" data-enqueue=\"no\" data-autoenqueue=\"no\" title=\"relacionamentos individuais e grupais corretos\"><span class=\"fap-icon-play\"><\/span>Ouvir<\/span> <a href=\"https:\/\/www.irdin.org.br\/site\/envios\/audios\/0014_0209__por_por__relacionamentos_individuais_e_grupais_corretos.mp3\" class=\"baixar\" download><span class=\"fa fa-arrow-down\"><\/span>Baixar<\/span><\/a> <span class=\"textobaixar\"> relacionamentos individuais e grupais corretos<\/span><\/p>\n<p>&nbsp;<\/p>\n","protected":false},"excerpt":{"rendered":"<p>Que o cora\u00e7\u00e3o se expanda para aprofundar os relacionamentos, chegar a uni\u00f5es maiores e colaborar para a paz do mundo.<\/p>\n","protected":false},"featured_media":37803,"template":"","meta":{"_acf_changed":false},"product_brand":[],"product_cat":[18076,33068],"product_tag":[42491],"class_list":{"0":"post-84595","1":"product","2":"type-product","3":"status-publish","4":"has-post-thumbnail","6":"product_cat-cddvd","7":"product_cat-palestras","8":"product_tag-42491","9":"pa_autor-trigueirinho","10":"pa_codigo-da-serie-32103","11":"pa_codigo-externo-00140209porcd","12":"pa_data-de-gravacao-19075","13":"pa_duracao-53min","14":"pa_idioma-de-destino-portugues","15":"pa_idioma-de-origem-portugues","16":"pa_lancamento-no","17":"pa_midia-cd","18":"pa_moac-42490","19":"pa_quantidade-de-saldo-33067","20":"pa_sequencial-da-serie-32428","21":"pa_tipo-de-traducao-nao-classificado","23":"first","24":"outofstock","25":"product-type-simple"},"acf":[],"_links":{"self":[{"href":"https:\/\/www.irdin.org.br\/site\/wp-json\/wp\/v2\/product\/84595","targetHints":{"allow":["GET"]}}],"collection":[{"href":"https:\/\/www.irdin.org.br\/site\/wp-json\/wp\/v2\/product"}],"about":[{"href":"https:\/\/www.irdin.org.br\/site\/wp-json\/wp\/v2\/types\/product"}],"version-history":[{"count":1,"href":"https:\/\/www.irdin.org.br\/site\/wp-json\/wp\/v2\/product\/84595\/revisions"}],"predecessor-version":[{"id":107426,"href":"https:\/\/www.irdin.org.br\/site\/wp-json\/wp\/v2\/product\/84595\/revisions\/107426"}],"wp:featuredmedia":[{"embeddable":true,"href":"https:\/\/www.irdin.org.br\/site\/wp-json\/wp\/v2\/media\/37803"}],"wp:attachment":[{"href":"https:\/\/www.irdin.org.br\/site\/wp-json\/wp\/v2\/media?parent=84595"}],"wp:term":[{"taxonomy":"product_brand","embeddable":true,"href":"https:\/\/www.irdin.org.br\/site\/wp-json\/wp\/v2\/product_brand?post=84595"},{"taxonomy":"product_cat","embeddable":true,"href":"https:\/\/www.irdin.org.br\/site\/wp-json\/wp\/v2\/product_cat?post=84595"},{"taxonomy":"product_tag","embeddable":true,"href":"https:\/\/www.irdin.org.br\/site\/wp-json\/wp\/v2\/product_tag?post=84595"}],"curies":[{"name":"wp","href":"https:\/\/api.w.org\/{rel}","templated":true}]}}