{"id":84611,"date":"2018-04-26T18:41:26","date_gmt":"2018-04-26T18:41:26","guid":{"rendered":"http:\/\/www.irdin.org.br\/site\/produto\/a-alma-do-mundo-e-outros-temas\/"},"modified":"2024-09-23T01:50:14","modified_gmt":"2024-09-23T01:50:14","slug":"a-alma-do-mundo-e-outros-temas","status":"publish","type":"product","link":"https:\/\/www.irdin.org.br\/site\/produtos\/a-alma-do-mundo-e-outros-temas\/","title":{"rendered":"A alma do mundo e outros temas"},"content":{"rendered":"<p><em>Nossa alma \u00e9 feita com a subst\u00e2ncia da alma do mundo. Mas podemos ir al\u00e9m dessa constitui\u00e7\u00e3o e desenvolver, na vida imaterial, a consci\u00eancia solar.<\/em><\/p>\n<p>&nbsp;<br \/>\n<strong>Ou\u00e7a agora:<\/strong><\/p>\n<p><span data-href=\"https:\/\/www.irdin.org.br\/site\/envios\/audios\/0014_0226__por_por__a_alma_do_mundo_e_outros_temas.mp3\" data-title=\"a alma do mundo e outros temas\" data-rel=\"\" data-target=\"\" data-meta=\"#fap-meta-69e24bd6672df\" class=\"fap-single-track fap-track-button fap-play-button\" data-enqueue=\"no\" data-autoenqueue=\"no\" title=\"a alma do mundo e outros temas\"><span class=\"fap-icon-play\"><\/span>Ouvir<\/span> <a href=\"https:\/\/www.irdin.org.br\/site\/envios\/audios\/0014_0226__por_por__a_alma_do_mundo_e_outros_temas.mp3\" class=\"baixar\" download><span class=\"fa fa-arrow-down\"><\/span>Baixar<\/span><\/a> <span class=\"textobaixar\"> a alma do mundo e outros temas<\/span><\/p>\n<p>&nbsp;<\/p>\n","protected":false},"excerpt":{"rendered":"<p>Nossa alma \u00e9 feita com a subst\u00e2ncia da alma do mundo. Mas podemos ir al\u00e9m dessa constitui\u00e7\u00e3o e desenvolver, na<\/p>\n","protected":false},"featured_media":37803,"template":"","meta":{"_acf_changed":false},"product_brand":[],"product_cat":[18076,33068],"product_tag":[42523],"class_list":{"0":"post-84611","1":"product","2":"type-product","3":"status-publish","4":"has-post-thumbnail","6":"product_cat-cddvd","7":"product_cat-palestras","8":"product_tag-42523","9":"pa_autor-trigueirinho","10":"pa_codigo-da-serie-32103","11":"pa_codigo-externo-00140226porcd","12":"pa_data-de-gravacao-19151","13":"pa_duracao-44min","14":"pa_idioma-de-destino-portugues","15":"pa_idioma-de-origem-portugues","16":"pa_lancamento-no","17":"pa_midia-cd","18":"pa_moac-42522","19":"pa_quantidade-de-saldo-33067","20":"pa_sequencial-da-serie-32463","21":"pa_tipo-de-traducao-nao-classificado","23":"first","24":"outofstock","25":"product-type-simple"},"acf":[],"_links":{"self":[{"href":"https:\/\/www.irdin.org.br\/site\/wp-json\/wp\/v2\/product\/84611","targetHints":{"allow":["GET"]}}],"collection":[{"href":"https:\/\/www.irdin.org.br\/site\/wp-json\/wp\/v2\/product"}],"about":[{"href":"https:\/\/www.irdin.org.br\/site\/wp-json\/wp\/v2\/types\/product"}],"version-history":[{"count":1,"href":"https:\/\/www.irdin.org.br\/site\/wp-json\/wp\/v2\/product\/84611\/revisions"}],"predecessor-version":[{"id":107402,"href":"https:\/\/www.irdin.org.br\/site\/wp-json\/wp\/v2\/product\/84611\/revisions\/107402"}],"wp:featuredmedia":[{"embeddable":true,"href":"https:\/\/www.irdin.org.br\/site\/wp-json\/wp\/v2\/media\/37803"}],"wp:attachment":[{"href":"https:\/\/www.irdin.org.br\/site\/wp-json\/wp\/v2\/media?parent=84611"}],"wp:term":[{"taxonomy":"product_brand","embeddable":true,"href":"https:\/\/www.irdin.org.br\/site\/wp-json\/wp\/v2\/product_brand?post=84611"},{"taxonomy":"product_cat","embeddable":true,"href":"https:\/\/www.irdin.org.br\/site\/wp-json\/wp\/v2\/product_cat?post=84611"},{"taxonomy":"product_tag","embeddable":true,"href":"https:\/\/www.irdin.org.br\/site\/wp-json\/wp\/v2\/product_tag?post=84611"}],"curies":[{"name":"wp","href":"https:\/\/api.w.org\/{rel}","templated":true}]}}