{"id":84624,"date":"2018-04-26T18:41:48","date_gmt":"2018-04-26T18:41:48","guid":{"rendered":"http:\/\/www.irdin.org.br\/site\/produto\/a-transmutacao-do-logos-da-terra\/"},"modified":"2024-09-23T01:22:04","modified_gmt":"2024-09-23T01:22:04","slug":"a-transmutacao-do-logos-da-terra","status":"publish","type":"product","link":"https:\/\/www.irdin.org.br\/site\/produtos\/a-transmutacao-do-logos-da-terra\/","title":{"rendered":"A transmuta\u00e7\u00e3o do Logos da Terra"},"content":{"rendered":"<p><em>A vida que permeia o planeta est\u00e1 sendo transmutada. Com base nessa transforma\u00e7\u00e3o t\u00e3o profunda novas correntes de energia se aproximam da esfera terrestre e a lei do carma material vai sendo substitu\u00edda pela lei evolutiva superior.<\/em><\/p>\n<p>&nbsp;<br \/>\n<strong>Ou\u00e7a agora:<\/strong><\/p>\n<p><span data-href=\"https:\/\/www.irdin.org.br\/site\/envios\/audios\/0014_0237__por_por__a_transmutacao_do_logos_da_terra.mp3\" data-title=\"a transmuta\u00e7\u00e3o do logos da terra\" data-rel=\"\" data-target=\"\" data-meta=\"#fap-meta-69e8a7ba1ca70\" class=\"fap-single-track fap-track-button fap-play-button\" data-enqueue=\"no\" data-autoenqueue=\"no\" title=\"a transmuta\u00e7\u00e3o do logos da terra\"><span class=\"fap-icon-play\"><\/span>Ouvir<\/span> <a href=\"https:\/\/www.irdin.org.br\/site\/envios\/audios\/0014_0237__por_por__a_transmutacao_do_logos_da_terra.mp3\" class=\"baixar\" download><span class=\"fa fa-arrow-down\"><\/span>Baixar<\/span><\/a> <span class=\"textobaixar\"> a transmuta\u00e7\u00e3o do logos da terra<\/span><\/p>\n<p>&nbsp;<\/p>\n","protected":false},"excerpt":{"rendered":"<p>A vida que permeia o planeta est\u00e1 sendo transmutada. Com base nessa transforma\u00e7\u00e3o t\u00e3o profunda novas correntes de energia se<\/p>\n","protected":false},"featured_media":37803,"template":"","meta":{"_acf_changed":false},"product_brand":[],"product_cat":[18076,33068],"product_tag":[42549],"class_list":{"0":"post-84624","1":"product","2":"type-product","3":"status-publish","4":"has-post-thumbnail","6":"product_cat-cddvd","7":"product_cat-palestras","8":"product_tag-42549","9":"pa_autor-trigueirinho","10":"pa_codigo-da-serie-32103","11":"pa_codigo-externo-00140237porcd","12":"pa_data-de-gravacao-19206","13":"pa_duracao-39min","14":"pa_idioma-de-destino-portugues","15":"pa_idioma-de-origem-portugues","16":"pa_lancamento-no","17":"pa_midia-cd","18":"pa_moac-42548","19":"pa_quantidade-de-saldo-33067","20":"pa_sequencial-da-serie-32490","21":"pa_tipo-de-traducao-nao-classificado","23":"first","24":"outofstock","25":"product-type-simple"},"acf":[],"_links":{"self":[{"href":"https:\/\/www.irdin.org.br\/site\/wp-json\/wp\/v2\/product\/84624","targetHints":{"allow":["GET"]}}],"collection":[{"href":"https:\/\/www.irdin.org.br\/site\/wp-json\/wp\/v2\/product"}],"about":[{"href":"https:\/\/www.irdin.org.br\/site\/wp-json\/wp\/v2\/types\/product"}],"version-history":[{"count":1,"href":"https:\/\/www.irdin.org.br\/site\/wp-json\/wp\/v2\/product\/84624\/revisions"}],"predecessor-version":[{"id":107378,"href":"https:\/\/www.irdin.org.br\/site\/wp-json\/wp\/v2\/product\/84624\/revisions\/107378"}],"wp:featuredmedia":[{"embeddable":true,"href":"https:\/\/www.irdin.org.br\/site\/wp-json\/wp\/v2\/media\/37803"}],"wp:attachment":[{"href":"https:\/\/www.irdin.org.br\/site\/wp-json\/wp\/v2\/media?parent=84624"}],"wp:term":[{"taxonomy":"product_brand","embeddable":true,"href":"https:\/\/www.irdin.org.br\/site\/wp-json\/wp\/v2\/product_brand?post=84624"},{"taxonomy":"product_cat","embeddable":true,"href":"https:\/\/www.irdin.org.br\/site\/wp-json\/wp\/v2\/product_cat?post=84624"},{"taxonomy":"product_tag","embeddable":true,"href":"https:\/\/www.irdin.org.br\/site\/wp-json\/wp\/v2\/product_tag?post=84624"}],"curies":[{"name":"wp","href":"https:\/\/api.w.org\/{rel}","templated":true}]}}