{"id":84637,"date":"2018-04-26T18:41:48","date_gmt":"2018-04-26T18:41:48","guid":{"rendered":"http:\/\/www.irdin.org.br\/site\/produto\/algumas-questoes-exigentes\/"},"modified":"2024-09-23T01:24:22","modified_gmt":"2024-09-23T01:24:22","slug":"algumas-questoes-exigentes","status":"publish","type":"product","link":"https:\/\/www.irdin.org.br\/site\/produtos\/algumas-questoes-exigentes\/","title":{"rendered":"Algumas quest\u00f5es exigentes"},"content":{"rendered":"<p><em>Signos astrol\u00f3gicos ajudam-nos a desenvolver capacidades cada vez mais amplas, mas podemos ir al\u00e9m. Devemos romper as correntes das ilus\u00f5es materiais e reconhecer as m\u00f4nadas humanas como c\u00e9lulas do corpo do Logos Planet\u00e1rio. As m\u00f4nadas tornam-se a vis\u00e3o d\u00b4Ele, se inspiradas pelo Sol.<\/em><\/p>\n<p>&nbsp;<br \/>\n<strong>Ou\u00e7a agora:<\/strong><\/p>\n<p><span data-href=\"https:\/\/www.irdin.org.br\/site\/envios\/audios\/0014_0248__por_por__algumas_questoes_exigentes.mp3\" data-title=\"algumas quest\u00f5es exigentes\" data-rel=\"\" data-target=\"\" data-meta=\"#fap-meta-69e3d16a5253c\" class=\"fap-single-track fap-track-button fap-play-button\" data-enqueue=\"no\" data-autoenqueue=\"no\" title=\"algumas quest\u00f5es exigentes\"><span class=\"fap-icon-play\"><\/span>Ouvir<\/span> <a href=\"https:\/\/www.irdin.org.br\/site\/envios\/audios\/0014_0248__por_por__algumas_questoes_exigentes.mp3\" class=\"baixar\" download><span class=\"fa fa-arrow-down\"><\/span>Baixar<\/span><\/a> <span class=\"textobaixar\"> algumas quest\u00f5es exigentes<\/span><\/p>\n<p>&nbsp;<\/p>\n","protected":false},"excerpt":{"rendered":"<p>Signos astrol\u00f3gicos ajudam-nos a desenvolver capacidades cada vez mais amplas, mas podemos ir al\u00e9m. Devemos romper as correntes das ilus\u00f5es<\/p>\n","protected":false},"featured_media":37803,"template":"","meta":{"_acf_changed":false},"product_brand":[],"product_cat":[18076,33068],"product_tag":[42575],"class_list":{"0":"post-84637","1":"product","2":"type-product","3":"status-publish","4":"has-post-thumbnail","6":"product_cat-cddvd","7":"product_cat-palestras","8":"product_tag-42575","9":"pa_autor-trigueirinho","10":"pa_codigo-da-serie-32103","11":"pa_codigo-externo-00140248porcd","12":"pa_data-de-gravacao-19255","13":"pa_duracao-44min","14":"pa_idioma-de-destino-portugues","15":"pa_idioma-de-origem-portugues","16":"pa_lancamento-no","17":"pa_midia-cd","18":"pa_moac-42574","19":"pa_quantidade-de-saldo-33067","20":"pa_sequencial-da-serie-32514","21":"pa_tipo-de-traducao-nao-classificado","23":"first","24":"outofstock","25":"product-type-simple"},"acf":[],"_links":{"self":[{"href":"https:\/\/www.irdin.org.br\/site\/wp-json\/wp\/v2\/product\/84637","targetHints":{"allow":["GET"]}}],"collection":[{"href":"https:\/\/www.irdin.org.br\/site\/wp-json\/wp\/v2\/product"}],"about":[{"href":"https:\/\/www.irdin.org.br\/site\/wp-json\/wp\/v2\/types\/product"}],"version-history":[{"count":1,"href":"https:\/\/www.irdin.org.br\/site\/wp-json\/wp\/v2\/product\/84637\/revisions"}],"predecessor-version":[{"id":107389,"href":"https:\/\/www.irdin.org.br\/site\/wp-json\/wp\/v2\/product\/84637\/revisions\/107389"}],"wp:featuredmedia":[{"embeddable":true,"href":"https:\/\/www.irdin.org.br\/site\/wp-json\/wp\/v2\/media\/37803"}],"wp:attachment":[{"href":"https:\/\/www.irdin.org.br\/site\/wp-json\/wp\/v2\/media?parent=84637"}],"wp:term":[{"taxonomy":"product_brand","embeddable":true,"href":"https:\/\/www.irdin.org.br\/site\/wp-json\/wp\/v2\/product_brand?post=84637"},{"taxonomy":"product_cat","embeddable":true,"href":"https:\/\/www.irdin.org.br\/site\/wp-json\/wp\/v2\/product_cat?post=84637"},{"taxonomy":"product_tag","embeddable":true,"href":"https:\/\/www.irdin.org.br\/site\/wp-json\/wp\/v2\/product_tag?post=84637"}],"curies":[{"name":"wp","href":"https:\/\/api.w.org\/{rel}","templated":true}]}}