{"id":84638,"date":"2018-04-26T18:42:11","date_gmt":"2018-04-26T18:42:11","guid":{"rendered":"http:\/\/www.irdin.org.br\/site\/produto\/cores-arte-interiorizacao-e-ordem\/"},"modified":"2024-09-23T01:15:19","modified_gmt":"2024-09-23T01:15:19","slug":"cores-arte-interiorizacao-e-ordem","status":"publish","type":"product","link":"https:\/\/www.irdin.org.br\/site\/produtos\/cores-arte-interiorizacao-e-ordem\/","title":{"rendered":"Cores, arte, interioriza\u00e7\u00e3o e ordem"},"content":{"rendered":"<p><em>Podemos cultivar uma rela\u00e7\u00e3o com as cores que nos ajude a estar em harmonia. Harmonia, coragem, paci\u00eancia, calma e ordem s\u00e3o necess\u00e1rias para a nossa interioriza\u00e7\u00e3o e para a arte de viver segundo a nossa ess\u00eancia.<\/em><\/p>\n<p>&nbsp;<br \/>\n<strong>Ou\u00e7a agora:<\/strong><\/p>\n<p><span data-href=\"https:\/\/www.irdin.org.br\/site\/envios\/audios\/0014_0249__por_por__cores_arte_interiorizacao_e_ordem.mp3\" data-title=\"cores, arte, interioriza\u00e7\u00e3o e ordem\" data-rel=\"\" data-target=\"\" data-meta=\"#fap-meta-69f1a366c40e0\" class=\"fap-single-track fap-track-button fap-play-button\" data-enqueue=\"no\" data-autoenqueue=\"no\" title=\"cores, arte, interioriza\u00e7\u00e3o e ordem\"><span class=\"fap-icon-play\"><\/span>Ouvir<\/span> <a href=\"https:\/\/www.irdin.org.br\/site\/envios\/audios\/0014_0249__por_por__cores_arte_interiorizacao_e_ordem.mp3\" class=\"baixar\" download><span class=\"fa fa-arrow-down\"><\/span>Baixar<\/span><\/a> <span class=\"textobaixar\"> cores, arte, interioriza\u00e7\u00e3o e ordem<\/span><\/p>\n<p>&nbsp;<\/p>\n","protected":false},"excerpt":{"rendered":"<p>Podemos cultivar uma rela\u00e7\u00e3o com as cores que nos ajude a estar em harmonia. Harmonia, coragem, paci\u00eancia, calma e ordem<\/p>\n","protected":false},"featured_media":37803,"template":"","meta":{"_acf_changed":false},"product_brand":[],"product_cat":[18076,33068],"product_tag":[42577],"class_list":{"0":"post-84638","1":"product","2":"type-product","3":"status-publish","4":"has-post-thumbnail","6":"product_cat-cddvd","7":"product_cat-palestras","8":"product_tag-42577","9":"pa_autor-trigueirinho","10":"pa_codigo-da-serie-32103","11":"pa_codigo-externo-00140249porcd","12":"pa_data-de-gravacao-19259","13":"pa_duracao-34min","14":"pa_idioma-de-destino-portugues","15":"pa_idioma-de-origem-portugues","16":"pa_lancamento-no","17":"pa_midia-cd","18":"pa_moac-42576","19":"pa_quantidade-de-saldo-33067","20":"pa_sequencial-da-serie-32516","21":"pa_tipo-de-traducao-nao-classificado","23":"first","24":"outofstock","25":"product-type-simple"},"acf":[],"_links":{"self":[{"href":"https:\/\/www.irdin.org.br\/site\/wp-json\/wp\/v2\/product\/84638","targetHints":{"allow":["GET"]}}],"collection":[{"href":"https:\/\/www.irdin.org.br\/site\/wp-json\/wp\/v2\/product"}],"about":[{"href":"https:\/\/www.irdin.org.br\/site\/wp-json\/wp\/v2\/types\/product"}],"version-history":[{"count":1,"href":"https:\/\/www.irdin.org.br\/site\/wp-json\/wp\/v2\/product\/84638\/revisions"}],"predecessor-version":[{"id":107353,"href":"https:\/\/www.irdin.org.br\/site\/wp-json\/wp\/v2\/product\/84638\/revisions\/107353"}],"wp:featuredmedia":[{"embeddable":true,"href":"https:\/\/www.irdin.org.br\/site\/wp-json\/wp\/v2\/media\/37803"}],"wp:attachment":[{"href":"https:\/\/www.irdin.org.br\/site\/wp-json\/wp\/v2\/media?parent=84638"}],"wp:term":[{"taxonomy":"product_brand","embeddable":true,"href":"https:\/\/www.irdin.org.br\/site\/wp-json\/wp\/v2\/product_brand?post=84638"},{"taxonomy":"product_cat","embeddable":true,"href":"https:\/\/www.irdin.org.br\/site\/wp-json\/wp\/v2\/product_cat?post=84638"},{"taxonomy":"product_tag","embeddable":true,"href":"https:\/\/www.irdin.org.br\/site\/wp-json\/wp\/v2\/product_tag?post=84638"}],"curies":[{"name":"wp","href":"https:\/\/api.w.org\/{rel}","templated":true}]}}

Cores, arte, interiorização e ordem

<p><em>Podemos cultivar uma relação com as cores que nos ajude a estar em harmonia. Harmonia, coragem, paciência, calma e ordem são necessárias para a nossa interiorização e para a arte de viver segundo a nossa essência.</em></p>
<p>&nbsp;<br />
<strong>Ouça agora:</strong></p>
<p><span data-href="https://www.irdin.org.br/site/envios/audios/0014_0249__por_por__cores_arte_interiorizacao_e_ordem.mp3" data-title="cores, arte, interiorização e ordem" data-rel="" data-target="" data-meta="#fap-meta-69f1a366c40e0" class="fap-single-track fap-track-button fap-play-button" data-enqueue="no" data-autoenqueue="no" title="cores, arte, interiorização e ordem"><span class="fap-icon-play"></span>Ouvir</span> <a href="https://www.irdin.org.br/site/envios/audios/0014_0249__por_por__cores_arte_interiorizacao_e_ordem.mp3" class="baixar" download><span class="fa fa-arrow-down"></span>Baixar</span></a> <span class="textobaixar"> cores, arte, interiorização e ordem</span></p>
<p>&nbsp;</p>

<p>Podemos cultivar uma relação com as cores que nos ajude a estar em harmonia. Harmonia, coragem, paciência, calma e ordem</p>
