{"id":84644,"date":"2018-04-26T18:42:11","date_gmt":"2018-04-26T18:42:11","guid":{"rendered":"http:\/\/www.irdin.org.br\/site\/produto\/os-animais-e-o-homem\/"},"modified":"2024-09-23T01:16:29","modified_gmt":"2024-09-23T01:16:29","slug":"os-animais-e-o-homem","status":"publish","type":"product","link":"https:\/\/www.irdin.org.br\/site\/produtos\/os-animais-e-o-homem\/","title":{"rendered":"Os animais e o homem"},"content":{"rendered":"<p><em>Ser\u00e3o os animais s\u00f3 o que pensamos deles? \u00c9 importante ampliarmos nossa vis\u00e3o e ajud\u00e1-los a evoluir, tendo em conta que por nosso interm\u00e9dio eles podem receber energia espiritual.<\/em><\/p>\n<p>&nbsp;<br \/>\n<strong>Ou\u00e7a agora:<\/strong><\/p>\n<p><span data-href=\"https:\/\/www.irdin.org.br\/site\/envios\/audios\/0014_0255__por_por__os_animais_e_o_homem.mp3\" data-title=\"os animais e o homem\" data-rel=\"\" data-target=\"\" data-meta=\"#fap-meta-69f1a0a1e76e5\" class=\"fap-single-track fap-track-button fap-play-button\" data-enqueue=\"no\" data-autoenqueue=\"no\" title=\"os animais e o homem\"><span class=\"fap-icon-play\"><\/span>Ouvir<\/span> <a href=\"https:\/\/www.irdin.org.br\/site\/envios\/audios\/0014_0255__por_por__os_animais_e_o_homem.mp3\" class=\"baixar\" download><span class=\"fa fa-arrow-down\"><\/span>Baixar<\/span><\/a> <span class=\"textobaixar\"> os animais e o homem<\/span><\/p>\n<p>&nbsp;<\/p>\n","protected":false},"excerpt":{"rendered":"<p>Ser\u00e3o os animais s\u00f3 o que pensamos deles? \u00c9 importante ampliarmos nossa vis\u00e3o e ajud\u00e1-los a evoluir, tendo em conta<\/p>\n","protected":false},"featured_media":37803,"template":"","meta":{"_acf_changed":false},"product_brand":[],"product_cat":[18076,33068],"product_tag":[42589],"class_list":{"0":"post-84644","1":"product","2":"type-product","3":"status-publish","4":"has-post-thumbnail","6":"product_cat-cddvd","7":"product_cat-palestras","8":"product_tag-42589","9":"pa_autor-trigueirinho","10":"pa_codigo-da-serie-32103","11":"pa_codigo-externo-00140255porcd","12":"pa_data-de-gravacao-19283","13":"pa_duracao-1h4min","14":"pa_idioma-de-destino-portugues","15":"pa_idioma-de-origem-portugues","16":"pa_lancamento-no","17":"pa_midia-cd","18":"pa_moac-42588","19":"pa_quantidade-de-saldo-33067","20":"pa_sequencial-da-serie-32528","21":"pa_tipo-de-traducao-nao-classificado","23":"first","24":"outofstock","25":"product-type-simple"},"acf":[],"_links":{"self":[{"href":"https:\/\/www.irdin.org.br\/site\/wp-json\/wp\/v2\/product\/84644","targetHints":{"allow":["GET"]}}],"collection":[{"href":"https:\/\/www.irdin.org.br\/site\/wp-json\/wp\/v2\/product"}],"about":[{"href":"https:\/\/www.irdin.org.br\/site\/wp-json\/wp\/v2\/types\/product"}],"version-history":[{"count":1,"href":"https:\/\/www.irdin.org.br\/site\/wp-json\/wp\/v2\/product\/84644\/revisions"}],"predecessor-version":[{"id":107359,"href":"https:\/\/www.irdin.org.br\/site\/wp-json\/wp\/v2\/product\/84644\/revisions\/107359"}],"wp:featuredmedia":[{"embeddable":true,"href":"https:\/\/www.irdin.org.br\/site\/wp-json\/wp\/v2\/media\/37803"}],"wp:attachment":[{"href":"https:\/\/www.irdin.org.br\/site\/wp-json\/wp\/v2\/media?parent=84644"}],"wp:term":[{"taxonomy":"product_brand","embeddable":true,"href":"https:\/\/www.irdin.org.br\/site\/wp-json\/wp\/v2\/product_brand?post=84644"},{"taxonomy":"product_cat","embeddable":true,"href":"https:\/\/www.irdin.org.br\/site\/wp-json\/wp\/v2\/product_cat?post=84644"},{"taxonomy":"product_tag","embeddable":true,"href":"https:\/\/www.irdin.org.br\/site\/wp-json\/wp\/v2\/product_tag?post=84644"}],"curies":[{"name":"wp","href":"https:\/\/api.w.org\/{rel}","templated":true}]}}

<p><em>Serão os animais só o que pensamos deles? É importante ampliarmos nossa visão e ajudá-los a evoluir, tendo em conta que por nosso intermédio eles podem receber energia espiritual.</em></p>
<p>&nbsp;<br />
<strong>Ouça agora:</strong></p>
<p><span data-href="https://www.irdin.org.br/site/envios/audios/0014_0255__por_por__os_animais_e_o_homem.mp3" data-title="os animais e o homem" data-rel="" data-target="" data-meta="#fap-meta-69f1a0a1e76e5" class="fap-single-track fap-track-button fap-play-button" data-enqueue="no" data-autoenqueue="no" title="os animais e o homem"><span class="fap-icon-play"></span>Ouvir</span> <a href="https://www.irdin.org.br/site/envios/audios/0014_0255__por_por__os_animais_e_o_homem.mp3" class="baixar" download><span class="fa fa-arrow-down"></span>Baixar</span></a> <span class="textobaixar"> os animais e o homem</span></p>
<p>&nbsp;</p>

<p>Serão os animais só o que pensamos deles? É importante ampliarmos nossa visão e ajudá-los a evoluir, tendo em conta</p>
