{"id":84661,"date":"2018-04-26T18:42:33","date_gmt":"2018-04-26T18:42:33","guid":{"rendered":"http:\/\/www.irdin.org.br\/site\/produto\/les-couleurs-pour-liberer-letre-et-le-guerir\/"},"modified":"2024-09-23T01:11:39","modified_gmt":"2024-09-23T01:11:39","slug":"les-couleurs-pour-liberer-letre-et-le-guerir","status":"publish","type":"product","link":"https:\/\/www.irdin.org.br\/site\/produtos\/les-couleurs-pour-liberer-letre-et-le-guerir\/","title":{"rendered":"Les couleurs pour lib\u00e9rer l\u00b4\u00eatre et le gu\u00e9rir"},"content":{"rendered":"<p><em>La visualisation de sept couleurs d\u00e9termin\u00e9es peut avoir un vaste effet curatif: la pens\u00e9e devient plus subtile, la parole vibre diff\u00e9remment, la s\u00e9r\u00e9nit\u00e9 et l\u00b4amour s\u00b4installent et nous apprenons \u00e0 mieux utiliser nos \u00e9nergies.<\/em><\/p>\n<p><strong>Ou\u00e7a agora:<\/strong><\/p>\n<p><span data-href=\"https:\/\/www.irdin.org.br\/site\/envios\/audios\/0014_0271__por_fra__les_couleurs_pour_liberer_letre_et_le_guerir.mp3\" data-title=\"les couleurs pour lib\u00e9rer l\u00b4\u00eatre et le gu\u00e9rir\" data-rel=\"\" data-target=\"\" data-meta=\"#fap-meta-69f10a6077a81\" class=\"fap-single-track fap-track-button fap-play-button\" data-enqueue=\"no\" data-autoenqueue=\"no\" title=\"les couleurs pour lib\u00e9rer l\u00b4\u00eatre et le gu\u00e9rir\"><span class=\"fap-icon-play\"><\/span>Ouvir<\/span> <a class=\"baixar\" href=\"https:\/\/www.irdin.org.br\/site\/envios\/audios\/0014_0271__por_fra__les_couleurs_pour_liberer_letre_et_le_guerir.mp3\" download=\"\">Baixar<\/a> <span class=\"textobaixar\"> les couleurs pour lib\u00e9rer l\u00b4\u00eatre et le gu\u00e9rir<\/span><\/p>\n<p>&nbsp;<\/p>\n","protected":false},"excerpt":{"rendered":"<p>La visualisation de sept couleurs d\u00e9termin\u00e9es peut avoir un vaste effet curatif: la pens\u00e9e devient plus subtile, la parole vibre<\/p>\n","protected":false},"featured_media":37803,"template":"","meta":{"_acf_changed":false},"product_brand":[],"product_cat":[18076,33068],"product_tag":[42623],"class_list":{"0":"post-84661","1":"product","2":"type-product","3":"status-publish","4":"has-post-thumbnail","6":"product_cat-cddvd","7":"product_cat-palestras","8":"product_tag-42623","9":"pa_autor-trigueirinho","10":"pa_codigo-da-serie-32103","11":"pa_codigo-externo-00140271fracd","12":"pa_data-de-gravacao-19354","13":"pa_duracao-45-min","14":"pa_idioma-de-destino-frances","15":"pa_idioma-de-origem-outro","16":"pa_lancamento-no","17":"pa_midia-cd","18":"pa_moac-42622","19":"pa_quantidade-de-saldo-33067","20":"pa_sequencial-da-serie-32561","21":"pa_tipo-de-traducao-nao-classificado","23":"first","24":"outofstock","25":"product-type-simple"},"acf":[],"_links":{"self":[{"href":"https:\/\/www.irdin.org.br\/site\/wp-json\/wp\/v2\/product\/84661","targetHints":{"allow":["GET"]}}],"collection":[{"href":"https:\/\/www.irdin.org.br\/site\/wp-json\/wp\/v2\/product"}],"about":[{"href":"https:\/\/www.irdin.org.br\/site\/wp-json\/wp\/v2\/types\/product"}],"version-history":[{"count":1,"href":"https:\/\/www.irdin.org.br\/site\/wp-json\/wp\/v2\/product\/84661\/revisions"}],"predecessor-version":[{"id":107336,"href":"https:\/\/www.irdin.org.br\/site\/wp-json\/wp\/v2\/product\/84661\/revisions\/107336"}],"wp:featuredmedia":[{"embeddable":true,"href":"https:\/\/www.irdin.org.br\/site\/wp-json\/wp\/v2\/media\/37803"}],"wp:attachment":[{"href":"https:\/\/www.irdin.org.br\/site\/wp-json\/wp\/v2\/media?parent=84661"}],"wp:term":[{"taxonomy":"product_brand","embeddable":true,"href":"https:\/\/www.irdin.org.br\/site\/wp-json\/wp\/v2\/product_brand?post=84661"},{"taxonomy":"product_cat","embeddable":true,"href":"https:\/\/www.irdin.org.br\/site\/wp-json\/wp\/v2\/product_cat?post=84661"},{"taxonomy":"product_tag","embeddable":true,"href":"https:\/\/www.irdin.org.br\/site\/wp-json\/wp\/v2\/product_tag?post=84661"}],"curies":[{"name":"wp","href":"https:\/\/api.w.org\/{rel}","templated":true}]}}

Les couleurs pour libérer l´être et le guérir

<p><em>La visualisation de sept couleurs déterminées peut avoir un vaste effet curatif: la pensée devient plus subtile, la parole vibre différemment, la sérénité et l´amour s´installent et nous apprenons à mieux utiliser nos énergies.</em></p>
<p><strong>Ouça agora:</strong></p>
<p><span data-href="https://www.irdin.org.br/site/envios/audios/0014_0271__por_fra__les_couleurs_pour_liberer_letre_et_le_guerir.mp3" data-title="les couleurs pour libérer l´être et le guérir" data-rel="" data-target="" data-meta="#fap-meta-69f10a6077a81" class="fap-single-track fap-track-button fap-play-button" data-enqueue="no" data-autoenqueue="no" title="les couleurs pour libérer l´être et le guérir"><span class="fap-icon-play"></span>Ouvir</span> <a class="baixar" href="https://www.irdin.org.br/site/envios/audios/0014_0271__por_fra__les_couleurs_pour_liberer_letre_et_le_guerir.mp3" download="">Baixar</a> <span class="textobaixar"> les couleurs pour libérer l´être et le guérir</span></p>
<p>&nbsp;</p>

<p>La visualisation de sept couleurs déterminées peut avoir un vaste effet curatif: la pensée devient plus subtile, la parole vibre</p>
