{"id":84697,"date":"2018-04-26T18:42:56","date_gmt":"2018-04-26T18:42:56","guid":{"rendered":"http:\/\/www.irdin.org.br\/site\/produto\/tempo-de-mudancas-2a-parte\/"},"modified":"2024-09-23T01:10:23","modified_gmt":"2024-09-23T01:10:23","slug":"tempo-de-mudancas-2a-parte","status":"publish","type":"product","link":"https:\/\/www.irdin.org.br\/site\/produtos\/tempo-de-mudancas-2a-parte\/","title":{"rendered":"Tempo de mudan\u00e7as &#8211; 2\u00aa parte"},"content":{"rendered":"<p><em>A Energia \u00danica est\u00e1 levando a Terra a uma nova expans\u00e3o de consci\u00eancia. Nenhuma de nossas c\u00e9lulas ficar\u00e1 fora dessa grande mudan\u00e7a. Com o novo c\u00f3digo gen\u00e9tico implantado, j\u00e1 podemos reconhecer e seguir os impulsos da Irmandade c\u00f3smica.<\/em><\/p>\n<p>&nbsp;<br \/>\n<strong>Ou\u00e7a agora:<\/strong><\/p>\n<p><span data-href=\"https:\/\/www.irdin.org.br\/site\/envios\/audios\/0014_0310__por_por__tempo_de_mudancas_2_parte.mp3\" data-title=\"tempo de mudan\u00e7as - 2\u00aa parte\" data-rel=\"\" data-target=\"\" data-meta=\"#fap-meta-69f22956a2677\" class=\"fap-single-track fap-track-button fap-play-button\" data-enqueue=\"no\" data-autoenqueue=\"no\" title=\"tempo de mudan\u00e7as - 2\u00aa parte\"><span class=\"fap-icon-play\"><\/span>Ouvir<\/span> <a href=\"https:\/\/www.irdin.org.br\/site\/envios\/audios\/0014_0310__por_por__tempo_de_mudancas_2_parte.mp3\" class=\"baixar\" download><span class=\"fa fa-arrow-down\"><\/span>Baixar<\/span><\/a> <span class=\"textobaixar\"> tempo de mudan\u00e7as &#8211; 2\u00aa parte<\/span><\/p>\n<p>&nbsp;<\/p>\n","protected":false},"excerpt":{"rendered":"<p>A Energia \u00danica est\u00e1 levando a Terra a uma nova expans\u00e3o de consci\u00eancia. Nenhuma de nossas c\u00e9lulas ficar\u00e1 fora dessa<\/p>\n","protected":false},"featured_media":37803,"template":"","meta":{"_acf_changed":false},"product_brand":[],"product_cat":[18076,33068],"product_tag":[42693],"class_list":{"0":"post-84697","1":"product","2":"type-product","3":"status-publish","4":"has-post-thumbnail","6":"product_cat-cddvd","7":"product_cat-palestras","8":"product_tag-42693","9":"pa_autor-trigueirinho","10":"pa_codigo-da-serie-32103","11":"pa_codigo-externo-00140310porcd","12":"pa_data-de-gravacao-19516","13":"pa_duracao-40min","14":"pa_idioma-de-destino-portugues","15":"pa_idioma-de-origem-portugues","16":"pa_lancamento-no","17":"pa_midia-cd","18":"pa_moac-42692","19":"pa_quantidade-de-saldo-33067","20":"pa_sequencial-da-serie-32642","21":"pa_tipo-de-traducao-nao-classificado","23":"first","24":"outofstock","25":"product-type-simple"},"acf":[],"_links":{"self":[{"href":"https:\/\/www.irdin.org.br\/site\/wp-json\/wp\/v2\/product\/84697","targetHints":{"allow":["GET"]}}],"collection":[{"href":"https:\/\/www.irdin.org.br\/site\/wp-json\/wp\/v2\/product"}],"about":[{"href":"https:\/\/www.irdin.org.br\/site\/wp-json\/wp\/v2\/types\/product"}],"version-history":[{"count":1,"href":"https:\/\/www.irdin.org.br\/site\/wp-json\/wp\/v2\/product\/84697\/revisions"}],"predecessor-version":[{"id":107332,"href":"https:\/\/www.irdin.org.br\/site\/wp-json\/wp\/v2\/product\/84697\/revisions\/107332"}],"wp:featuredmedia":[{"embeddable":true,"href":"https:\/\/www.irdin.org.br\/site\/wp-json\/wp\/v2\/media\/37803"}],"wp:attachment":[{"href":"https:\/\/www.irdin.org.br\/site\/wp-json\/wp\/v2\/media?parent=84697"}],"wp:term":[{"taxonomy":"product_brand","embeddable":true,"href":"https:\/\/www.irdin.org.br\/site\/wp-json\/wp\/v2\/product_brand?post=84697"},{"taxonomy":"product_cat","embeddable":true,"href":"https:\/\/www.irdin.org.br\/site\/wp-json\/wp\/v2\/product_cat?post=84697"},{"taxonomy":"product_tag","embeddable":true,"href":"https:\/\/www.irdin.org.br\/site\/wp-json\/wp\/v2\/product_tag?post=84697"}],"curies":[{"name":"wp","href":"https:\/\/api.w.org\/{rel}","templated":true}]}}

Tempo de mudanças &#8211; 2ª parte

<p><em>A Energia Única está levando a Terra a uma nova expansão de consciência. Nenhuma de nossas células ficará fora dessa grande mudança. Com o novo código genético implantado, já podemos reconhecer e seguir os impulsos da Irmandade cósmica.</em></p>
<p>&nbsp;<br />
<strong>Ouça agora:</strong></p>
<p><span data-href="https://www.irdin.org.br/site/envios/audios/0014_0310__por_por__tempo_de_mudancas_2_parte.mp3" data-title="tempo de mudanças - 2ª parte" data-rel="" data-target="" data-meta="#fap-meta-69f22956a2677" class="fap-single-track fap-track-button fap-play-button" data-enqueue="no" data-autoenqueue="no" title="tempo de mudanças - 2ª parte"><span class="fap-icon-play"></span>Ouvir</span> <a href="https://www.irdin.org.br/site/envios/audios/0014_0310__por_por__tempo_de_mudancas_2_parte.mp3" class="baixar" download><span class="fa fa-arrow-down"></span>Baixar</span></a> <span class="textobaixar"> tempo de mudanças &#8211; 2ª parte</span></p>
<p>&nbsp;</p>

<p>A Energia Única está levando a Terra a uma nova expansão de consciência. Nenhuma de nossas células ficará fora dessa</p>
