{"id":84709,"date":"2018-04-26T18:43:19","date_gmt":"2018-04-26T18:43:19","guid":{"rendered":"http:\/\/www.irdin.org.br\/site\/produto\/o-eterno-trabalho-com-a-consciencia\/"},"modified":"2024-09-23T00:23:51","modified_gmt":"2024-09-23T00:23:51","slug":"o-eterno-trabalho-com-a-consciencia","status":"publish","type":"product","link":"https:\/\/www.irdin.org.br\/site\/produtos\/o-eterno-trabalho-com-a-consciencia\/","title":{"rendered":"O eterno trabalho com a consci\u00eancia"},"content":{"rendered":"<p><em>Temos hoje fortes impulsos das Hierarquias Espirituais para deixar a pris\u00e3o da consci\u00eancia humana comum e alcan\u00e7ar a consci\u00eancia mon\u00e1stica. Esta sintetiza ra\u00e7as humanas planet\u00e1rias e extraplanet\u00e1rias e nos permite prestar servi\u00e7os mais amplos.<\/em><\/p>\n<p>&nbsp;<br \/>\n<strong>Ou\u00e7a agora:<\/strong><\/p>\n<p><span data-href=\"https:\/\/www.irdin.org.br\/site\/envios\/audios\/0014_0326__por_por__o_eterno_trabalho_com_a_consciencia.mp3\" data-title=\"o eterno trabalho com a consci\u00eancia\" data-rel=\"\" data-target=\"\" data-meta=\"#fap-meta-69f5d75a25a45\" class=\"fap-single-track fap-track-button fap-play-button\" data-enqueue=\"no\" data-autoenqueue=\"no\" title=\"o eterno trabalho com a consci\u00eancia\"><span class=\"fap-icon-play\"><\/span>Ouvir<\/span> <a href=\"https:\/\/www.irdin.org.br\/site\/envios\/audios\/0014_0326__por_por__o_eterno_trabalho_com_a_consciencia.mp3\" class=\"baixar\" download><span class=\"fa fa-arrow-down\"><\/span>Baixar<\/span><\/a> <span class=\"textobaixar\"> o eterno trabalho com a consci\u00eancia<\/span><\/p>\n<p>&nbsp;<\/p>\n","protected":false},"excerpt":{"rendered":"<p>Temos hoje fortes impulsos das Hierarquias Espirituais para deixar a pris\u00e3o da consci\u00eancia humana comum e alcan\u00e7ar a consci\u00eancia mon\u00e1stica.<\/p>\n","protected":false},"featured_media":37803,"template":"","meta":{"_acf_changed":false},"product_brand":[],"product_cat":[18076,33068],"product_tag":[42717],"class_list":{"0":"post-84709","1":"product","2":"type-product","3":"status-publish","4":"has-post-thumbnail","6":"product_cat-cddvd","7":"product_cat-palestras","8":"product_tag-42717","9":"pa_autor-trigueirinho","10":"pa_codigo-da-serie-32103","11":"pa_codigo-externo-00140326porcd","12":"pa_data-de-gravacao-19582","13":"pa_duracao-49min","14":"pa_idioma-de-destino-portugues","15":"pa_idioma-de-origem-portugues","16":"pa_lancamento-no","17":"pa_midia-cd","18":"pa_moac-42716","19":"pa_quantidade-de-saldo-33067","20":"pa_sequencial-da-serie-31989","21":"pa_tipo-de-traducao-nao-classificado","23":"first","24":"outofstock","25":"product-type-simple"},"acf":[],"_links":{"self":[{"href":"https:\/\/www.irdin.org.br\/site\/wp-json\/wp\/v2\/product\/84709","targetHints":{"allow":["GET"]}}],"collection":[{"href":"https:\/\/www.irdin.org.br\/site\/wp-json\/wp\/v2\/product"}],"about":[{"href":"https:\/\/www.irdin.org.br\/site\/wp-json\/wp\/v2\/types\/product"}],"version-history":[{"count":1,"href":"https:\/\/www.irdin.org.br\/site\/wp-json\/wp\/v2\/product\/84709\/revisions"}],"predecessor-version":[{"id":107304,"href":"https:\/\/www.irdin.org.br\/site\/wp-json\/wp\/v2\/product\/84709\/revisions\/107304"}],"wp:featuredmedia":[{"embeddable":true,"href":"https:\/\/www.irdin.org.br\/site\/wp-json\/wp\/v2\/media\/37803"}],"wp:attachment":[{"href":"https:\/\/www.irdin.org.br\/site\/wp-json\/wp\/v2\/media?parent=84709"}],"wp:term":[{"taxonomy":"product_brand","embeddable":true,"href":"https:\/\/www.irdin.org.br\/site\/wp-json\/wp\/v2\/product_brand?post=84709"},{"taxonomy":"product_cat","embeddable":true,"href":"https:\/\/www.irdin.org.br\/site\/wp-json\/wp\/v2\/product_cat?post=84709"},{"taxonomy":"product_tag","embeddable":true,"href":"https:\/\/www.irdin.org.br\/site\/wp-json\/wp\/v2\/product_tag?post=84709"}],"curies":[{"name":"wp","href":"https:\/\/api.w.org\/{rel}","templated":true}]}}

O eterno trabalho com a consciência

<p><em>Temos hoje fortes impulsos das Hierarquias Espirituais para deixar a prisão da consciência humana comum e alcançar a consciência monástica. Esta sintetiza raças humanas planetárias e extraplanetárias e nos permite prestar serviços mais amplos.</em></p>
<p>&nbsp;<br />
<strong>Ouça agora:</strong></p>
<p><span data-href="https://www.irdin.org.br/site/envios/audios/0014_0326__por_por__o_eterno_trabalho_com_a_consciencia.mp3" data-title="o eterno trabalho com a consciência" data-rel="" data-target="" data-meta="#fap-meta-69f5d75a25a45" class="fap-single-track fap-track-button fap-play-button" data-enqueue="no" data-autoenqueue="no" title="o eterno trabalho com a consciência"><span class="fap-icon-play"></span>Ouvir</span> <a href="https://www.irdin.org.br/site/envios/audios/0014_0326__por_por__o_eterno_trabalho_com_a_consciencia.mp3" class="baixar" download><span class="fa fa-arrow-down"></span>Baixar</span></a> <span class="textobaixar"> o eterno trabalho com a consciência</span></p>
<p>&nbsp;</p>

<p>Temos hoje fortes impulsos das Hierarquias Espirituais para deixar a prisão da consciência humana comum e alcançar a consciência monástica.</p>
