{"id":84728,"date":"2018-04-26T18:43:43","date_gmt":"2018-04-26T18:43:43","guid":{"rendered":"http:\/\/www.irdin.org.br\/site\/produto\/faces-do-templo-de-ibez-com-o-cantico-templo-de-consagracao-pelos-corais\/"},"modified":"2024-09-23T00:17:14","modified_gmt":"2024-09-23T00:17:14","slug":"faces-do-templo-de-ibez-com-o-cantico-templo-de-consagracao-pelos-corais","status":"publish","type":"product","link":"https:\/\/www.irdin.org.br\/site\/produtos\/faces-do-templo-de-ibez-com-o-cantico-templo-de-consagracao-pelos-corais\/","title":{"rendered":"Faces do Templo de Ibez &#8211; Com o c\u00e2ntico &#8220;Templo de Consagra\u00e7\u00e3o&#8221; pelos corais"},"content":{"rendered":"<p><em>Sons e c\u00e2nticos inspirados favorecem a eleva\u00e7\u00e3o da consci\u00eancia e a sintonia com templos internos, como o de Ibez. Reunir os conhecimentos obtidos a partir desses contatos, empreg\u00e1-los na vida externa e assim unir as dimens\u00f5es.<\/em><\/p>\n<p>&nbsp;<br \/>\n<strong>Ou\u00e7a agora:<\/strong><\/p>\n<p><span data-href=\"https:\/\/www.irdin.org.br\/site\/envios\/audios\/0014_0346__por_por__faces_do_templo_de_ibez.mp3\" data-title=\"faces do templo de ibez - com o c\u00e2ntico \u00b4templo de consagra\u00e7\u00e3o\u00b4 pelos corais\" data-rel=\"\" data-target=\"\" data-meta=\"#fap-meta-6a036a91cc6aa\" class=\"fap-single-track fap-track-button fap-play-button\" data-enqueue=\"no\" data-autoenqueue=\"no\" title=\"faces do templo de ibez - com o c\u00e2ntico \u00b4templo de consagra\u00e7\u00e3o\u00b4 pelos corais\"><span class=\"fap-icon-play\"><\/span>Ouvir<\/span> <a href=\"https:\/\/www.irdin.org.br\/site\/envios\/audios\/0014_0346__por_por__faces_do_templo_de_ibez.mp3\" class=\"baixar\" download><span class=\"fa fa-arrow-down\"><\/span>Baixar<\/span><\/a> <span class=\"textobaixar\"> faces do templo de ibez &#8211; com o c\u00e2ntico \u00b4templo de consagra\u00e7\u00e3o\u00b4 pelos corais<\/span><\/p>\n<p>&nbsp;<\/p>\n","protected":false},"excerpt":{"rendered":"<p>Sons e c\u00e2nticos inspirados favorecem a eleva\u00e7\u00e3o da consci\u00eancia e a sintonia com templos internos, como o de Ibez. Reunir<\/p>\n","protected":false},"featured_media":37803,"template":"","meta":{"_acf_changed":false},"product_brand":[],"product_cat":[18076,33068],"product_tag":[42755],"class_list":{"0":"post-84728","1":"product","2":"type-product","3":"status-publish","4":"has-post-thumbnail","6":"product_cat-cddvd","7":"product_cat-palestras","8":"product_tag-42755","9":"pa_autor-trigueirinho","10":"pa_codigo-da-serie-32103","11":"pa_codigo-externo-00140346porcd","12":"pa_data-de-gravacao-19675","13":"pa_duracao-60min18s","14":"pa_idioma-de-destino-portugues","15":"pa_idioma-de-origem-portugues","16":"pa_lancamento-no","17":"pa_midia-cd","18":"pa_moac-42754","19":"pa_quantidade-de-saldo-33067","20":"pa_sequencial-da-serie-32009","21":"pa_tipo-de-traducao-nao-classificado","23":"first","24":"outofstock","25":"product-type-simple"},"acf":[],"_links":{"self":[{"href":"https:\/\/www.irdin.org.br\/site\/wp-json\/wp\/v2\/product\/84728","targetHints":{"allow":["GET"]}}],"collection":[{"href":"https:\/\/www.irdin.org.br\/site\/wp-json\/wp\/v2\/product"}],"about":[{"href":"https:\/\/www.irdin.org.br\/site\/wp-json\/wp\/v2\/types\/product"}],"version-history":[{"count":1,"href":"https:\/\/www.irdin.org.br\/site\/wp-json\/wp\/v2\/product\/84728\/revisions"}],"predecessor-version":[{"id":107285,"href":"https:\/\/www.irdin.org.br\/site\/wp-json\/wp\/v2\/product\/84728\/revisions\/107285"}],"wp:featuredmedia":[{"embeddable":true,"href":"https:\/\/www.irdin.org.br\/site\/wp-json\/wp\/v2\/media\/37803"}],"wp:attachment":[{"href":"https:\/\/www.irdin.org.br\/site\/wp-json\/wp\/v2\/media?parent=84728"}],"wp:term":[{"taxonomy":"product_brand","embeddable":true,"href":"https:\/\/www.irdin.org.br\/site\/wp-json\/wp\/v2\/product_brand?post=84728"},{"taxonomy":"product_cat","embeddable":true,"href":"https:\/\/www.irdin.org.br\/site\/wp-json\/wp\/v2\/product_cat?post=84728"},{"taxonomy":"product_tag","embeddable":true,"href":"https:\/\/www.irdin.org.br\/site\/wp-json\/wp\/v2\/product_tag?post=84728"}],"curies":[{"name":"wp","href":"https:\/\/api.w.org\/{rel}","templated":true}]}}