{"id":84737,"date":"2018-04-26T18:43:43","date_gmt":"2018-04-26T18:43:43","guid":{"rendered":"http:\/\/www.irdin.org.br\/site\/produto\/uma-cruz-com-bracos-iguais\/"},"modified":"2024-09-23T00:18:35","modified_gmt":"2024-09-23T00:18:35","slug":"uma-cruz-com-bracos-iguais","status":"publish","type":"product","link":"https:\/\/www.irdin.org.br\/site\/produtos\/uma-cruz-com-bracos-iguais\/","title":{"rendered":"Uma cruz com bra\u00e7os iguais"},"content":{"rendered":"<p><em>A forma de uma cruz dos tempos de hoje e aspectos que cada um de seus bra\u00e7os representa no processo atual de crucifica\u00e7\u00e3o da humanidade.<\/em><\/p>\n<p>&nbsp;<br \/>\n<strong>Ou\u00e7a agora:<\/strong><\/p>\n<p><span data-href=\"https:\/\/www.irdin.org.br\/site\/envios\/audios\/0014_0355__por_por__uma_cruz_com_bracos_iguais.mp3\" data-title=\"uma cruz com bra\u00e7os iguais\" data-rel=\"\" data-target=\"\" data-meta=\"#fap-meta-69e4374dbaefb\" class=\"fap-single-track fap-track-button fap-play-button\" data-enqueue=\"no\" data-autoenqueue=\"no\" title=\"uma cruz com bra\u00e7os iguais\"><span class=\"fap-icon-play\"><\/span>Ouvir<\/span> <a href=\"https:\/\/www.irdin.org.br\/site\/envios\/audios\/0014_0355__por_por__uma_cruz_com_bracos_iguais.mp3\" class=\"baixar\" download><span class=\"fa fa-arrow-down\"><\/span>Baixar<\/span><\/a> <span class=\"textobaixar\"> uma cruz com bra\u00e7os iguais<\/span><\/p>\n<p>&nbsp;<\/p>\n","protected":false},"excerpt":{"rendered":"<p>A forma de uma cruz dos tempos de hoje e aspectos que cada um de seus bra\u00e7os representa no processo<\/p>\n","protected":false},"featured_media":37803,"template":"","meta":{"_acf_changed":false},"product_brand":[],"product_cat":[18076,33068],"product_tag":[42773],"class_list":{"0":"post-84737","1":"product","2":"type-product","3":"status-publish","4":"has-post-thumbnail","6":"product_cat-cddvd","7":"product_cat-palestras","8":"product_tag-42773","9":"pa_autor-trigueirinho","10":"pa_codigo-da-serie-32103","11":"pa_codigo-externo-00140355porcd","12":"pa_data-de-gravacao-19720","13":"pa_duracao-31min02s","14":"pa_idioma-de-destino-portugues","15":"pa_idioma-de-origem-portugues","16":"pa_lancamento-no","17":"pa_midia-cd","18":"pa_moac-42772","19":"pa_quantidade-de-saldo-33067","20":"pa_sequencial-da-serie-32021","21":"pa_tipo-de-traducao-nao-classificado","23":"first","24":"outofstock","25":"product-type-simple"},"acf":[],"_links":{"self":[{"href":"https:\/\/www.irdin.org.br\/site\/wp-json\/wp\/v2\/product\/84737","targetHints":{"allow":["GET"]}}],"collection":[{"href":"https:\/\/www.irdin.org.br\/site\/wp-json\/wp\/v2\/product"}],"about":[{"href":"https:\/\/www.irdin.org.br\/site\/wp-json\/wp\/v2\/types\/product"}],"version-history":[{"count":1,"href":"https:\/\/www.irdin.org.br\/site\/wp-json\/wp\/v2\/product\/84737\/revisions"}],"predecessor-version":[{"id":107292,"href":"https:\/\/www.irdin.org.br\/site\/wp-json\/wp\/v2\/product\/84737\/revisions\/107292"}],"wp:featuredmedia":[{"embeddable":true,"href":"https:\/\/www.irdin.org.br\/site\/wp-json\/wp\/v2\/media\/37803"}],"wp:attachment":[{"href":"https:\/\/www.irdin.org.br\/site\/wp-json\/wp\/v2\/media?parent=84737"}],"wp:term":[{"taxonomy":"product_brand","embeddable":true,"href":"https:\/\/www.irdin.org.br\/site\/wp-json\/wp\/v2\/product_brand?post=84737"},{"taxonomy":"product_cat","embeddable":true,"href":"https:\/\/www.irdin.org.br\/site\/wp-json\/wp\/v2\/product_cat?post=84737"},{"taxonomy":"product_tag","embeddable":true,"href":"https:\/\/www.irdin.org.br\/site\/wp-json\/wp\/v2\/product_tag?post=84737"}],"curies":[{"name":"wp","href":"https:\/\/api.w.org\/{rel}","templated":true}]}}