{"id":84747,"date":"2018-04-26T18:44:06","date_gmt":"2018-04-26T18:44:06","guid":{"rendered":"http:\/\/www.irdin.org.br\/site\/produto\/a-proposito-de-2012-entrevista-para-radio-da-argentina\/"},"modified":"2024-09-22T23:56:04","modified_gmt":"2024-09-22T23:56:04","slug":"a-proposito-de-2012-entrevista-para-radio-da-argentina","status":"publish","type":"product","link":"https:\/\/www.irdin.org.br\/site\/produtos\/a-proposito-de-2012-entrevista-para-radio-da-argentina\/","title":{"rendered":"A prop\u00f3sito de 2012 &#8211; Entrevista para r\u00e1dio da Argentina"},"content":{"rendered":"<p><em>Transi\u00e7\u00e3o planet\u00e1ria \/ Passos que necessitamos dar hoje \/ Intui\u00e7\u00e3o e percep\u00e7\u00e3o na nova humanidade \/ Sil\u00eancio interior e o uso correto da palavra \/ Contato com n\u00edveis superiores de consci\u00eancia \/ Nossa colabora\u00e7\u00e3o no desenvolvimento dos reinos da Natureza \/ A ora\u00e7\u00e3o como \u00fanico instrumento para estes tempos de emerg\u00eancias<\/em><\/p>\n<p>&nbsp;<br \/>\n<strong>Ou\u00e7a agora:<\/strong><\/p>\n<p><span data-href=\"https:\/\/www.irdin.org.br\/site\/envios\/audios\/0014_0367__por_por__a_proposito_de_2012.mp3\" data-title=\"a prop\u00f3sito de 2012 - entrevista para r\u00e1dio da argentina\" data-rel=\"\" data-target=\"\" data-meta=\"#fap-meta-69edf221d5868\" class=\"fap-single-track fap-track-button fap-play-button\" data-enqueue=\"no\" data-autoenqueue=\"no\" title=\"a prop\u00f3sito de 2012 - entrevista para r\u00e1dio da argentina\"><span class=\"fap-icon-play\"><\/span>Ouvir<\/span> <a href=\"https:\/\/www.irdin.org.br\/site\/envios\/audios\/0014_0367__por_por__a_proposito_de_2012.mp3\" class=\"baixar\" download><span class=\"fa fa-arrow-down\"><\/span>Baixar<\/span><\/a> <span class=\"textobaixar\"> a prop\u00f3sito de 2012 &#8211; entrevista para r\u00e1dio da argentina<\/span><\/p>\n<p>&nbsp;<\/p>\n","protected":false},"excerpt":{"rendered":"<p>Transi\u00e7\u00e3o planet\u00e1ria \/ Passos que necessitamos dar hoje \/ Intui\u00e7\u00e3o e percep\u00e7\u00e3o na nova humanidade \/ Sil\u00eancio interior e o<\/p>\n","protected":false},"featured_media":37803,"template":"","meta":{"_acf_changed":false},"product_brand":[],"product_cat":[18076,33068],"product_tag":[42793],"class_list":{"0":"post-84747","1":"product","2":"type-product","3":"status-publish","4":"has-post-thumbnail","6":"product_cat-cddvd","7":"product_cat-palestras","8":"product_tag-42793","9":"pa_autor-trigueirinho","10":"pa_codigo-da-serie-32103","11":"pa_codigo-externo-00140367porcd","12":"pa_data-de-gravacao-19775","13":"pa_duracao-38min","14":"pa_idioma-de-destino-portugues","15":"pa_idioma-de-origem-portugues","16":"pa_lancamento-no","17":"pa_midia-cd","18":"pa_moac-42792","19":"pa_quantidade-de-saldo-33067","20":"pa_sequencial-da-serie-32037","21":"pa_tipo-de-traducao-nao-classificado","23":"first","24":"outofstock","25":"product-type-simple"},"acf":[],"_links":{"self":[{"href":"https:\/\/www.irdin.org.br\/site\/wp-json\/wp\/v2\/product\/84747","targetHints":{"allow":["GET"]}}],"collection":[{"href":"https:\/\/www.irdin.org.br\/site\/wp-json\/wp\/v2\/product"}],"about":[{"href":"https:\/\/www.irdin.org.br\/site\/wp-json\/wp\/v2\/types\/product"}],"version-history":[{"count":2,"href":"https:\/\/www.irdin.org.br\/site\/wp-json\/wp\/v2\/product\/84747\/revisions"}],"predecessor-version":[{"id":107262,"href":"https:\/\/www.irdin.org.br\/site\/wp-json\/wp\/v2\/product\/84747\/revisions\/107262"}],"wp:featuredmedia":[{"embeddable":true,"href":"https:\/\/www.irdin.org.br\/site\/wp-json\/wp\/v2\/media\/37803"}],"wp:attachment":[{"href":"https:\/\/www.irdin.org.br\/site\/wp-json\/wp\/v2\/media?parent=84747"}],"wp:term":[{"taxonomy":"product_brand","embeddable":true,"href":"https:\/\/www.irdin.org.br\/site\/wp-json\/wp\/v2\/product_brand?post=84747"},{"taxonomy":"product_cat","embeddable":true,"href":"https:\/\/www.irdin.org.br\/site\/wp-json\/wp\/v2\/product_cat?post=84747"},{"taxonomy":"product_tag","embeddable":true,"href":"https:\/\/www.irdin.org.br\/site\/wp-json\/wp\/v2\/product_tag?post=84747"}],"curies":[{"name":"wp","href":"https:\/\/api.w.org\/{rel}","templated":true}]}}

A propósito de 2012 &#8211; Entrevista para rádio da Argentina

<p><em>Transição planetária / Passos que necessitamos dar hoje / Intuição e percepção na nova humanidade / Silêncio interior e o uso correto da palavra / Contato com níveis superiores de consciência / Nossa colaboração no desenvolvimento dos reinos da Natureza / A oração como único instrumento para estes tempos de emergências</em></p>
<p>&nbsp;<br />
<strong>Ouça agora:</strong></p>
<p><span data-href="https://www.irdin.org.br/site/envios/audios/0014_0367__por_por__a_proposito_de_2012.mp3" data-title="a propósito de 2012 - entrevista para rádio da argentina" data-rel="" data-target="" data-meta="#fap-meta-69edf221d5868" class="fap-single-track fap-track-button fap-play-button" data-enqueue="no" data-autoenqueue="no" title="a propósito de 2012 - entrevista para rádio da argentina"><span class="fap-icon-play"></span>Ouvir</span> <a href="https://www.irdin.org.br/site/envios/audios/0014_0367__por_por__a_proposito_de_2012.mp3" class="baixar" download><span class="fa fa-arrow-down"></span>Baixar</span></a> <span class="textobaixar"> a propósito de 2012 &#8211; entrevista para rádio da argentina</span></p>
<p>&nbsp;</p>

<p>Transição planetária / Passos que necessitamos dar hoje / Intuição e percepção na nova humanidade / Silêncio interior e o</p>
