{"id":84752,"date":"2018-04-26T18:44:06","date_gmt":"2018-04-26T18:44:06","guid":{"rendered":"http:\/\/www.irdin.org.br\/site\/produto\/coloquios-adultos\/"},"modified":"2024-09-22T23:57:01","modified_gmt":"2024-09-22T23:57:01","slug":"coloquios-adultos","status":"publish","type":"product","link":"https:\/\/www.irdin.org.br\/site\/produtos\/coloquios-adultos\/","title":{"rendered":"Col\u00f3quios adultos"},"content":{"rendered":"<p><em>Temas tratados neste CD: Encarna\u00e7\u00f5es de repouso, \u00e1tomos permanentes, rela\u00e7\u00f5es com devas, Lis e a imortalidade, sentido superior do sacrif\u00edcio, o papel do sangue derramado por Cristo, as tarefas de um Centro Planet\u00e1rio durante a transi\u00e7\u00e3o da Terra e o conceito superior de justi\u00e7a 4100 ;2802\/5\/Pt \/CD ;O despertar da mente, da alma e da m\u00f4nada segundo Mishuk \/ Vida dos seres em Mirna Jad: cura, instru\u00e7\u00e3o e sacerd\u00f3cio \/ O sil\u00eancio, qualidade imprescind\u00edvel para o ingresso no Reino \/ Declara\u00e7\u00e3o de Paz e Consci\u00eancia Fraterna segundo Amhaj e Antuakh e a energia mariana presente nos Centros Planet\u00e1rios \u00b4\u00b4<\/em><\/p>\n<p>&nbsp;<br \/>\n<strong>Ou\u00e7a agora:<\/strong><\/p>\n<p><span data-href=\"https:\/\/www.irdin.org.br\/site\/envios\/audios\/0014_0372__por_por__coloquios_adultos.mp3\" data-title=\"col\u00f3quios adultos\" data-rel=\"\" data-target=\"\" data-meta=\"#fap-meta-69e2bf7942c1b\" class=\"fap-single-track fap-track-button fap-play-button\" data-enqueue=\"no\" data-autoenqueue=\"no\" title=\"col\u00f3quios adultos\"><span class=\"fap-icon-play\"><\/span>Ouvir<\/span> <a href=\"https:\/\/www.irdin.org.br\/site\/envios\/audios\/0014_0372__por_por__coloquios_adultos.mp3\" class=\"baixar\" download><span class=\"fa fa-arrow-down\"><\/span>Baixar<\/span><\/a> <span class=\"textobaixar\"> col\u00f3quios adultos<\/span><\/p>\n<p>&nbsp;<\/p>\n","protected":false},"excerpt":{"rendered":"<p>Temas tratados neste CD: Encarna\u00e7\u00f5es de repouso, \u00e1tomos permanentes, rela\u00e7\u00f5es com devas, Lis e a imortalidade, sentido superior do sacrif\u00edcio,<\/p>\n","protected":false},"featured_media":37803,"template":"","meta":{"_acf_changed":false},"product_brand":[],"product_cat":[18076,33068],"product_tag":[42803],"class_list":{"0":"post-84752","1":"product","2":"type-product","3":"status-publish","4":"has-post-thumbnail","6":"product_cat-cddvd","7":"product_cat-palestras","8":"product_tag-42803","9":"pa_autor-trigueirinho","10":"pa_codigo-da-serie-32103","11":"pa_codigo-externo-00140372porcd","12":"pa_data-de-gravacao-19795","13":"pa_duracao-30min","14":"pa_idioma-de-destino-portugues","15":"pa_idioma-de-origem-portugues","16":"pa_lancamento-no","17":"pa_midia-cd","18":"pa_moac-42802","19":"pa_quantidade-de-saldo-33067","20":"pa_sequencial-da-serie-32043","21":"pa_tipo-de-traducao-nao-classificado","23":"first","24":"outofstock","25":"product-type-simple"},"acf":[],"_links":{"self":[{"href":"https:\/\/www.irdin.org.br\/site\/wp-json\/wp\/v2\/product\/84752","targetHints":{"allow":["GET"]}}],"collection":[{"href":"https:\/\/www.irdin.org.br\/site\/wp-json\/wp\/v2\/product"}],"about":[{"href":"https:\/\/www.irdin.org.br\/site\/wp-json\/wp\/v2\/types\/product"}],"version-history":[{"count":1,"href":"https:\/\/www.irdin.org.br\/site\/wp-json\/wp\/v2\/product\/84752\/revisions"}],"predecessor-version":[{"id":107267,"href":"https:\/\/www.irdin.org.br\/site\/wp-json\/wp\/v2\/product\/84752\/revisions\/107267"}],"wp:featuredmedia":[{"embeddable":true,"href":"https:\/\/www.irdin.org.br\/site\/wp-json\/wp\/v2\/media\/37803"}],"wp:attachment":[{"href":"https:\/\/www.irdin.org.br\/site\/wp-json\/wp\/v2\/media?parent=84752"}],"wp:term":[{"taxonomy":"product_brand","embeddable":true,"href":"https:\/\/www.irdin.org.br\/site\/wp-json\/wp\/v2\/product_brand?post=84752"},{"taxonomy":"product_cat","embeddable":true,"href":"https:\/\/www.irdin.org.br\/site\/wp-json\/wp\/v2\/product_cat?post=84752"},{"taxonomy":"product_tag","embeddable":true,"href":"https:\/\/www.irdin.org.br\/site\/wp-json\/wp\/v2\/product_tag?post=84752"}],"curies":[{"name":"wp","href":"https:\/\/api.w.org\/{rel}","templated":true}]}}