{"id":84778,"date":"2018-04-26T18:44:52","date_gmt":"2018-04-26T18:44:52","guid":{"rendered":"http:\/\/www.irdin.org.br\/site\/produto\/trabalho-carmico-no-nucleo-sohin-cultivar-a-presenca-do-mundo-interior\/"},"modified":"2024-09-09T03:46:20","modified_gmt":"2024-09-09T03:46:20","slug":"trabalho-carmico-no-nucleo-sohin-cultivar-a-presenca-do-mundo-interior","status":"publish","type":"product","link":"https:\/\/www.irdin.org.br\/site\/produtos\/trabalho-carmico-no-nucleo-sohin-cultivar-a-presenca-do-mundo-interior\/","title":{"rendered":"Trabalho c\u00e1rmico no N\u00facleo Sohin | Cultivar a presen\u00e7a do mundo interior"},"content":{"rendered":"<p><em>A busca da uni\u00e3o da m\u00f4nada e da alma com a personalidade integrada. \/ A percep\u00e7\u00e3o constante da realidade maior.<\/em><\/p>\n<p>&nbsp;<br \/>\n<strong>Ou\u00e7a agora:<\/strong><\/p>\n<p><span data-href=\"https:\/\/www.irdin.org.br\/site\/envios\/audios\/0018_0007__por_por__trabalho_carmico_no_nucleo_sohin_cultivar_a_presenca_do_mundo_interior.mp3\" data-title=\"trabalho c\u00e1rmico no n\u00facleo sohin | cultivar a presen\u00e7a do mundo interior\" data-rel=\"\" data-target=\"\" data-meta=\"#fap-meta-69f885c36d323\" class=\"fap-single-track fap-track-button fap-play-button\" data-enqueue=\"no\" data-autoenqueue=\"no\" title=\"trabalho c\u00e1rmico no n\u00facleo sohin | cultivar a presen\u00e7a do mundo interior\"><span class=\"fap-icon-play\"><\/span>Ouvir<\/span> <a href=\"https:\/\/www.irdin.org.br\/site\/envios\/audios\/0018_0007__por_por__trabalho_carmico_no_nucleo_sohin_cultivar_a_presenca_do_mundo_interior.mp3\" class=\"baixar\" download><span class=\"fa fa-arrow-down\"><\/span>Baixar<\/span><\/a> <span class=\"textobaixar\"> trabalho c\u00e1rmico no n\u00facleo sohin | cultivar a presen\u00e7a do mundo interior<\/span><\/p>\n<p>&nbsp;<\/p>\n","protected":false},"excerpt":{"rendered":"<p>A busca da uni\u00e3o da m\u00f4nada e da alma com a personalidade integrada. \/ A percep\u00e7\u00e3o constante da realidade maior.<\/p>\n","protected":false},"featured_media":37803,"template":"","meta":{"_acf_changed":false},"product_brand":[],"product_cat":[18076,33068],"product_tag":[42855],"class_list":{"0":"post-84778","1":"product","2":"type-product","3":"status-publish","4":"has-post-thumbnail","6":"product_cat-cddvd","7":"product_cat-palestras","8":"product_tag-42855","9":"pa_autor-trigueirinho","10":"pa_codigo-da-serie-32753","11":"pa_codigo-externo-00180007porcd","12":"pa_data-de-gravacao-19882","13":"pa_duracao-43min24s","14":"pa_idioma-de-destino-portugues","15":"pa_idioma-de-origem-portugues","16":"pa_lancamento-no","17":"pa_midia-cd","18":"pa_moac-42854","19":"pa_quantidade-de-saldo-33067","20":"pa_sequencial-da-serie-31883","21":"pa_tipo-de-traducao-nao-classificado","23":"first","24":"outofstock","25":"product-type-simple"},"acf":[],"_links":{"self":[{"href":"https:\/\/www.irdin.org.br\/site\/wp-json\/wp\/v2\/product\/84778","targetHints":{"allow":["GET"]}}],"collection":[{"href":"https:\/\/www.irdin.org.br\/site\/wp-json\/wp\/v2\/product"}],"about":[{"href":"https:\/\/www.irdin.org.br\/site\/wp-json\/wp\/v2\/types\/product"}],"version-history":[{"count":1,"href":"https:\/\/www.irdin.org.br\/site\/wp-json\/wp\/v2\/product\/84778\/revisions"}],"predecessor-version":[{"id":107174,"href":"https:\/\/www.irdin.org.br\/site\/wp-json\/wp\/v2\/product\/84778\/revisions\/107174"}],"wp:featuredmedia":[{"embeddable":true,"href":"https:\/\/www.irdin.org.br\/site\/wp-json\/wp\/v2\/media\/37803"}],"wp:attachment":[{"href":"https:\/\/www.irdin.org.br\/site\/wp-json\/wp\/v2\/media?parent=84778"}],"wp:term":[{"taxonomy":"product_brand","embeddable":true,"href":"https:\/\/www.irdin.org.br\/site\/wp-json\/wp\/v2\/product_brand?post=84778"},{"taxonomy":"product_cat","embeddable":true,"href":"https:\/\/www.irdin.org.br\/site\/wp-json\/wp\/v2\/product_cat?post=84778"},{"taxonomy":"product_tag","embeddable":true,"href":"https:\/\/www.irdin.org.br\/site\/wp-json\/wp\/v2\/product_tag?post=84778"}],"curies":[{"name":"wp","href":"https:\/\/api.w.org\/{rel}","templated":true}]}}