{"id":84806,"date":"2018-04-26T18:45:15","date_gmt":"2018-04-26T18:45:15","guid":{"rendered":"http:\/\/www.irdin.org.br\/site\/produto\/a-cura-extraterrestre\/"},"modified":"2025-07-12T22:12:48","modified_gmt":"2025-07-13T01:12:48","slug":"a-cura-extraterrestre","status":"publish","type":"product","link":"https:\/\/www.irdin.org.br\/site\/produtos\/a-cura-extraterrestre\/","title":{"rendered":"A cura extraterrestre"},"content":{"rendered":"<p><em>Em que condi\u00e7\u00f5es a mente se rende ao cora\u00e7\u00e3o e ingressamos na escola da cura?<\/em><\/p>\n<p>&nbsp;<br \/>\n<strong>Ou\u00e7a agora:<\/strong><\/p>\n<p><span data-href=\"https:\/\/www.irdin.org.br\/site\/envios\/audios\/0009_0004__por_por__a_cura_extraterrestre.mp3\" data-title=\"a cura extraterrestre\" data-rel=\"\" data-target=\"\" data-meta=\"#fap-meta-69e55b54e3464\" class=\"fap-single-track fap-track-button fap-play-button\" data-enqueue=\"no\" data-autoenqueue=\"no\" title=\"a cura extraterrestre\"><span class=\"fap-icon-play\"><\/span>Ouvir<\/span> <a href=\"https:\/\/www.irdin.org.br\/site\/envios\/audios\/0009_0004__por_por__a_cura_extraterrestre.mp3\" class=\"baixar\"><span class=\"fa fa-arrow-down\"><\/span>Baixar<\/span><\/a> <span class=\"textobaixar\"> a cura extraterrestre<\/span><\/p>\n<p>&nbsp;<\/p>\n","protected":false},"excerpt":{"rendered":"<p>Em que condi\u00e7\u00f5es a mente se rende ao cora\u00e7\u00e3o e ingressamos na escola da cura? &nbsp; Ou\u00e7a agora: Baixar a<\/p>\n","protected":false},"featured_media":37803,"template":"","meta":{"_acf_changed":false},"product_brand":[],"product_cat":[18076,33068],"product_tag":[42909],"class_list":{"0":"post-84806","1":"product","2":"type-product","3":"status-publish","4":"has-post-thumbnail","6":"product_cat-cddvd","7":"product_cat-palestras","8":"product_tag-42909","9":"pa_autor-trigueirinho","10":"pa_codigo-da-serie-32086","11":"pa_codigo-externo-00090004porcd","12":"pa_data-de-gravacao-18255","13":"pa_descricao-da-serie-rumo-a-cura","14":"pa_duracao-28min25s","15":"pa_idioma-de-destino-portugues","16":"pa_idioma-de-origem-portugues","17":"pa_lancamento-no","18":"pa_midia-cd","19":"pa_moac-42908","20":"pa_quantidade-de-saldo-33067","21":"pa_sequencial-da-serie-31880","22":"pa_tipo-de-traducao-nao-classificado","24":"first","25":"outofstock","26":"product-type-simple"},"acf":[],"_links":{"self":[{"href":"https:\/\/www.irdin.org.br\/site\/wp-json\/wp\/v2\/product\/84806","targetHints":{"allow":["GET"]}}],"collection":[{"href":"https:\/\/www.irdin.org.br\/site\/wp-json\/wp\/v2\/product"}],"about":[{"href":"https:\/\/www.irdin.org.br\/site\/wp-json\/wp\/v2\/types\/product"}],"version-history":[{"count":1,"href":"https:\/\/www.irdin.org.br\/site\/wp-json\/wp\/v2\/product\/84806\/revisions"}],"predecessor-version":[{"id":107170,"href":"https:\/\/www.irdin.org.br\/site\/wp-json\/wp\/v2\/product\/84806\/revisions\/107170"}],"wp:featuredmedia":[{"embeddable":true,"href":"https:\/\/www.irdin.org.br\/site\/wp-json\/wp\/v2\/media\/37803"}],"wp:attachment":[{"href":"https:\/\/www.irdin.org.br\/site\/wp-json\/wp\/v2\/media?parent=84806"}],"wp:term":[{"taxonomy":"product_brand","embeddable":true,"href":"https:\/\/www.irdin.org.br\/site\/wp-json\/wp\/v2\/product_brand?post=84806"},{"taxonomy":"product_cat","embeddable":true,"href":"https:\/\/www.irdin.org.br\/site\/wp-json\/wp\/v2\/product_cat?post=84806"},{"taxonomy":"product_tag","embeddable":true,"href":"https:\/\/www.irdin.org.br\/site\/wp-json\/wp\/v2\/product_tag?post=84806"}],"curies":[{"name":"wp","href":"https:\/\/api.w.org\/{rel}","templated":true}]}}