{"id":84830,"date":"2018-04-26T18:45:40","date_gmt":"2018-04-26T18:45:40","guid":{"rendered":"http:\/\/www.irdin.org.br\/site\/produto\/a-necessidade-de-cura-interior\/"},"modified":"2024-09-09T03:42:55","modified_gmt":"2024-09-09T03:42:55","slug":"a-necessidade-de-cura-interior","status":"publish","type":"product","link":"https:\/\/www.irdin.org.br\/site\/produtos\/a-necessidade-de-cura-interior\/","title":{"rendered":"A necessidade de cura interior"},"content":{"rendered":"<p><em>A cura interior \u00e9 a perfeita fus\u00e3o da consci\u00eancia humana na consci\u00eancia da alma: dissolve todos os males na origem.<\/em><\/p>\n<p>&nbsp;<br \/>\n<strong>Ou\u00e7a agora:<\/strong><\/p>\n<p><span data-href=\"https:\/\/www.irdin.org.br\/site\/envios\/audios\/0014_0229__por_por__a_necessidade_de_cura_interior.mp3\" data-title=\"a necessidade de cura interior\" data-rel=\"\" data-target=\"\" data-meta=\"#fap-meta-6a0a1f7a75eac\" class=\"fap-single-track fap-track-button fap-play-button\" data-enqueue=\"no\" data-autoenqueue=\"no\" title=\"a necessidade de cura interior\"><span class=\"fap-icon-play\"><\/span>Ouvir<\/span> <a href=\"https:\/\/www.irdin.org.br\/site\/envios\/audios\/0014_0229__por_por__a_necessidade_de_cura_interior.mp3\" class=\"baixar\" download><span class=\"fa fa-arrow-down\"><\/span>Baixar<\/span><\/a> <span class=\"textobaixar\"> a necessidade de cura interior<\/span><\/p>\n<p>&nbsp;<\/p>\n","protected":false},"excerpt":{"rendered":"<p>A cura interior \u00e9 a perfeita fus\u00e3o da consci\u00eancia humana na consci\u00eancia da alma: dissolve todos os males na origem.<\/p>\n","protected":false},"featured_media":37803,"template":"","meta":{"_acf_changed":false},"product_brand":[],"product_cat":[18076,33068],"product_tag":[42957],"class_list":{"0":"post-84830","1":"product","2":"type-product","3":"status-publish","4":"has-post-thumbnail","6":"product_cat-cddvd","7":"product_cat-palestras","8":"product_tag-42957","9":"pa_autor-trigueirinho","10":"pa_codigo-da-serie-32103","11":"pa_codigo-externo-00140229porcd","12":"pa_data-de-gravacao-19163","13":"pa_duracao-48min","14":"pa_idioma-de-destino-portugues","15":"pa_idioma-de-origem-portugues","16":"pa_lancamento-no","17":"pa_midia-cd","18":"pa_moac-42956","19":"pa_quantidade-de-saldo-33067","20":"pa_sequencial-da-serie-32470","21":"pa_tipo-de-traducao-nao-classificado","23":"first","24":"outofstock","25":"product-type-simple"},"acf":[],"_links":{"self":[{"href":"https:\/\/www.irdin.org.br\/site\/wp-json\/wp\/v2\/product\/84830","targetHints":{"allow":["GET"]}}],"collection":[{"href":"https:\/\/www.irdin.org.br\/site\/wp-json\/wp\/v2\/product"}],"about":[{"href":"https:\/\/www.irdin.org.br\/site\/wp-json\/wp\/v2\/types\/product"}],"version-history":[{"count":1,"href":"https:\/\/www.irdin.org.br\/site\/wp-json\/wp\/v2\/product\/84830\/revisions"}],"predecessor-version":[{"id":107157,"href":"https:\/\/www.irdin.org.br\/site\/wp-json\/wp\/v2\/product\/84830\/revisions\/107157"}],"wp:featuredmedia":[{"embeddable":true,"href":"https:\/\/www.irdin.org.br\/site\/wp-json\/wp\/v2\/media\/37803"}],"wp:attachment":[{"href":"https:\/\/www.irdin.org.br\/site\/wp-json\/wp\/v2\/media?parent=84830"}],"wp:term":[{"taxonomy":"product_brand","embeddable":true,"href":"https:\/\/www.irdin.org.br\/site\/wp-json\/wp\/v2\/product_brand?post=84830"},{"taxonomy":"product_cat","embeddable":true,"href":"https:\/\/www.irdin.org.br\/site\/wp-json\/wp\/v2\/product_cat?post=84830"},{"taxonomy":"product_tag","embeddable":true,"href":"https:\/\/www.irdin.org.br\/site\/wp-json\/wp\/v2\/product_tag?post=84830"}],"curies":[{"name":"wp","href":"https:\/\/api.w.org\/{rel}","templated":true}]}}