{"id":84831,"date":"2018-04-26T18:45:40","date_gmt":"2018-04-26T18:45:40","guid":{"rendered":"http:\/\/www.irdin.org.br\/site\/produto\/o-anjo-de-fatima\/"},"modified":"2024-09-09T03:43:04","modified_gmt":"2024-09-09T03:43:04","slug":"o-anjo-de-fatima","status":"publish","type":"product","link":"https:\/\/www.irdin.org.br\/site\/produtos\/o-anjo-de-fatima\/","title":{"rendered":"O anjo de F\u00e1tima"},"content":{"rendered":"<p><em>Um epis\u00f3dio em que as naves extraterrestres, com imagens projetadas em \u00e1reas da Terra, refor\u00e7aram a devo\u00e7\u00e3o da humanidade e prepararam caminhos para uma verdadeira expans\u00e3o de consci\u00eancia.<\/em><\/p>\n<p>&nbsp;<br \/>\n<strong>Ou\u00e7a agora:<\/strong><\/p>\n<p><span data-href=\"https:\/\/www.irdin.org.br\/site\/envios\/audios\/0014_0232__por_por__o_anjo_de_fatima.mp3\" data-title=\"o anjo de f\u00e1tima\" data-rel=\"\" data-target=\"\" data-meta=\"#fap-meta-69f74c7754cca\" class=\"fap-single-track fap-track-button fap-play-button\" data-enqueue=\"no\" data-autoenqueue=\"no\" title=\"o anjo de f\u00e1tima\"><span class=\"fap-icon-play\"><\/span>Ouvir<\/span> <a href=\"https:\/\/www.irdin.org.br\/site\/envios\/audios\/0014_0232__por_por__o_anjo_de_fatima.mp3\" class=\"baixar\" download><span class=\"fa fa-arrow-down\"><\/span>Baixar<\/span><\/a> <span class=\"textobaixar\"> o anjo de f\u00e1tima<\/span><\/p>\n<p>&nbsp;<\/p>\n","protected":false},"excerpt":{"rendered":"<p>Um epis\u00f3dio em que as naves extraterrestres, com imagens projetadas em \u00e1reas da Terra, refor\u00e7aram a devo\u00e7\u00e3o da humanidade e<\/p>\n","protected":false},"featured_media":37803,"template":"","meta":{"_acf_changed":false},"product_brand":[],"product_cat":[18076,33068],"product_tag":[42959],"class_list":{"0":"post-84831","1":"product","2":"type-product","3":"status-publish","4":"has-post-thumbnail","6":"product_cat-cddvd","7":"product_cat-palestras","8":"product_tag-42959","9":"pa_autor-trigueirinho","10":"pa_codigo-da-serie-32103","11":"pa_codigo-externo-00140232porcd","12":"pa_data-de-gravacao-19175","13":"pa_duracao-41min","14":"pa_idioma-de-destino-portugues","15":"pa_idioma-de-origem-portugues","16":"pa_lancamento-no","17":"pa_midia-cd","18":"pa_moac-42958","19":"pa_quantidade-de-saldo-33067","20":"pa_sequencial-da-serie-32476","21":"pa_tipo-de-traducao-nao-classificado","23":"first","24":"outofstock","25":"product-type-simple"},"acf":[],"_links":{"self":[{"href":"https:\/\/www.irdin.org.br\/site\/wp-json\/wp\/v2\/product\/84831","targetHints":{"allow":["GET"]}}],"collection":[{"href":"https:\/\/www.irdin.org.br\/site\/wp-json\/wp\/v2\/product"}],"about":[{"href":"https:\/\/www.irdin.org.br\/site\/wp-json\/wp\/v2\/types\/product"}],"version-history":[{"count":1,"href":"https:\/\/www.irdin.org.br\/site\/wp-json\/wp\/v2\/product\/84831\/revisions"}],"predecessor-version":[{"id":107158,"href":"https:\/\/www.irdin.org.br\/site\/wp-json\/wp\/v2\/product\/84831\/revisions\/107158"}],"wp:featuredmedia":[{"embeddable":true,"href":"https:\/\/www.irdin.org.br\/site\/wp-json\/wp\/v2\/media\/37803"}],"wp:attachment":[{"href":"https:\/\/www.irdin.org.br\/site\/wp-json\/wp\/v2\/media?parent=84831"}],"wp:term":[{"taxonomy":"product_brand","embeddable":true,"href":"https:\/\/www.irdin.org.br\/site\/wp-json\/wp\/v2\/product_brand?post=84831"},{"taxonomy":"product_cat","embeddable":true,"href":"https:\/\/www.irdin.org.br\/site\/wp-json\/wp\/v2\/product_cat?post=84831"},{"taxonomy":"product_tag","embeddable":true,"href":"https:\/\/www.irdin.org.br\/site\/wp-json\/wp\/v2\/product_tag?post=84831"}],"curies":[{"name":"wp","href":"https:\/\/api.w.org\/{rel}","templated":true}]}}

O anjo de Fátima

<p><em>Um episódio em que as naves extraterrestres, com imagens projetadas em áreas da Terra, reforçaram a devoção da humanidade e prepararam caminhos para uma verdadeira expansão de consciência.</em></p>
<p>&nbsp;<br />
<strong>Ouça agora:</strong></p>
<p><span data-href="https://www.irdin.org.br/site/envios/audios/0014_0232__por_por__o_anjo_de_fatima.mp3" data-title="o anjo de fátima" data-rel="" data-target="" data-meta="#fap-meta-69f74c7754cca" class="fap-single-track fap-track-button fap-play-button" data-enqueue="no" data-autoenqueue="no" title="o anjo de fátima"><span class="fap-icon-play"></span>Ouvir</span> <a href="https://www.irdin.org.br/site/envios/audios/0014_0232__por_por__o_anjo_de_fatima.mp3" class="baixar" download><span class="fa fa-arrow-down"></span>Baixar</span></a> <span class="textobaixar"> o anjo de fátima</span></p>
<p>&nbsp;</p>

<p>Um episódio em que as naves extraterrestres, com imagens projetadas em áreas da Terra, reforçaram a devoção da humanidade e</p>
