{"id":84867,"date":"2018-04-26T18:46:27","date_gmt":"2018-04-26T18:46:27","guid":{"rendered":"http:\/\/www.irdin.org.br\/site\/produto\/riquezas-da-nossa-realidade-subjetiva\/"},"modified":"2024-09-09T03:28:26","modified_gmt":"2024-09-09T03:28:26","slug":"riquezas-da-nossa-realidade-subjetiva","status":"publish","type":"product","link":"https:\/\/www.irdin.org.br\/site\/produtos\/riquezas-da-nossa-realidade-subjetiva\/","title":{"rendered":"Riquezas da nossa realidade subjetiva"},"content":{"rendered":"<p><em>Portas para o ser c\u00f3smico \/ O purgat\u00f3rio e o inferno \/ O ensinamento n\u00e3o como distra\u00e7\u00e3o, mas como mudan\u00e7a de condi\u00e7\u00e3o \/ Quem ama o ensinamento o vive \/ Prepara\u00e7\u00f5es para o resgate planet\u00e1rio \/ O que \u00e9 a batalha do Armagedom \/ Soldados do Plano Evolutivo \/ Mudan\u00e7a de consci\u00eancia nos grupos de ora\u00e7\u00e3o<\/em><\/p>\n<p>&nbsp;<br \/>\n<strong>Ou\u00e7a agora:<\/strong><\/p>\n<p><span data-href=\"https:\/\/www.irdin.org.br\/site\/envios\/audios\/2849_0031__por_por__riquezas_da_nossa_realidade_subjetiva.mp3\" data-title=\"riquezas da nossa realidade subjetiva\" data-rel=\"\" data-target=\"\" data-meta=\"#fap-meta-6a06f9e0c6359\" class=\"fap-single-track fap-track-button fap-play-button\" data-enqueue=\"no\" data-autoenqueue=\"no\" title=\"riquezas da nossa realidade subjetiva\"><span class=\"fap-icon-play\"><\/span>Ouvir<\/span> <a href=\"https:\/\/www.irdin.org.br\/site\/envios\/audios\/2849_0031__por_por__riquezas_da_nossa_realidade_subjetiva.mp3\" class=\"baixar\" download><span class=\"fa fa-arrow-down\"><\/span>Baixar<\/span><\/a> <span class=\"textobaixar\"> riquezas da nossa realidade subjetiva<\/span><\/p>\n<p>&nbsp;<\/p>\n","protected":false},"excerpt":{"rendered":"<p>Portas para o ser c\u00f3smico \/ O purgat\u00f3rio e o inferno \/ O ensinamento n\u00e3o como distra\u00e7\u00e3o, mas como mudan\u00e7a<\/p>\n","protected":false},"featured_media":37803,"template":"","meta":{"_acf_changed":false},"product_brand":[],"product_cat":[18076,33068],"product_tag":[43027],"class_list":{"0":"post-84867","1":"product","2":"type-product","3":"status-publish","4":"has-post-thumbnail","6":"product_cat-cddvd","7":"product_cat-palestras","8":"product_tag-43027","9":"pa_autor-trigueirinho","10":"pa_codigo-da-serie-32815","11":"pa_data-de-gravacao-33171","12":"pa_idioma-de-destino-portugues","13":"pa_lancamento-no","14":"pa_midia-cd","15":"pa_moac-43026","16":"pa_quantidade-de-saldo-33067","17":"pa_sequencial-da-serie-31924","18":"pa_tipo-de-traducao-nao-classificado","20":"first","21":"outofstock","22":"product-type-simple"},"acf":[],"_links":{"self":[{"href":"https:\/\/www.irdin.org.br\/site\/wp-json\/wp\/v2\/product\/84867","targetHints":{"allow":["GET"]}}],"collection":[{"href":"https:\/\/www.irdin.org.br\/site\/wp-json\/wp\/v2\/product"}],"about":[{"href":"https:\/\/www.irdin.org.br\/site\/wp-json\/wp\/v2\/types\/product"}],"version-history":[{"count":1,"href":"https:\/\/www.irdin.org.br\/site\/wp-json\/wp\/v2\/product\/84867\/revisions"}],"predecessor-version":[{"id":107130,"href":"https:\/\/www.irdin.org.br\/site\/wp-json\/wp\/v2\/product\/84867\/revisions\/107130"}],"wp:featuredmedia":[{"embeddable":true,"href":"https:\/\/www.irdin.org.br\/site\/wp-json\/wp\/v2\/media\/37803"}],"wp:attachment":[{"href":"https:\/\/www.irdin.org.br\/site\/wp-json\/wp\/v2\/media?parent=84867"}],"wp:term":[{"taxonomy":"product_brand","embeddable":true,"href":"https:\/\/www.irdin.org.br\/site\/wp-json\/wp\/v2\/product_brand?post=84867"},{"taxonomy":"product_cat","embeddable":true,"href":"https:\/\/www.irdin.org.br\/site\/wp-json\/wp\/v2\/product_cat?post=84867"},{"taxonomy":"product_tag","embeddable":true,"href":"https:\/\/www.irdin.org.br\/site\/wp-json\/wp\/v2\/product_tag?post=84867"}],"curies":[{"name":"wp","href":"https:\/\/api.w.org\/{rel}","templated":true}]}}