{"id":85093,"date":"2018-04-26T18:50:17","date_gmt":"2018-04-26T18:50:17","guid":{"rendered":"http:\/\/www.irdin.org.br\/site\/produto\/e-se-nao-houver-alimento-mente-e-alma-sanas-em-corpo-sano\/"},"modified":"2026-01-31T09:09:44","modified_gmt":"2026-01-31T12:09:44","slug":"9786599051050","status":"publish","type":"product","link":"https:\/\/www.irdin.org.br\/site\/produtos\/9786599051050\/","title":{"rendered":"E se n\u00e3o houver alimento? &#8211; Mente e alma sanas em corpo sano"},"content":{"rendered":"<p>Esta cartilha foi concebida para auxiliar na orienta\u00e7\u00e3o sobre como nos alimentarmos em momentos de emerg\u00eancia, ou sem situa\u00e7\u00f5es em que os alimentos tradicionais podem n\u00e3o estar dispon\u00edveis, decorrentes do crescimento acelerado da popula\u00e7\u00e3o no planeta e das mudan\u00e7as clim\u00e1ticas em curso. Uma alimenta\u00e7\u00e3o inspirada nos ess\u00eanios, inteiramente conectada com os reinos da Natureza e com os elementos \u00e1gua, fogo, terra, ar e \u00e9ter. Uma alimenta\u00e7\u00e3o vegetariana qualitativa, porque frugal, integral, crua e viva. Uma alimenta\u00e7\u00e3o f\u00edsica com forte a\u00e7\u00e3o vitalizante, capaz de manter o organismo corretamente hidratado e mineralizado. Uma alimenta\u00e7\u00e3o limpa, que n\u00e3o polua nada, nem o Ser, nem a Natureza. Uma alimenta\u00e7\u00e3o sutil, facilitando ao Ser uma conex\u00e3o entre o C\u00e9u e a Terra, e deixando-o espiritualmente pronto para enfrentar todo e qualquer desafio.<\/p>\n<p><a class=\"pdf\" href=\"\/pdf\/E se nao houver alimento_WEB.pdf\" target=\"_blank\" rel=\"noopener\">Baixar Gratuitamente<\/a><\/p>\n<p>&nbsp;<\/p>\n","protected":false},"excerpt":{"rendered":"<p>Esta cartilha foi concebida para auxiliar na orienta\u00e7\u00e3o sobre como nos alimentarmos em momentos de emerg\u00eancia, ou sem situa\u00e7\u00f5es em<\/p>\n","protected":false},"featured_media":86910,"template":"","meta":{"_acf_changed":false},"product_brand":[],"product_cat":[33286,17972],"product_tag":[33300],"class_list":{"0":"post-85093","1":"product","2":"type-product","3":"status-publish","4":"has-post-thumbnail","6":"product_cat-livro","7":"product_cat-livros-livro","8":"product_tag-33300","9":"pa_autor-conceicao-trucom","10":"pa_classe-do-produto-fisico","11":"pa_codigo-de-barras-43916","12":"pa_edicao-17990","13":"pa_idioma-de-destino-portugues","14":"pa_lancamento-no","15":"pa_midia-papel","16":"pa_moac-33448","17":"pa_quantidade-de-paginas-21904","18":"pa_quantidade-de-saldo-33010","19":"pa_tipo-de-traducao-nao-classificado","21":"first","22":"outofstock","23":"purchasable","24":"product-type-simple"},"acf":[],"_links":{"self":[{"href":"https:\/\/www.irdin.org.br\/site\/wp-json\/wp\/v2\/product\/85093","targetHints":{"allow":["GET"]}}],"collection":[{"href":"https:\/\/www.irdin.org.br\/site\/wp-json\/wp\/v2\/product"}],"about":[{"href":"https:\/\/www.irdin.org.br\/site\/wp-json\/wp\/v2\/types\/product"}],"version-history":[{"count":2,"href":"https:\/\/www.irdin.org.br\/site\/wp-json\/wp\/v2\/product\/85093\/revisions"}],"predecessor-version":[{"id":86912,"href":"https:\/\/www.irdin.org.br\/site\/wp-json\/wp\/v2\/product\/85093\/revisions\/86912"}],"wp:featuredmedia":[{"embeddable":true,"href":"https:\/\/www.irdin.org.br\/site\/wp-json\/wp\/v2\/media\/86910"}],"wp:attachment":[{"href":"https:\/\/www.irdin.org.br\/site\/wp-json\/wp\/v2\/media?parent=85093"}],"wp:term":[{"taxonomy":"product_brand","embeddable":true,"href":"https:\/\/www.irdin.org.br\/site\/wp-json\/wp\/v2\/product_brand?post=85093"},{"taxonomy":"product_cat","embeddable":true,"href":"https:\/\/www.irdin.org.br\/site\/wp-json\/wp\/v2\/product_cat?post=85093"},{"taxonomy":"product_tag","embeddable":true,"href":"https:\/\/www.irdin.org.br\/site\/wp-json\/wp\/v2\/product_tag?post=85093"}],"curies":[{"name":"wp","href":"https:\/\/api.w.org\/{rel}","templated":true}]}}