{"id":85095,"date":"1999-01-01T00:00:00","date_gmt":"1999-01-01T00:00:00","guid":{"rendered":"http:\/\/www.irdin.org.br\/site\/produto\/urinoterapia-p\/"},"modified":"2025-03-21T11:38:48","modified_gmt":"2025-03-21T11:38:48","slug":"urinoterapia-p","status":"publish","type":"product","link":"https:\/\/www.irdin.org.br\/site\/produtos\/urinoterapia-p\/","title":{"rendered":"Urinoterapia &#8211; P"},"content":{"rendered":"<p>A Urinoterapia reaviva o conhecimento de que o corpo do homem foi dotado de todos os recursos para conservar-se em equil\u00edbrio. Este m\u00e9todo de cura vem em aux\u00edlio dos que precisam de tratamento de sa\u00fade imediato, simples, seguro e independente de esfor\u00e7os pecuni\u00e1rios. Eis aqui um livro dedicado aos que socorrem necessitados e aos que se sentem livres para a pr\u00e1tica de m\u00e9todos inusitados.<\/p>\n<p><a class=\"pdf\" href=\"\/pdf\/Urinoterapia_port_WEB.pdf\" target=\"_blank\" rel=\"noopener\">Baixar Gratuitamente<\/a><\/p>\n<p>&nbsp;<\/p>\n","protected":false},"excerpt":{"rendered":"<p>A Urinoterapia reaviva o conhecimento de que o corpo do homem foi dotado de todos os recursos para conservar-se em<\/p>\n","protected":false},"featured_media":680,"template":"","meta":{"_acf_changed":false},"product_brand":[],"product_cat":[33286,17972],"product_tag":[33302],"class_list":{"0":"post-85095","1":"product","2":"type-product","3":"status-publish","4":"has-post-thumbnail","6":"product_cat-livro","7":"product_cat-livros-livro","8":"product_tag-33302","9":"pa_autor-denise-gontijo-machado","10":"pa_classe-do-produto-fisico","11":"pa_codigo-de-barras-21991","12":"pa_codigo-externo-dg001irp","13":"pa_data-de-lancamento-21689","14":"pa_idioma-de-destino-portugues","15":"pa_idioma-de-origem-portugues","16":"pa_lancamento-no","17":"pa_midia-papel","18":"pa_moac-33452","19":"pa_tipo-de-traducao-nao-classificado","21":"first","22":"outofstock","23":"purchasable","24":"product-type-simple"},"acf":[],"_links":{"self":[{"href":"https:\/\/www.irdin.org.br\/site\/wp-json\/wp\/v2\/product\/85095","targetHints":{"allow":["GET"]}}],"collection":[{"href":"https:\/\/www.irdin.org.br\/site\/wp-json\/wp\/v2\/product"}],"about":[{"href":"https:\/\/www.irdin.org.br\/site\/wp-json\/wp\/v2\/types\/product"}],"version-history":[{"count":1,"href":"https:\/\/www.irdin.org.br\/site\/wp-json\/wp\/v2\/product\/85095\/revisions"}],"predecessor-version":[{"id":109648,"href":"https:\/\/www.irdin.org.br\/site\/wp-json\/wp\/v2\/product\/85095\/revisions\/109648"}],"wp:featuredmedia":[{"embeddable":true,"href":"https:\/\/www.irdin.org.br\/site\/wp-json\/wp\/v2\/media\/680"}],"wp:attachment":[{"href":"https:\/\/www.irdin.org.br\/site\/wp-json\/wp\/v2\/media?parent=85095"}],"wp:term":[{"taxonomy":"product_brand","embeddable":true,"href":"https:\/\/www.irdin.org.br\/site\/wp-json\/wp\/v2\/product_brand?post=85095"},{"taxonomy":"product_cat","embeddable":true,"href":"https:\/\/www.irdin.org.br\/site\/wp-json\/wp\/v2\/product_cat?post=85095"},{"taxonomy":"product_tag","embeddable":true,"href":"https:\/\/www.irdin.org.br\/site\/wp-json\/wp\/v2\/product_tag?post=85095"}],"curies":[{"name":"wp","href":"https:\/\/api.w.org\/{rel}","templated":true}]}}