{"id":85097,"date":"2018-04-26T18:50:17","date_gmt":"2018-04-26T18:50:17","guid":{"rendered":"http:\/\/www.irdin.org.br\/site\/produto\/palabras-al-corazon\/"},"modified":"2025-12-22T09:21:02","modified_gmt":"2025-12-22T12:21:02","slug":"9788560835317","status":"publish","type":"product","link":"https:\/\/www.irdin.org.br\/site\/produtos\/9788560835317\/","title":{"rendered":"Palabras al Coraz\u00f3n"},"content":{"rendered":"<p>Vivimos inmersos en un fluido inteligente, organizado en dimensiones. La humanidad terrestre tiene consciencia hasta de la tercera dimensi\u00f3n, aunque se prepara para contactar la cuarta. Los impulsos de este libro nos ayudan a contactar esa realidad y, a partir de ah\u00ed, reencontrar nuestro mundo interior. En el coraz\u00f3n, reencontraremos las Jerarqu\u00edas, nuestros Hermanos Mayores que acompa\u00f1an la evoluci\u00f3n humana y nos preparan para recibir los c\u00f3digos de una nueva raza. Estos textos son transmisiones de los Hermanos que vinieron en auxilio de nuestra b\u00fasqueda espiritual.<\/p>\n<p><a class=\"pdf\" href=\"\/pdf\/Palabras_al_corazon_WEB.pdf\" target=\"_blank\" rel=\"noopener\">Baixar Gratuitamente<\/a><\/p>\n<p>&nbsp;<\/p>\n","protected":false},"excerpt":{"rendered":"<p>Vivimos inmersos en un fluido inteligente, organizado en dimensiones. La humanidad terrestre tiene consciencia hasta de la tercera dimensi\u00f3n, aunque<\/p>\n","protected":false},"featured_media":1629,"template":"","meta":{"_acf_changed":false},"product_brand":[],"product_cat":[33286,17972],"product_tag":[33304],"class_list":{"0":"post-85097","1":"product","2":"type-product","3":"status-publish","4":"has-post-thumbnail","6":"product_cat-livro","7":"product_cat-livros-livro","8":"product_tag-33304","9":"pa_autor-frei-luciano","10":"pa_classe-do-produto-fisico","11":"pa_codigo-de-barras-22152","12":"pa_codigo-externo-fsi001ire","13":"pa_data-de-lancamento-22154","14":"pa_idioma-de-destino-espanhol","15":"pa_idioma-de-origem-espanhol","16":"pa_lancamento-no","17":"pa_midia-papel","18":"pa_moac-33456","19":"pa_quantidade-de-saldo-32994","20":"pa_tipo-de-traducao-nao-classificado","22":"first","23":"instock","24":"sale","25":"purchasable","26":"product-type-simple"},"acf":[],"_links":{"self":[{"href":"https:\/\/www.irdin.org.br\/site\/wp-json\/wp\/v2\/product\/85097","targetHints":{"allow":["GET"]}}],"collection":[{"href":"https:\/\/www.irdin.org.br\/site\/wp-json\/wp\/v2\/product"}],"about":[{"href":"https:\/\/www.irdin.org.br\/site\/wp-json\/wp\/v2\/types\/product"}],"version-history":[{"count":2,"href":"https:\/\/www.irdin.org.br\/site\/wp-json\/wp\/v2\/product\/85097\/revisions"}],"predecessor-version":[{"id":106488,"href":"https:\/\/www.irdin.org.br\/site\/wp-json\/wp\/v2\/product\/85097\/revisions\/106488"}],"wp:featuredmedia":[{"embeddable":true,"href":"https:\/\/www.irdin.org.br\/site\/wp-json\/wp\/v2\/media\/1629"}],"wp:attachment":[{"href":"https:\/\/www.irdin.org.br\/site\/wp-json\/wp\/v2\/media?parent=85097"}],"wp:term":[{"taxonomy":"product_brand","embeddable":true,"href":"https:\/\/www.irdin.org.br\/site\/wp-json\/wp\/v2\/product_brand?post=85097"},{"taxonomy":"product_cat","embeddable":true,"href":"https:\/\/www.irdin.org.br\/site\/wp-json\/wp\/v2\/product_cat?post=85097"},{"taxonomy":"product_tag","embeddable":true,"href":"https:\/\/www.irdin.org.br\/site\/wp-json\/wp\/v2\/product_tag?post=85097"}],"curies":[{"name":"wp","href":"https:\/\/api.w.org\/{rel}","templated":true}]}}