{"id":85107,"date":"1988-01-01T00:00:00","date_gmt":"1988-01-01T00:00:00","guid":{"rendered":"http:\/\/www.irdin.org.br\/site\/produto\/a-morte-sem-medo-e-sem-culpa-livro\/"},"modified":"2026-03-19T20:10:19","modified_gmt":"2026-03-19T23:10:19","slug":"9786588468623","status":"publish","type":"product","link":"https:\/\/www.irdin.org.br\/site\/produtos\/9786588468623\/","title":{"rendered":"A Morte sem Medo e sem Culpa"},"content":{"rendered":"<p>Podemos ter uma compreens\u00e3o inteligente das leis da morte e retirarmo-nos com tranquilidade da vida terrena ao chegar o momento. A personalidade pode deixar de ser obst\u00e1culo para que essa transi\u00e7\u00e3o se mostre como a grande aventura que \u00e9. Como conseguir isso? Se tomarmos consci\u00eancia do mundo interior, ficaremos mais livres do controle e das influ\u00eancias das for\u00e7as materiais. L\u00facidos em esferas sutis do universo e de n\u00f3s mesmos, seremos capazes de contatos supramentais e de experi\u00eancias al\u00e9m da imagina\u00e7\u00e3o. Transcendidos estados de medo e culpa, a transi\u00e7\u00e3o chamada morte revela-se nova oportunidade de evoluir, um passo a mais para reconhecer o que verdadeiramente somos.<\/p>\n<p><a class=\"pdf\" href=\"\/pdf\/A Morte sem Medo sem Culpa_WEB.pdf\" target=\"_blank\" rel=\"noopener\">Baixar Gratuitamente<\/a><\/p>\n<p>&nbsp;<\/p>\n","protected":false},"excerpt":{"rendered":"<p>Podemos ter uma compreens\u00e3o inteligente das leis da morte e retirarmo-nos com tranquilidade da vida terrena ao chegar o momento.<\/p>\n","protected":false},"featured_media":104469,"template":"","meta":{"_acf_changed":false},"product_brand":[],"product_cat":[33286,17972],"product_tag":[33314],"class_list":{"0":"post-85107","1":"product","2":"type-product","3":"status-publish","4":"has-post-thumbnail","6":"product_cat-livro","7":"product_cat-livros-livro","8":"product_tag-33314","9":"pa_autor-trigueirinho","10":"pa_classe-do-produto-fisico","11":"pa_codigo-de-barras-44071","12":"pa_codigo-externo-tr005pep","13":"pa_data-de-lancamento-23117","14":"pa_idioma-de-destino-portugues","15":"pa_idioma-de-origem-portugues","16":"pa_lancamento-no","17":"pa_midia-papel","18":"pa_moac-33476","19":"pa_quantidade-de-paginas-18034","20":"pa_quantidade-de-saldo-33008","21":"pa_tipo-de-traducao-nao-classificado","23":"first","24":"instock","25":"featured","26":"purchasable","27":"product-type-simple"},"acf":[],"_links":{"self":[{"href":"https:\/\/www.irdin.org.br\/site\/wp-json\/wp\/v2\/product\/85107","targetHints":{"allow":["GET"]}}],"collection":[{"href":"https:\/\/www.irdin.org.br\/site\/wp-json\/wp\/v2\/product"}],"about":[{"href":"https:\/\/www.irdin.org.br\/site\/wp-json\/wp\/v2\/types\/product"}],"version-history":[{"count":2,"href":"https:\/\/www.irdin.org.br\/site\/wp-json\/wp\/v2\/product\/85107\/revisions"}],"predecessor-version":[{"id":105993,"href":"https:\/\/www.irdin.org.br\/site\/wp-json\/wp\/v2\/product\/85107\/revisions\/105993"}],"wp:featuredmedia":[{"embeddable":true,"href":"https:\/\/www.irdin.org.br\/site\/wp-json\/wp\/v2\/media\/104469"}],"wp:attachment":[{"href":"https:\/\/www.irdin.org.br\/site\/wp-json\/wp\/v2\/media?parent=85107"}],"wp:term":[{"taxonomy":"product_brand","embeddable":true,"href":"https:\/\/www.irdin.org.br\/site\/wp-json\/wp\/v2\/product_brand?post=85107"},{"taxonomy":"product_cat","embeddable":true,"href":"https:\/\/www.irdin.org.br\/site\/wp-json\/wp\/v2\/product_cat?post=85107"},{"taxonomy":"product_tag","embeddable":true,"href":"https:\/\/www.irdin.org.br\/site\/wp-json\/wp\/v2\/product_tag?post=85107"}],"curies":[{"name":"wp","href":"https:\/\/api.w.org\/{rel}","templated":true}]}}