{"id":85113,"date":"1989-01-01T00:00:00","date_gmt":"1989-01-01T00:00:00","guid":{"rendered":"http:\/\/www.irdin.org.br\/site\/produto\/aurora-essencia-cosmica-curadora\/"},"modified":"2026-04-28T11:58:58","modified_gmt":"2026-04-28T14:58:58","slug":"9786588468142","status":"publish","type":"product","link":"https:\/\/www.irdin.org.br\/site\/produtos\/9786588468142\/","title":{"rendered":"AURORA &#8211; Ess\u00eancia C\u00f3smica Curadora"},"content":{"rendered":"<p>S\u00edmbolo do amanhecer na vida de cada um de n\u00f3s, Aurora, civiliza\u00e7\u00e3o intraterrena, trabalha especialmente com a cura c\u00f3smica.<\/p>\n<p><a class=\"pdf\" href=\"\/pdf\/Aurora_WEB.pdf\" target=\"_blank\" rel=\"noopener\">Baixar Gratuitamente<\/a><\/p>\n<p>&nbsp;<\/p>\n","protected":false},"excerpt":{"rendered":"<p>S\u00edmbolo do amanhecer na vida de cada um de n\u00f3s, Aurora, civiliza\u00e7\u00e3o intraterrena, trabalha especialmente com a cura c\u00f3smica. Baixar<\/p>\n","protected":false},"featured_media":88315,"template":"","meta":{"_acf_changed":false},"product_brand":[],"product_cat":[33286,17972],"product_tag":[33320],"class_list":{"0":"post-85113","1":"product","2":"type-product","3":"status-publish","4":"has-post-thumbnail","6":"product_cat-livro","7":"product_cat-livros-livro","8":"product_tag-33320","9":"pa_autor-trigueirinho","10":"pa_classe-do-produto-fisico","11":"pa_codigo-de-barras-43956","12":"pa_codigo-externo-tr009pep","13":"pa_data-de-lancamento-23114","14":"pa_edicao-17979","15":"pa_idioma-de-destino-portugues","16":"pa_idioma-de-origem-portugues","17":"pa_lancamento-no","18":"pa_midia-papel","19":"pa_moac-33488","20":"pa_quantidade-de-paginas-23369","22":"first","23":"instock","24":"featured","25":"purchasable","26":"product-type-simple"},"acf":[],"_links":{"self":[{"href":"https:\/\/www.irdin.org.br\/site\/wp-json\/wp\/v2\/product\/85113","targetHints":{"allow":["GET"]}}],"collection":[{"href":"https:\/\/www.irdin.org.br\/site\/wp-json\/wp\/v2\/product"}],"about":[{"href":"https:\/\/www.irdin.org.br\/site\/wp-json\/wp\/v2\/types\/product"}],"version-history":[{"count":1,"href":"https:\/\/www.irdin.org.br\/site\/wp-json\/wp\/v2\/product\/85113\/revisions"}],"predecessor-version":[{"id":106458,"href":"https:\/\/www.irdin.org.br\/site\/wp-json\/wp\/v2\/product\/85113\/revisions\/106458"}],"wp:featuredmedia":[{"embeddable":true,"href":"https:\/\/www.irdin.org.br\/site\/wp-json\/wp\/v2\/media\/88315"}],"wp:attachment":[{"href":"https:\/\/www.irdin.org.br\/site\/wp-json\/wp\/v2\/media?parent=85113"}],"wp:term":[{"taxonomy":"product_brand","embeddable":true,"href":"https:\/\/www.irdin.org.br\/site\/wp-json\/wp\/v2\/product_brand?post=85113"},{"taxonomy":"product_cat","embeddable":true,"href":"https:\/\/www.irdin.org.br\/site\/wp-json\/wp\/v2\/product_cat?post=85113"},{"taxonomy":"product_tag","embeddable":true,"href":"https:\/\/www.irdin.org.br\/site\/wp-json\/wp\/v2\/product_tag?post=85113"}],"curies":[{"name":"wp","href":"https:\/\/api.w.org\/{rel}","templated":true}]}}