{"id":85127,"date":"1991-01-01T00:00:00","date_gmt":"1991-01-01T00:00:00","guid":{"rendered":"http:\/\/www.irdin.org.br\/site\/produto\/mirna-jad-santuario-interior\/"},"modified":"2026-04-16T09:50:19","modified_gmt":"2026-04-16T12:50:19","slug":"9786588468197","status":"publish","type":"product","link":"https:\/\/www.irdin.org.br\/site\/produtos\/9786588468197\/","title":{"rendered":"MIRNA JAD &#8211; Santu\u00e1rio Interior"},"content":{"rendered":"<p>MIRNA JAD abrange a \u00e1rea intraterrena de uma cadeia de montanhas de determinada regi\u00e3o da Am\u00e9rica do Sul. Um dia, uma realidade maior ser\u00e1 revelada ao homem da superf\u00edcie da Terra, que agora apenas vislumbra esse novo estado de consci\u00eancia. Muitos ver\u00e3o surgir diante de si, em locais antes desabitados, a entrada ou a proje\u00e7\u00e3o de verdadeiras cidades que irradiar\u00e3o sua potente luz curadora e os atrair\u00e3o. Seus corpos materiais ser\u00e3o abandonados pela consci\u00eancia ou ser\u00e3o transmutados e levados para o interior dessas cidades. Esse Reino, que sempre esteve presente e pronto a nos receber, pode agora ser reconhecido pelos sentidos internos. Mais do que um santu\u00e1rio, aos poucos MIRNA JAD se revela um estado de consci\u00eancia, como a express\u00e3o de uma conjuntura hier\u00e1rquica que comp\u00f5e uma civiliza\u00e7\u00e3o imaterial.<\/p>\n<p><a class=\"pdf\" href=\"\/pdf\/Mirna_Jad_WEB.pdf\" target=\"_blank\" rel=\"noopener\">Baixar Gratuitamente<\/a><\/p>\n<p>&nbsp;<\/p>\n","protected":false},"excerpt":{"rendered":"<p>MIRNA JAD abrange a \u00e1rea intraterrena de uma cadeia de montanhas de determinada regi\u00e3o da Am\u00e9rica do Sul. Um dia,<\/p>\n","protected":false},"featured_media":88258,"template":"","meta":{"_acf_changed":false},"product_brand":[],"product_cat":[33286,17972],"product_tag":[33334],"class_list":{"0":"post-85127","1":"product","2":"type-product","3":"status-publish","4":"has-post-thumbnail","6":"product_cat-livro","7":"product_cat-livros-livro","8":"product_tag-33334","9":"pa_autor-trigueirinho","10":"pa_classe-do-produto-fisico","11":"pa_codigo-de-barras-43957","12":"pa_codigo-externo-tr023pep","13":"pa_data-de-lancamento-21666","14":"pa_edicao-17979","15":"pa_idioma-de-destino-portugues","16":"pa_idioma-de-origem-portugues","17":"pa_lancamento-no","18":"pa_midia-papel","19":"pa_moac-33516","20":"pa_quantidade-de-paginas-22251","22":"first","23":"instock","24":"featured","25":"purchasable","26":"product-type-simple"},"acf":[],"_links":{"self":[{"href":"https:\/\/www.irdin.org.br\/site\/wp-json\/wp\/v2\/product\/85127","targetHints":{"allow":["GET"]}}],"collection":[{"href":"https:\/\/www.irdin.org.br\/site\/wp-json\/wp\/v2\/product"}],"about":[{"href":"https:\/\/www.irdin.org.br\/site\/wp-json\/wp\/v2\/types\/product"}],"version-history":[{"count":2,"href":"https:\/\/www.irdin.org.br\/site\/wp-json\/wp\/v2\/product\/85127\/revisions"}],"predecessor-version":[{"id":88257,"href":"https:\/\/www.irdin.org.br\/site\/wp-json\/wp\/v2\/product\/85127\/revisions\/88257"}],"wp:featuredmedia":[{"embeddable":true,"href":"https:\/\/www.irdin.org.br\/site\/wp-json\/wp\/v2\/media\/88258"}],"wp:attachment":[{"href":"https:\/\/www.irdin.org.br\/site\/wp-json\/wp\/v2\/media?parent=85127"}],"wp:term":[{"taxonomy":"product_brand","embeddable":true,"href":"https:\/\/www.irdin.org.br\/site\/wp-json\/wp\/v2\/product_brand?post=85127"},{"taxonomy":"product_cat","embeddable":true,"href":"https:\/\/www.irdin.org.br\/site\/wp-json\/wp\/v2\/product_cat?post=85127"},{"taxonomy":"product_tag","embeddable":true,"href":"https:\/\/www.irdin.org.br\/site\/wp-json\/wp\/v2\/product_tag?post=85127"}],"curies":[{"name":"wp","href":"https:\/\/api.w.org\/{rel}","templated":true}]}}