{"id":85137,"date":"2018-04-26T18:50:58","date_gmt":"2018-04-26T18:50:58","guid":{"rendered":"http:\/\/www.irdin.org.br\/site\/produto\/o-nascimento-da-humanidade-futura-2\/"},"modified":"2026-02-19T13:43:50","modified_gmt":"2026-02-19T16:43:50","slug":"9788554410384","status":"publish","type":"product","link":"https:\/\/www.irdin.org.br\/site\/produtos\/9788554410384\/","title":{"rendered":"O Nascimento da Humanidade Futura"},"content":{"rendered":"<p>A humanidade que habitar\u00e1 a superf\u00edcie da Terra no ciclo futuro exprimir\u00e1 maior integra\u00e7\u00e3o \u00e0 vida que transcorre em n\u00edveis sutis do cosmos e se relacionar\u00e1 de modo mais livre e profundo com seus n\u00facleos de consci\u00eancia. As transforma\u00e7\u00f5es pelas quais o homem moderno deve passar para que esse novo ciclo se manifeste incluem o conhecimento da constitui\u00e7\u00e3o energ\u00e9tica do seu pr\u00f3prio ser e do universo em que habita, bem como a viv\u00eancia das leis espirituais. Este livro procura fornecer bases para que essas transforma\u00e7\u00f5es possam ocorrer nos que j\u00e1 se deixaram sensibilizar pela necessidade de a Terra expressar padr\u00f5es de vida mais elevados. O advento da nova humanidade \u00e9 fruto da ades\u00e3o desses seres ao fluxo de energias que os encaminha para a liberta\u00e7\u00e3o.<\/p>\n<p><a class=\"pdf\" href=\"\/pdf\/O Nascimento da Humandidade Futura_WEB.pdf\" target=\"_blank\" rel=\"noopener\">Baixar Gratuitamente<\/a><\/p>\n<p>&nbsp;<\/p>\n","protected":false},"excerpt":{"rendered":"<p>A humanidade que habitar\u00e1 a superf\u00edcie da Terra no ciclo futuro exprimir\u00e1 maior integra\u00e7\u00e3o \u00e0 vida que transcorre em n\u00edveis<\/p>\n","protected":false},"featured_media":86688,"template":"","meta":{"_acf_changed":false},"product_brand":[],"product_cat":[33286,17972],"product_tag":[33344],"class_list":{"0":"post-85137","1":"product","2":"type-product","3":"status-publish","4":"has-post-thumbnail","6":"product_cat-livro","7":"product_cat-livros-livro","8":"product_tag-33344","9":"pa_autor-trigueirinho","10":"pa_classe-do-produto-fisico","11":"pa_codigo-de-barras-43825","12":"pa_idioma-de-destino-portugues","13":"pa_lancamento-no","14":"pa_midia-papel","15":"pa_moac-33536","16":"pa_quantidade-de-paginas-21682","17":"pa_tipo-de-traducao-nao-classificado","19":"first","20":"instock","21":"purchasable","22":"product-type-simple"},"acf":[],"_links":{"self":[{"href":"https:\/\/www.irdin.org.br\/site\/wp-json\/wp\/v2\/product\/85137","targetHints":{"allow":["GET"]}}],"collection":[{"href":"https:\/\/www.irdin.org.br\/site\/wp-json\/wp\/v2\/product"}],"about":[{"href":"https:\/\/www.irdin.org.br\/site\/wp-json\/wp\/v2\/types\/product"}],"version-history":[{"count":2,"href":"https:\/\/www.irdin.org.br\/site\/wp-json\/wp\/v2\/product\/85137\/revisions"}],"predecessor-version":[{"id":109544,"href":"https:\/\/www.irdin.org.br\/site\/wp-json\/wp\/v2\/product\/85137\/revisions\/109544"}],"wp:featuredmedia":[{"embeddable":true,"href":"https:\/\/www.irdin.org.br\/site\/wp-json\/wp\/v2\/media\/86688"}],"wp:attachment":[{"href":"https:\/\/www.irdin.org.br\/site\/wp-json\/wp\/v2\/media?parent=85137"}],"wp:term":[{"taxonomy":"product_brand","embeddable":true,"href":"https:\/\/www.irdin.org.br\/site\/wp-json\/wp\/v2\/product_brand?post=85137"},{"taxonomy":"product_cat","embeddable":true,"href":"https:\/\/www.irdin.org.br\/site\/wp-json\/wp\/v2\/product_cat?post=85137"},{"taxonomy":"product_tag","embeddable":true,"href":"https:\/\/www.irdin.org.br\/site\/wp-json\/wp\/v2\/product_tag?post=85137"}],"curies":[{"name":"wp","href":"https:\/\/api.w.org\/{rel}","templated":true}]}}