{"id":85140,"date":"1993-01-01T00:00:00","date_gmt":"1993-01-01T00:00:00","guid":{"rendered":"http:\/\/www.irdin.org.br\/site\/produto\/a-voz-de-amhaj-2\/"},"modified":"2026-04-29T08:38:27","modified_gmt":"2026-04-29T11:38:27","slug":"9786588468159","status":"publish","type":"product","link":"https:\/\/www.irdin.org.br\/site\/produtos\/9786588468159\/","title":{"rendered":"A Voz de Amhaj"},"content":{"rendered":"<p>&#8220;N\u00e3o h\u00e1 governos nem governantes. O caos reina. Este \u00e9 o palco da superf\u00edcie da vida. T\u00ednhamos avisado que assim iria ocorrer. Mas existem outras realidades. Alguns as conhecem.&#8221;<\/p>\n<p>&#8220;N\u00e3o h\u00e1 instante a perder. Os bons homens ouvem o Chamado, acham-no bonito, emocionam-se, e re\u00fanem os amigos para coment\u00e1-lo. D\u00e3o maior import\u00e2ncia aos encontros sociais que \u00e0 salva\u00e7\u00e3o de um planeta prestes a explodir. Mas a fortaleza do Meu escudo ser\u00e1 conhecida pelos que ao Alto aspiram. O poder do Meu Raio ser\u00e1 desvelado aos que persistem. O fulgor do Meu fogo resplandecer\u00e1 nos que para ele se voltam.&#8221;<\/p>\n<p>AMHAJ<\/p>\n<p><a class=\"pdf\" href=\"\/pdf\/A Voz de Amhaj_WEB.pdf\" target=\"_blank\" rel=\"noopener\">Baixar Gratuitamente<\/a><\/p>\n<p>&nbsp;<\/p>\n","protected":false},"excerpt":{"rendered":"<p>&#8220;N\u00e3o h\u00e1 governos nem governantes. O caos reina. Este \u00e9 o palco da superf\u00edcie da vida. T\u00ednhamos avisado que assim<\/p>\n","protected":false},"featured_media":88255,"template":"","meta":{"_acf_changed":false},"product_brand":[],"product_cat":[33286,17972],"product_tag":[33347],"class_list":{"0":"post-85140","1":"product","2":"type-product","3":"status-publish","4":"has-post-thumbnail","6":"product_cat-livro","7":"product_cat-livros-livro","8":"product_tag-33347","9":"pa_autor-trigueirinho","10":"pa_classe-do-produto-fisico","11":"pa_codigo-de-barras-43955","12":"pa_codigo-externo-tr040pep","13":"pa_data-de-lancamento-21794","14":"pa_edicao-17979","15":"pa_idioma-de-destino-portugues","16":"pa_idioma-de-origem-portugues","17":"pa_lancamento-no","18":"pa_midia-papel","19":"pa_moac-33542","20":"pa_quantidade-de-paginas-22074","22":"first","23":"instock","24":"featured","25":"purchasable","26":"product-type-simple"},"acf":[],"_links":{"self":[{"href":"https:\/\/www.irdin.org.br\/site\/wp-json\/wp\/v2\/product\/85140","targetHints":{"allow":["GET"]}}],"collection":[{"href":"https:\/\/www.irdin.org.br\/site\/wp-json\/wp\/v2\/product"}],"about":[{"href":"https:\/\/www.irdin.org.br\/site\/wp-json\/wp\/v2\/types\/product"}],"version-history":[{"count":1,"href":"https:\/\/www.irdin.org.br\/site\/wp-json\/wp\/v2\/product\/85140\/revisions"}],"predecessor-version":[{"id":106439,"href":"https:\/\/www.irdin.org.br\/site\/wp-json\/wp\/v2\/product\/85140\/revisions\/106439"}],"wp:featuredmedia":[{"embeddable":true,"href":"https:\/\/www.irdin.org.br\/site\/wp-json\/wp\/v2\/media\/88255"}],"wp:attachment":[{"href":"https:\/\/www.irdin.org.br\/site\/wp-json\/wp\/v2\/media?parent=85140"}],"wp:term":[{"taxonomy":"product_brand","embeddable":true,"href":"https:\/\/www.irdin.org.br\/site\/wp-json\/wp\/v2\/product_brand?post=85140"},{"taxonomy":"product_cat","embeddable":true,"href":"https:\/\/www.irdin.org.br\/site\/wp-json\/wp\/v2\/product_cat?post=85140"},{"taxonomy":"product_tag","embeddable":true,"href":"https:\/\/www.irdin.org.br\/site\/wp-json\/wp\/v2\/product_tag?post=85140"}],"curies":[{"name":"wp","href":"https:\/\/api.w.org\/{rel}","templated":true}]}}