{"id":85147,"date":"2025-11-01T00:00:00","date_gmt":"2025-11-01T03:00:00","guid":{"rendered":"http:\/\/www.irdin.org.br\/site\/produto\/um-novo-impulso-astrologico-2\/"},"modified":"2026-04-15T07:53:14","modified_gmt":"2026-04-15T10:53:14","slug":"9788531508233","status":"publish","type":"product","link":"https:\/\/www.irdin.org.br\/site\/produtos\/9788531508233\/","title":{"rendered":"Um Novo Impulso Astrol\u00f3gico"},"content":{"rendered":"<p>De certa maneira o interesse pelo Cosmos \u00e9 t\u00e3o antigo quanto a humanidade. Mesmo nas mais rudimentares inscri\u00e7\u00f5es pr\u00e9-hist\u00f3ricas encontram-se s\u00edmbolos relacionados com a ab\u00f3bada celeste. Todavia, h\u00e1 bastante tempo percebe-se a necessidade de reformula\u00e7\u00f5es no campo do desenvolvimento planet\u00e1rio referente \u00e0 Astrologia. At\u00e9 hoje n\u00e3o era essencial para a evolu\u00e7\u00e3o da humanidade a revela\u00e7\u00e3o de novas perspectivas nesse campo, por\u00e9m, abriram-se portais c\u00f3smicos e ocorreram mudan\u00e7as na consci\u00eancia do planeta, tornando necess\u00e1ria a transmiss\u00e3o de impulsos que coliguem os seres humanos com esferas mais amplas e profundas do que as at\u00e9 ent\u00e3o a eles acess\u00edveis. Este livro \u00e9 fruto dessa abertura, e a pr\u00e1tica do ensinamento por ele trazido requer sintonia com o mundo intuitivo e com os padr\u00f5es arquet\u00edpicos extraplanet\u00e1rios que vigoram no sistema solar. Deixa antever em suas entrelinhas algo abrangente e misteriosamente belo, algo que permanece como um convite, despertando no leitor a aspira\u00e7\u00e3o de ir ao encontro de uma vida infinita.<\/p>\n<p><a class=\"pdf\" href=\"\/pdf\/Um Novo Impulso Astrologico_WEB.pdf\" target=\"_blank\" rel=\"noopener\">Baixar Gratuitamente<\/a><\/p>\n<p>&nbsp;<\/p>\n","protected":false},"excerpt":{"rendered":"<p>De certa maneira o interesse pelo Cosmos \u00e9 t\u00e3o antigo quanto a humanidade. Mesmo nas mais rudimentares inscri\u00e7\u00f5es pr\u00e9-hist\u00f3ricas encontram-se<\/p>\n","protected":false},"featured_media":109998,"template":"","meta":{"_acf_changed":false},"product_brand":[],"product_cat":[33286,17972],"product_tag":[33354,44138],"class_list":{"0":"post-85147","1":"product","2":"type-product","3":"status-publish","4":"has-post-thumbnail","6":"product_cat-livro","7":"product_cat-livros-livro","8":"product_tag-33354","9":"product_tag-destaque","10":"pa_autor-trigueirinho","11":"pa_classe-do-produto-fisico","12":"pa_codigo-de-barras-23370","13":"pa_codigo-externo-tr047pep","14":"pa_data-de-lancamento-21794","15":"pa_idioma-de-destino-portugues","16":"pa_idioma-de-origem-portugues","17":"pa_lancamento-no","18":"pa_midia-papel","19":"pa_moac-33556","20":"pa_quantidade-de-saldo-33010","21":"pa_tipo-de-traducao-nao-classificado","23":"first","24":"instock","25":"featured","26":"purchasable","27":"product-type-simple"},"acf":[],"_links":{"self":[{"href":"https:\/\/www.irdin.org.br\/site\/wp-json\/wp\/v2\/product\/85147","targetHints":{"allow":["GET"]}}],"collection":[{"href":"https:\/\/www.irdin.org.br\/site\/wp-json\/wp\/v2\/product"}],"about":[{"href":"https:\/\/www.irdin.org.br\/site\/wp-json\/wp\/v2\/types\/product"}],"version-history":[{"count":3,"href":"https:\/\/www.irdin.org.br\/site\/wp-json\/wp\/v2\/product\/85147\/revisions"}],"predecessor-version":[{"id":110001,"href":"https:\/\/www.irdin.org.br\/site\/wp-json\/wp\/v2\/product\/85147\/revisions\/110001"}],"wp:featuredmedia":[{"embeddable":true,"href":"https:\/\/www.irdin.org.br\/site\/wp-json\/wp\/v2\/media\/109998"}],"wp:attachment":[{"href":"https:\/\/www.irdin.org.br\/site\/wp-json\/wp\/v2\/media?parent=85147"}],"wp:term":[{"taxonomy":"product_brand","embeddable":true,"href":"https:\/\/www.irdin.org.br\/site\/wp-json\/wp\/v2\/product_brand?post=85147"},{"taxonomy":"product_cat","embeddable":true,"href":"https:\/\/www.irdin.org.br\/site\/wp-json\/wp\/v2\/product_cat?post=85147"},{"taxonomy":"product_tag","embeddable":true,"href":"https:\/\/www.irdin.org.br\/site\/wp-json\/wp\/v2\/product_tag?post=85147"}],"curies":[{"name":"wp","href":"https:\/\/api.w.org\/{rel}","templated":true}]}}