{"id":85163,"date":"1998-01-01T00:00:00","date_gmt":"1998-01-01T00:00:00","guid":{"rendered":"http:\/\/www.irdin.org.br\/site\/produto\/caminho-sem-sombras-2\/"},"modified":"2023-03-10T10:33:21","modified_gmt":"2023-03-10T10:33:21","slug":"caminho-sem-sombras-2","status":"publish","type":"product","link":"https:\/\/www.irdin.org.br\/site\/produtos\/caminho-sem-sombras-2\/","title":{"rendered":"Caminho Sem Sombras"},"content":{"rendered":"<p>Na vida de todos chega um momento em que \u00e9 preciso encontrar uma trilha de luz e nela ingressar. O que a ilumina prov\u00e9m de fontes inextingu\u00edveis que se revelam quando h\u00e1 a decis\u00e3o de assumir uma vida mais pura. Este livro deixa entrever os passos que levam ao limiar dessa trilha e transmite a energia necess\u00e1ria para que se possa cruz\u00e1-lo.<\/p>\n<p><a class=\"pdf\" href=\"\/pdf\/Caminho sem Sombras_WEB.pdf\" target=\"_blank\" rel=\"noopener\">Baixar Gratuitamente<\/a><\/p>\n<p>&nbsp;<\/p>\n","protected":false},"excerpt":{"rendered":"<p>Na vida de todos chega um momento em que \u00e9 preciso encontrar uma trilha de luz e nela ingressar. O<\/p>\n","protected":false},"featured_media":1379,"template":"","meta":{"_acf_changed":false},"product_brand":[],"product_cat":[33286,17972],"product_tag":[33370],"class_list":{"0":"post-85163","1":"product","2":"type-product","3":"status-publish","4":"has-post-thumbnail","6":"product_cat-livro","7":"product_cat-livros-livro","8":"product_tag-33370","9":"pa_autor-trigueirinho","10":"pa_classe-do-produto-fisico","11":"pa_codigo-de-barras-23470","12":"pa_codigo-externo-tr061pep","13":"pa_data-de-lancamento-21784","14":"pa_idioma-de-destino-portugues","15":"pa_idioma-de-origem-portugues","16":"pa_lancamento-no","17":"pa_midia-papel","18":"pa_moac-33588","19":"pa_quantidade-de-saldo-32994","20":"pa_tipo-de-traducao-nao-classificado","22":"first","23":"outofstock","24":"product-type-simple"},"acf":[],"_links":{"self":[{"href":"https:\/\/www.irdin.org.br\/site\/wp-json\/wp\/v2\/product\/85163","targetHints":{"allow":["GET"]}}],"collection":[{"href":"https:\/\/www.irdin.org.br\/site\/wp-json\/wp\/v2\/product"}],"about":[{"href":"https:\/\/www.irdin.org.br\/site\/wp-json\/wp\/v2\/types\/product"}],"version-history":[{"count":1,"href":"https:\/\/www.irdin.org.br\/site\/wp-json\/wp\/v2\/product\/85163\/revisions"}],"predecessor-version":[{"id":103766,"href":"https:\/\/www.irdin.org.br\/site\/wp-json\/wp\/v2\/product\/85163\/revisions\/103766"}],"wp:featuredmedia":[{"embeddable":true,"href":"https:\/\/www.irdin.org.br\/site\/wp-json\/wp\/v2\/media\/1379"}],"wp:attachment":[{"href":"https:\/\/www.irdin.org.br\/site\/wp-json\/wp\/v2\/media?parent=85163"}],"wp:term":[{"taxonomy":"product_brand","embeddable":true,"href":"https:\/\/www.irdin.org.br\/site\/wp-json\/wp\/v2\/product_brand?post=85163"},{"taxonomy":"product_cat","embeddable":true,"href":"https:\/\/www.irdin.org.br\/site\/wp-json\/wp\/v2\/product_cat?post=85163"},{"taxonomy":"product_tag","embeddable":true,"href":"https:\/\/www.irdin.org.br\/site\/wp-json\/wp\/v2\/product_tag?post=85163"}],"curies":[{"name":"wp","href":"https:\/\/api.w.org\/{rel}","templated":true}]}}