{"id":85168,"date":"1999-07-09T00:00:00","date_gmt":"1999-07-09T00:00:00","guid":{"rendered":"http:\/\/www.irdin.org.br\/site\/produto\/nada-nos-falta-3\/"},"modified":"2025-03-16T02:35:54","modified_gmt":"2025-03-16T02:35:54","slug":"nada-nos-falta-3","status":"publish","type":"product","link":"https:\/\/www.irdin.org.br\/site\/produtos\/nada-nos-falta-3\/","title":{"rendered":"Nada nos Falta (portugu\u00eas)"},"content":{"rendered":"<p>Os contatos com os mundos superiores baseiam-se em princ\u00edpios bem simples. Devem ser aguardados serenamente para a consci\u00eancia adaptar-se \u00e0s realidades imateriais sem rigidez de conduta. \u00c9 desse trabalho de paci\u00eancia e amor, feito como se o tempo n\u00e3o estivesse passando, que surge a aten\u00e7\u00e3o perfeita a todos os fatos da exist\u00eancia. Trata-se de n\u00e3o resistir ao verdadeiro fluir da vida.<\/p>\n<p><a class=\"pdf\" href=\"\/pdf\/Nada nos Falta_WEB.pdf\" target=\"_blank\" rel=\"noopener\">Baixar Gratuitamente<\/a><\/p>\n<p>&nbsp;<\/p>\n","protected":false},"excerpt":{"rendered":"<p>Os contatos com os mundos superiores baseiam-se em princ\u00edpios bem simples. Devem ser aguardados serenamente para a consci\u00eancia adaptar-se \u00e0s<\/p>\n","protected":false},"featured_media":1401,"template":"","meta":{"_acf_changed":false},"product_brand":[],"product_cat":[33286,17972],"product_tag":[33375],"class_list":{"0":"post-85168","1":"product","2":"type-product","3":"status-publish","4":"has-post-thumbnail","6":"product_cat-livro","7":"product_cat-livros-livro","8":"product_tag-33375","9":"pa_autor-trigueirinho","10":"pa_classe-do-produto-fisico","11":"pa_codigo-de-barras-23505","12":"pa_codigo-externo-tr066pep","13":"pa_data-de-lancamento-23491","14":"pa_idioma-de-destino-portugues","15":"pa_idioma-de-origem-portugues","16":"pa_lancamento-no","17":"pa_midia-papel","18":"pa_moac-34027","19":"pa_quantidade-de-saldo-33010","20":"pa_tipo-de-traducao-nao-classificado","22":"first","23":"outofstock","24":"product-type-simple"},"acf":[],"_links":{"self":[{"href":"https:\/\/www.irdin.org.br\/site\/wp-json\/wp\/v2\/product\/85168","targetHints":{"allow":["GET"]}}],"collection":[{"href":"https:\/\/www.irdin.org.br\/site\/wp-json\/wp\/v2\/product"}],"about":[{"href":"https:\/\/www.irdin.org.br\/site\/wp-json\/wp\/v2\/types\/product"}],"version-history":[{"count":2,"href":"https:\/\/www.irdin.org.br\/site\/wp-json\/wp\/v2\/product\/85168\/revisions"}],"predecessor-version":[{"id":109462,"href":"https:\/\/www.irdin.org.br\/site\/wp-json\/wp\/v2\/product\/85168\/revisions\/109462"}],"wp:featuredmedia":[{"embeddable":true,"href":"https:\/\/www.irdin.org.br\/site\/wp-json\/wp\/v2\/media\/1401"}],"wp:attachment":[{"href":"https:\/\/www.irdin.org.br\/site\/wp-json\/wp\/v2\/media?parent=85168"}],"wp:term":[{"taxonomy":"product_brand","embeddable":true,"href":"https:\/\/www.irdin.org.br\/site\/wp-json\/wp\/v2\/product_brand?post=85168"},{"taxonomy":"product_cat","embeddable":true,"href":"https:\/\/www.irdin.org.br\/site\/wp-json\/wp\/v2\/product_cat?post=85168"},{"taxonomy":"product_tag","embeddable":true,"href":"https:\/\/www.irdin.org.br\/site\/wp-json\/wp\/v2\/product_tag?post=85168"}],"curies":[{"name":"wp","href":"https:\/\/api.w.org\/{rel}","templated":true}]}}