{"id":85172,"date":"1999-07-09T00:00:00","date_gmt":"1999-07-09T00:00:00","guid":{"rendered":"http:\/\/www.irdin.org.br\/site\/produto\/nova-vida-bate-a-porta-2\/"},"modified":"2021-08-29T04:08:06","modified_gmt":"2021-08-29T04:08:06","slug":"nova-vida-bate-a-porta-2","status":"publish","type":"product","link":"https:\/\/www.irdin.org.br\/site\/produtos\/nova-vida-bate-a-porta-2\/","title":{"rendered":"Nova Vida bate \u00e0 Porta"},"content":{"rendered":"<p>H\u00e1 muitos caminhos para contatar \u00e1reas do cosmos ainda desconhecidas. Em certo sentido, o homem moderno ficou desconcertado por n\u00e3o saber onde realmente obter o conhecimento que seus antecessores possu\u00edam. Mas agora sabe que dever\u00e1 dispor-se a uma experi\u00eancia que para ele \u00e9 nova.<\/p>\n<p>&nbsp;<\/p>\n","protected":false},"excerpt":{"rendered":"<p>H\u00e1 muitos caminhos para contatar \u00e1reas do cosmos ainda desconhecidas. Em certo sentido, o homem moderno ficou desconcertado por n\u00e3o<\/p>\n","protected":false},"featured_media":1411,"template":"","meta":{"_acf_changed":false},"product_brand":[],"product_cat":[33286,17972],"product_tag":[33379],"class_list":{"0":"post-85172","1":"product","2":"type-product","3":"status-publish","4":"has-post-thumbnail","6":"product_cat-livro","7":"product_cat-livros-livro","8":"product_tag-33379","9":"pa_autor-trigueirinho","10":"pa_classe-do-produto-fisico","11":"pa_codigo-de-barras-23518","12":"pa_codigo-externo-tr068pep","13":"pa_data-de-lancamento-23491","14":"pa_idioma-de-destino-portugues","15":"pa_idioma-de-origem-portugues","16":"pa_lancamento-no","17":"pa_midia-papel","18":"pa_moac-33604","19":"pa_quantidade-de-saldo-32994","20":"pa_tipo-de-traducao-nao-classificado","22":"first","23":"outofstock","24":"product-type-simple"},"acf":[],"_links":{"self":[{"href":"https:\/\/www.irdin.org.br\/site\/wp-json\/wp\/v2\/product\/85172","targetHints":{"allow":["GET"]}}],"collection":[{"href":"https:\/\/www.irdin.org.br\/site\/wp-json\/wp\/v2\/product"}],"about":[{"href":"https:\/\/www.irdin.org.br\/site\/wp-json\/wp\/v2\/types\/product"}],"version-history":[{"count":0,"href":"https:\/\/www.irdin.org.br\/site\/wp-json\/wp\/v2\/product\/85172\/revisions"}],"wp:featuredmedia":[{"embeddable":true,"href":"https:\/\/www.irdin.org.br\/site\/wp-json\/wp\/v2\/media\/1411"}],"wp:attachment":[{"href":"https:\/\/www.irdin.org.br\/site\/wp-json\/wp\/v2\/media?parent=85172"}],"wp:term":[{"taxonomy":"product_brand","embeddable":true,"href":"https:\/\/www.irdin.org.br\/site\/wp-json\/wp\/v2\/product_brand?post=85172"},{"taxonomy":"product_cat","embeddable":true,"href":"https:\/\/www.irdin.org.br\/site\/wp-json\/wp\/v2\/product_cat?post=85172"},{"taxonomy":"product_tag","embeddable":true,"href":"https:\/\/www.irdin.org.br\/site\/wp-json\/wp\/v2\/product_tag?post=85172"}],"curies":[{"name":"wp","href":"https:\/\/api.w.org\/{rel}","templated":true}]}}