{"id":85178,"date":"2003-01-01T00:00:00","date_gmt":"2003-01-01T00:00:00","guid":{"rendered":"http:\/\/www.irdin.org.br\/site\/produto\/un-appel-a-lhumanite\/"},"modified":"2025-12-22T09:44:28","modified_gmt":"2025-12-22T12:44:28","slug":"9788493234980","status":"publish","type":"product","link":"https:\/\/www.irdin.org.br\/site\/produtos\/9788493234980\/","title":{"rendered":"Un Appel \u00e0 l\u00b4Humanit\u00e9"},"content":{"rendered":"<p>La Plan\u00e8te Terre franchit une \u00e9tape unique dans son \u00e9volution. L&#8217;Humanit\u00e9 est maintenant pr\u00eate \u00e0 vivre des changements inimaginables jusque l\u00e0. Jos\u00e9 Trigueirinho, \u00e9crivain et chercheur authentique, a v\u00e9cu une exp\u00e9rience de transmigration de l&#8217;\u00e2me en 1988. Depuis, il partage des informations sp\u00e9cifiques \u00e0 propos des enjeux des temps \u00e0 venir, et de notre coop\u00e9ration pour que la plan\u00e8te Terre retrouve la place qui lui revient au sein du Cosmos. Il a cr\u00e9\u00e9 un centre spirituel au Br\u00e9sil, qui manifeste la vie selon les lois sup\u00e9rieures et o\u00f9 ceux qui s&#8217;engagent sur la voie d&#8217;\u00e9volution peuvent se pr\u00e9parer pour le changement plan\u00e9taire.<\/p>\n<p>&nbsp;<\/p>\n","protected":false},"excerpt":{"rendered":"<p>La Plan\u00e8te Terre franchit une \u00e9tape unique dans son \u00e9volution. L&#8217;Humanit\u00e9 est maintenant pr\u00eate \u00e0 vivre des changements inimaginables jusque<\/p>\n","protected":false},"featured_media":1429,"template":"","meta":{"_acf_changed":false},"product_brand":[],"product_cat":[33286,17972],"product_tag":[33385],"class_list":{"0":"post-85178","1":"product","2":"type-product","3":"status-publish","4":"has-post-thumbnail","6":"product_cat-livro","7":"product_cat-livros-livro","8":"product_tag-33385","9":"pa_autor-trigueirinho","10":"pa_classe-do-produto-fisico","11":"pa_codigo-de-barras-23543","12":"pa_codigo-externo-tr071vpf","13":"pa_data-de-lancamento-22055","14":"pa_idioma-de-destino-frances","15":"pa_idioma-de-origem-portugues","16":"pa_lancamento-no","17":"pa_midia-papel","18":"pa_moac-33616","19":"pa_quantidade-de-saldo-32994","20":"pa_tipo-de-traducao-nao-classificado","22":"first","23":"instock","24":"purchasable","25":"product-type-simple"},"acf":[],"_links":{"self":[{"href":"https:\/\/www.irdin.org.br\/site\/wp-json\/wp\/v2\/product\/85178","targetHints":{"allow":["GET"]}}],"collection":[{"href":"https:\/\/www.irdin.org.br\/site\/wp-json\/wp\/v2\/product"}],"about":[{"href":"https:\/\/www.irdin.org.br\/site\/wp-json\/wp\/v2\/types\/product"}],"version-history":[{"count":2,"href":"https:\/\/www.irdin.org.br\/site\/wp-json\/wp\/v2\/product\/85178\/revisions"}],"predecessor-version":[{"id":109636,"href":"https:\/\/www.irdin.org.br\/site\/wp-json\/wp\/v2\/product\/85178\/revisions\/109636"}],"wp:featuredmedia":[{"embeddable":true,"href":"https:\/\/www.irdin.org.br\/site\/wp-json\/wp\/v2\/media\/1429"}],"wp:attachment":[{"href":"https:\/\/www.irdin.org.br\/site\/wp-json\/wp\/v2\/media?parent=85178"}],"wp:term":[{"taxonomy":"product_brand","embeddable":true,"href":"https:\/\/www.irdin.org.br\/site\/wp-json\/wp\/v2\/product_brand?post=85178"},{"taxonomy":"product_cat","embeddable":true,"href":"https:\/\/www.irdin.org.br\/site\/wp-json\/wp\/v2\/product_cat?post=85178"},{"taxonomy":"product_tag","embeddable":true,"href":"https:\/\/www.irdin.org.br\/site\/wp-json\/wp\/v2\/product_tag?post=85178"}],"curies":[{"name":"wp","href":"https:\/\/api.w.org\/{rel}","templated":true}]}}