{"id":85183,"date":"2018-04-26T18:51:59","date_gmt":"2018-04-26T18:51:59","guid":{"rendered":"http:\/\/www.irdin.org.br\/site\/produto\/consciencias-e-hierarquias\/"},"modified":"2026-04-16T09:50:11","modified_gmt":"2026-04-16T12:50:11","slug":"9788560835270","status":"publish","type":"product","link":"https:\/\/www.irdin.org.br\/site\/produtos\/9788560835270\/","title":{"rendered":"Consci\u00eancias e Hierarquias"},"content":{"rendered":"<p>No momento de tanta necessidade interior que vivemos, Trigueirinho apresenta-nos um livro em linguagem simples e direta, deixando claro o quanto as Hierarquias Espirituais est\u00e3o pr\u00f3ximas da humanidade. E o que \u00e9 mais revelador: essas Consci\u00eancias e Hierarquias\u00b4 est\u00e3o dispon\u00edveis, mais do que em qualquer outra \u00e9poca, para transmitir Suas mensagens ao seres receptivos \u00e0 instru\u00e7\u00e3o que vem do Alto, da fonte origina de sabedoria. Neste livro, encontram-se reunidas mensagens atuais que Grandes Entidades, como Cristo Samana, Mainhdra, Muriel, Khuthullim, Lhuthieliuk e Mishuk, transmitiram a seres contato de um Grupo Operativo, que atuam em sintonia com os Centros Planet\u00e1rios Aurora e Mirna Jad.<\/p>\n<p><a class=\"pdf\" href=\"\/pdf\/Consciecias_e_Hierarquias _por_web.pdf\" target=\"_blank\" rel=\"noopener\">Baixar Gratuitamente<\/a> \u00b4<\/p>\n","protected":false},"excerpt":{"rendered":"<p>No momento de tanta necessidade interior que vivemos, Trigueirinho apresenta-nos um livro em linguagem simples e direta, deixando claro o<\/p>\n","protected":false},"featured_media":1454,"template":"","meta":{"_acf_changed":false},"product_brand":[],"product_cat":[33286,17972],"product_tag":[33390],"class_list":{"0":"post-85183","1":"product","2":"type-product","3":"status-publish","4":"has-post-thumbnail","6":"product_cat-livro","7":"product_cat-livros-livro","8":"product_tag-33390","9":"pa_autor-trigueirinho","10":"pa_classe-do-produto-fisico","11":"pa_codigo-de-barras-23584","12":"pa_codigo-externo-tr077irp","13":"pa_data-de-lancamento-23586","14":"pa_idioma-de-destino-portugues","15":"pa_idioma-de-origem-portugues","16":"pa_lancamento-no","17":"pa_midia-papel","18":"pa_moac-33626","19":"pa_quantidade-de-saldo-33008","20":"pa_tipo-de-traducao-nao-classificado","22":"first","23":"instock","24":"sale","25":"purchasable","26":"product-type-simple"},"acf":[],"_links":{"self":[{"href":"https:\/\/www.irdin.org.br\/site\/wp-json\/wp\/v2\/product\/85183","targetHints":{"allow":["GET"]}}],"collection":[{"href":"https:\/\/www.irdin.org.br\/site\/wp-json\/wp\/v2\/product"}],"about":[{"href":"https:\/\/www.irdin.org.br\/site\/wp-json\/wp\/v2\/types\/product"}],"version-history":[{"count":2,"href":"https:\/\/www.irdin.org.br\/site\/wp-json\/wp\/v2\/product\/85183\/revisions"}],"predecessor-version":[{"id":106410,"href":"https:\/\/www.irdin.org.br\/site\/wp-json\/wp\/v2\/product\/85183\/revisions\/106410"}],"wp:featuredmedia":[{"embeddable":true,"href":"https:\/\/www.irdin.org.br\/site\/wp-json\/wp\/v2\/media\/1454"}],"wp:attachment":[{"href":"https:\/\/www.irdin.org.br\/site\/wp-json\/wp\/v2\/media?parent=85183"}],"wp:term":[{"taxonomy":"product_brand","embeddable":true,"href":"https:\/\/www.irdin.org.br\/site\/wp-json\/wp\/v2\/product_brand?post=85183"},{"taxonomy":"product_cat","embeddable":true,"href":"https:\/\/www.irdin.org.br\/site\/wp-json\/wp\/v2\/product_cat?post=85183"},{"taxonomy":"product_tag","embeddable":true,"href":"https:\/\/www.irdin.org.br\/site\/wp-json\/wp\/v2\/product_tag?post=85183"}],"curies":[{"name":"wp","href":"https:\/\/api.w.org\/{rel}","templated":true}]}}