{"id":85189,"date":"2018-04-26T18:51:59","date_gmt":"2018-04-26T18:51:59","guid":{"rendered":"http:\/\/www.irdin.org.br\/site\/produto\/mensagens-de-misericordia-sagrado-e-glorificado-coracao-de-jesus\/"},"modified":"2026-04-10T10:12:50","modified_gmt":"2026-04-10T13:12:50","slug":"9788560835973","status":"publish","type":"product","link":"https:\/\/www.irdin.org.br\/site\/produtos\/9788560835973\/","title":{"rendered":"Mensagens de Miseric\u00f3rdia &#8211; Sagrado e Glorificado Cora\u00e7\u00e3o de Jesus (capa flex\u00edvel)"},"content":{"rendered":"<p><em>A partir do estudo desta Obra, o leitor ser\u00e1 convidado a vivenciar um contato \u00edntimo com Jesus e Seu Amor Misericordioso. Poder\u00e1 reconhecer que a leitura atenta de cada mensagem, dia a dia, fortalecer\u00e1 em seu mundo interno os atributos que s\u00e3o a base para o despertar espiritual e o ingresso no caminho do disc\u00edpulo e do apostolado cr\u00edstico.<\/em><br \/>\nNo dia 5 de janeiro de 2013, Cristo Jesus apresentou-Se ao vidente Frei El\u00edas del Sagrado Coraz\u00f3n com a face de Sua segunda vinda, o Sagrado e Glorificado Cora\u00e7\u00e3o de Jesus, e anunciou que, a partir de ent\u00e3o, come\u00e7aria a transmitir mensagens di\u00e1rias para a humanidade.<br \/>\nO livro\u00a0<strong>Mensagens de Miseric\u00f3rdia<\/strong>, da Irdin Editora, traz as instru\u00e7\u00f5es di\u00e1rias transmitidas por Cristo Jesus no per\u00edodo de janeiro de 2013 a janeiro de 2014. Com esses preciosos ensinamentos, o Mestre amplia nossas consci\u00eancias sobre o significado dos tempos atuais e, principalmente, revela as chaves espirituais para ingressarmos em Seu Reino de Paz.<br \/>\nA cada p\u00e1gina, temos a d\u00e1diva de entrar em contato com o infinito manancial de Amor que brota do Sacrat\u00edssimo Cora\u00e7\u00e3o de Jesus. Suas santas e poderosas palavras anunciam que ainda estamos no tempo da Miseric\u00f3rdia Divina, um tempo de Gra\u00e7as para aqueles que se abrirem a transformar suas vidas por meio da convers\u00e3o e da reconcilia\u00e7\u00e3o com Deus.<br \/>\nCristo Jesus declarou, em mensagem transmitida no dia 17 de outubro de 2013:<br \/>\n<strong><i>\u0093Lembre-se sempre do poder infinito de Minha Palavra. Assim, alimentar\u00e1 atrav\u00e9s dela seu pequeno esp\u00edrito, para que, na hora definitiva, nada dentro de voc\u00ea possa surpreend\u00ea-lo.\u00a0Lembre-se do poder de Meu Verbo Criador e mergulhe sua alma no oceano poderoso de Minhas Palavras, para que, em seu ser, desperte o amor invenc\u00edvel por Minha Presen\u00e7a Celestial\u0094.<\/i><\/strong><br \/>\nPor interm\u00e9dio de Suas Mensagens, Nosso Senhor revela \u00e0 humanidade instru\u00e7\u00f5es espirituais precisas para o tempo em que vivemos. Num sentido mais oculto, Sua Divina Presen\u00e7a preenche de b\u00ean\u00e7\u00e3os os nossos cora\u00e7\u00f5es, resgata em nosso \u00edntimo a sintonia com Leis Universais e auxilia no reconhecimento do Prop\u00f3sito Divino para nossas vidas. Dessa forma, o Mestre nos prepara para o momento do Seu esperado Retorno, anunciado h\u00e1 dois mil\u00eanios.<\/p>\n<p><a class=\"pdf\" href=\"\/pdf\/Mensagens_de_Cristo_POR_WEB.pdf\" target=\"_blank\" rel=\"noopener\">Baixar Gratuitamente<\/a><\/p>\n<p>&nbsp;<\/p>\n","protected":false},"excerpt":{"rendered":"<p>A partir do estudo desta Obra, o leitor ser\u00e1 convidado a vivenciar um contato \u00edntimo com Jesus e Seu Amor<\/p>\n","protected":false},"featured_media":58890,"template":"","meta":{"_acf_changed":false},"product_brand":[],"product_cat":[33286,17972],"product_tag":[33396],"class_list":{"0":"post-85189","1":"product","2":"type-product","3":"status-publish","4":"has-post-thumbnail","6":"product_cat-livro","7":"product_cat-livros-livro","8":"product_tag-33396","9":"pa_autor-frei-elias-del-sagrado-corazon","10":"pa_autor-madre-maria-shimani","11":"pa_classe-do-produto-fisico","12":"pa_codigo-de-barras-44217","13":"pa_idioma-de-destino-portugues","14":"pa_idioma-de-origem-espanhol","15":"pa_lancamento-no","16":"pa_midia-papel","17":"pa_moac-33638","18":"pa_quantidade-de-paginas-43966","19":"pa_quantidade-de-saldo-33282","20":"pa_tipo-de-traducao-nao-classificado","22":"first","23":"instock","24":"purchasable","25":"product-type-simple"},"acf":[],"_links":{"self":[{"href":"https:\/\/www.irdin.org.br\/site\/wp-json\/wp\/v2\/product\/85189","targetHints":{"allow":["GET"]}}],"collection":[{"href":"https:\/\/www.irdin.org.br\/site\/wp-json\/wp\/v2\/product"}],"about":[{"href":"https:\/\/www.irdin.org.br\/site\/wp-json\/wp\/v2\/types\/product"}],"version-history":[{"count":3,"href":"https:\/\/www.irdin.org.br\/site\/wp-json\/wp\/v2\/product\/85189\/revisions"}],"predecessor-version":[{"id":109586,"href":"https:\/\/www.irdin.org.br\/site\/wp-json\/wp\/v2\/product\/85189\/revisions\/109586"}],"wp:featuredmedia":[{"embeddable":true,"href":"https:\/\/www.irdin.org.br\/site\/wp-json\/wp\/v2\/media\/58890"}],"wp:attachment":[{"href":"https:\/\/www.irdin.org.br\/site\/wp-json\/wp\/v2\/media?parent=85189"}],"wp:term":[{"taxonomy":"product_brand","embeddable":true,"href":"https:\/\/www.irdin.org.br\/site\/wp-json\/wp\/v2\/product_brand?post=85189"},{"taxonomy":"product_cat","embeddable":true,"href":"https:\/\/www.irdin.org.br\/site\/wp-json\/wp\/v2\/product_cat?post=85189"},{"taxonomy":"product_tag","embeddable":true,"href":"https:\/\/www.irdin.org.br\/site\/wp-json\/wp\/v2\/product_tag?post=85189"}],"curies":[{"name":"wp","href":"https:\/\/api.w.org\/{rel}","templated":true}]}}