{"id":85192,"date":"1988-01-01T00:00:00","date_gmt":"1988-01-01T00:00:00","guid":{"rendered":"http:\/\/www.irdin.org.br\/site\/produto\/caminhos-para-a-cura-interior-2\/"},"modified":"2026-03-17T10:35:16","modified_gmt":"2026-03-17T13:35:16","slug":"9788554410100","status":"publish","type":"product","link":"https:\/\/www.irdin.org.br\/site\/produtos\/9788554410100\/","title":{"rendered":"Caminhos para a Cura Interior"},"content":{"rendered":"<p>A enfermidade existe nos n\u00edveis f\u00edsico-et\u00e9rico, emocional e mental, mas n\u00e3o al\u00e9m deles. Sempre que o pensamento e a energia estiverem centrados em caracter\u00edsticas materiais, como, por exemplo, enfocando de modo exclusivo os assuntos da personalidade, estaremos mais sujeitos \u00e0s doen\u00e7as, dado que \u00e9 exatamente nesse n\u00edvel que elas existem. Para estarmos relativamente livres dessa condi\u00e7\u00e3o de desarmonia, necessitamos concentrar-nos na id\u00e9ia de que a maior parte do Ser se encontra em n\u00edveis supramentais e tomar consci\u00eancia disso de maneira cada vez mais clara. Este livro \u00e9 um roteiro para conseguirmos essa nova atitude. Mostra-nos a origem das doen\u00e7as, suas fun\u00e7\u00f5es mais profundas e nosso correto relacionamento do indiv\u00edduo com os seus corpos. Mostra-nos, tamb\u00e9m, o trabalho com a purifica\u00e7\u00e3o das c\u00e9lulas, o esfor\u00e7o sem luta, a quest\u00e3o do sofrimento e da dor e, principalmente, a grande prote\u00e7\u00e3o com que podemos contar quando tomamos certas decis\u00f5es. Caminhos para a Cura Interior \u00e9 um roteiro que nos indica como mudar para melhor o rumo do nosso destino terreno.<\/p>\n<p><a class=\"pdf\" href=\"\/pdf\/Caminhos_para_a_Cura_Interior_WEB.pdf\" target=\"_blank\" rel=\"noopener\">Baixar Gratuitamente<\/a><\/p>\n<p>&nbsp;<\/p>\n","protected":false},"excerpt":{"rendered":"<p>A enfermidade existe nos n\u00edveis f\u00edsico-et\u00e9rico, emocional e mental, mas n\u00e3o al\u00e9m deles. Sempre que o pensamento e a energia<\/p>\n","protected":false},"featured_media":86210,"template":"","meta":{"_acf_changed":false},"product_brand":[],"product_cat":[33286,17972],"product_tag":[33399],"class_list":{"0":"post-85192","1":"product","2":"type-product","3":"status-publish","4":"has-post-thumbnail","6":"product_cat-livro","7":"product_cat-livros-livro","8":"product_tag-33399","9":"pa_autor-trigueirinho","10":"pa_classe-do-produto-fisico","11":"pa_codigo-de-barras-44218","12":"pa_codigo-externo-tr006pep","13":"pa_data-de-lancamento-23117","14":"pa_idioma-de-destino-portugues","15":"pa_idioma-de-origem-portugues","16":"pa_lancamento-no","17":"pa_midia-papel","18":"pa_moac-33644","19":"pa_tipo-de-traducao-nao-classificado","21":"first","22":"instock","23":"purchasable","24":"product-type-simple"},"acf":[],"_links":{"self":[{"href":"https:\/\/www.irdin.org.br\/site\/wp-json\/wp\/v2\/product\/85192","targetHints":{"allow":["GET"]}}],"collection":[{"href":"https:\/\/www.irdin.org.br\/site\/wp-json\/wp\/v2\/product"}],"about":[{"href":"https:\/\/www.irdin.org.br\/site\/wp-json\/wp\/v2\/types\/product"}],"version-history":[{"count":2,"href":"https:\/\/www.irdin.org.br\/site\/wp-json\/wp\/v2\/product\/85192\/revisions"}],"predecessor-version":[{"id":103776,"href":"https:\/\/www.irdin.org.br\/site\/wp-json\/wp\/v2\/product\/85192\/revisions\/103776"}],"wp:featuredmedia":[{"embeddable":true,"href":"https:\/\/www.irdin.org.br\/site\/wp-json\/wp\/v2\/media\/86210"}],"wp:attachment":[{"href":"https:\/\/www.irdin.org.br\/site\/wp-json\/wp\/v2\/media?parent=85192"}],"wp:term":[{"taxonomy":"product_brand","embeddable":true,"href":"https:\/\/www.irdin.org.br\/site\/wp-json\/wp\/v2\/product_brand?post=85192"},{"taxonomy":"product_cat","embeddable":true,"href":"https:\/\/www.irdin.org.br\/site\/wp-json\/wp\/v2\/product_cat?post=85192"},{"taxonomy":"product_tag","embeddable":true,"href":"https:\/\/www.irdin.org.br\/site\/wp-json\/wp\/v2\/product_tag?post=85192"}],"curies":[{"name":"wp","href":"https:\/\/api.w.org\/{rel}","templated":true}]}}