{"id":85201,"date":"2018-04-26T18:52:21","date_gmt":"2018-04-26T18:52:21","guid":{"rendered":"http:\/\/www.irdin.org.br\/site\/produto\/o-livro-dos-sinais\/"},"modified":"2026-01-05T15:20:46","modified_gmt":"2026-01-05T18:20:46","slug":"9788531503757","status":"publish","type":"product","link":"https:\/\/www.irdin.org.br\/site\/produtos\/9788531503757\/","title":{"rendered":"O Livro dos Sinais"},"content":{"rendered":"<p>A hist\u00f3ria de um grupo que atua em conjun\u00e7\u00e3o com energias extraplanet\u00e1rias e como transmissor dessas vibra\u00e7\u00f5es. O contato com as dimens\u00f5es imateriais constitui grande aprendizagem, que o autor procura transmitir valendo-se da colabora\u00e7\u00e3o de seres intraterrenos, extraterrestres e de seus pr\u00f3prios companheiros encarnados, protagonistas do livro. Tais grupos constituem verdadeiros escudos de prote\u00e7\u00e3o diante das for\u00e7as obscuras, hoje mais do que nunca atuantes na \u00f3rbita do planeta Terra. Leitura altamente recomend\u00e1vel tamb\u00e9m aos que se preparam para o contato consciente com a realidade interna, ou parte oculta da Vida.<\/p>\n<p><a class=\"pdf\" href=\"\/pdf\/O_livro_dos_sinais_WEB.pdf\" target=\"_blank\" rel=\"noopener\">Baixar Gratuitamente<\/a><\/p>\n","protected":false},"excerpt":{"rendered":"<p>A hist\u00f3ria de um grupo que atua em conjun\u00e7\u00e3o com energias extraplanet\u00e1rias e como transmissor dessas vibra\u00e7\u00f5es. O contato com<\/p>\n","protected":false},"featured_media":86353,"template":"","meta":{"_acf_changed":false},"product_brand":[],"product_cat":[33286,17972],"product_tag":[33408],"class_list":{"0":"post-85201","1":"product","2":"type-product","3":"status-publish","4":"has-post-thumbnail","6":"product_cat-livro","7":"product_cat-livros-livro","8":"product_tag-33408","9":"pa_autor-trigueirinho","10":"pa_classe-do-produto-fisico","11":"pa_idioma-de-destino-portugues","12":"pa_lancamento-no","13":"pa_midia-papel","14":"pa_moac-33662","15":"pa_quantidade-de-saldo-32994","16":"pa_tipo-de-traducao-nao-classificado","18":"first","19":"instock","20":"purchasable","21":"product-type-simple"},"acf":[],"_links":{"self":[{"href":"https:\/\/www.irdin.org.br\/site\/wp-json\/wp\/v2\/product\/85201","targetHints":{"allow":["GET"]}}],"collection":[{"href":"https:\/\/www.irdin.org.br\/site\/wp-json\/wp\/v2\/product"}],"about":[{"href":"https:\/\/www.irdin.org.br\/site\/wp-json\/wp\/v2\/types\/product"}],"version-history":[{"count":2,"href":"https:\/\/www.irdin.org.br\/site\/wp-json\/wp\/v2\/product\/85201\/revisions"}],"predecessor-version":[{"id":106400,"href":"https:\/\/www.irdin.org.br\/site\/wp-json\/wp\/v2\/product\/85201\/revisions\/106400"}],"wp:featuredmedia":[{"embeddable":true,"href":"https:\/\/www.irdin.org.br\/site\/wp-json\/wp\/v2\/media\/86353"}],"wp:attachment":[{"href":"https:\/\/www.irdin.org.br\/site\/wp-json\/wp\/v2\/media?parent=85201"}],"wp:term":[{"taxonomy":"product_brand","embeddable":true,"href":"https:\/\/www.irdin.org.br\/site\/wp-json\/wp\/v2\/product_brand?post=85201"},{"taxonomy":"product_cat","embeddable":true,"href":"https:\/\/www.irdin.org.br\/site\/wp-json\/wp\/v2\/product_cat?post=85201"},{"taxonomy":"product_tag","embeddable":true,"href":"https:\/\/www.irdin.org.br\/site\/wp-json\/wp\/v2\/product_tag?post=85201"}],"curies":[{"name":"wp","href":"https:\/\/api.w.org\/{rel}","templated":true}]}}