{"id":85237,"date":"1997-01-01T00:00:00","date_gmt":"1997-01-01T00:00:00","guid":{"rendered":"http:\/\/www.irdin.org.br\/site\/produto\/tres-processos-de-cura\/"},"modified":"2026-04-01T14:00:50","modified_gmt":"2026-04-01T17:00:50","slug":"9788560835409","status":"publish","type":"product","link":"https:\/\/www.irdin.org.br\/site\/produtos\/9788560835409\/","title":{"rendered":"Tr\u00eas Processos de Cura"},"content":{"rendered":"<p>Podemos buscar a cura basicamente por tr\u00eas vias. Nas duas primeiras, bem conhecidas, contamos com cirurgias, medicamentos e t\u00e9cnicas de psicologia. Mas a terceira via, embora desconhecida de muitas pessoas, \u00e9 a mais efetiva.<\/p>\n<p><a class=\"pdf\" href=\"\/pdf\/Tres_processos_de_Cura_WEB.pdf\" target=\"_blank\" rel=\"noopener\">Baixar Gratuitamente<\/a><\/p>\n<p>&nbsp;<\/p>\n","protected":false},"excerpt":{"rendered":"<p>Podemos buscar a cura basicamente por tr\u00eas vias. Nas duas primeiras, bem conhecidas, contamos com cirurgias, medicamentos e t\u00e9cnicas de<\/p>\n","protected":false},"featured_media":1533,"template":"","meta":{"_acf_changed":false},"product_brand":[],"product_cat":[33286,33145],"product_tag":[43063],"class_list":{"0":"post-85237","1":"product","2":"type-product","3":"status-publish","4":"has-post-thumbnail","6":"product_cat-livro","7":"product_cat-minilivros","8":"product_tag-43063","9":"pa_autor-trigueirinho","10":"pa_classe-do-produto-fisico","11":"pa_codigo-de-barras-23812","12":"pa_codigo-externo-tr115irp","13":"pa_data-de-lancamento-21899","14":"pa_idioma-de-destino-portugues","15":"pa_idioma-de-origem-portugues","16":"pa_lancamento-no","17":"pa_midia-papel","18":"pa_moac-43062","19":"pa_quantidade-de-saldo-33008","20":"pa_tipo-de-traducao-nao-classificado","22":"first","23":"instock","24":"purchasable","25":"product-type-simple"},"acf":[],"_links":{"self":[{"href":"https:\/\/www.irdin.org.br\/site\/wp-json\/wp\/v2\/product\/85237","targetHints":{"allow":["GET"]}}],"collection":[{"href":"https:\/\/www.irdin.org.br\/site\/wp-json\/wp\/v2\/product"}],"about":[{"href":"https:\/\/www.irdin.org.br\/site\/wp-json\/wp\/v2\/types\/product"}],"version-history":[{"count":1,"href":"https:\/\/www.irdin.org.br\/site\/wp-json\/wp\/v2\/product\/85237\/revisions"}],"predecessor-version":[{"id":109622,"href":"https:\/\/www.irdin.org.br\/site\/wp-json\/wp\/v2\/product\/85237\/revisions\/109622"}],"wp:featuredmedia":[{"embeddable":true,"href":"https:\/\/www.irdin.org.br\/site\/wp-json\/wp\/v2\/media\/1533"}],"wp:attachment":[{"href":"https:\/\/www.irdin.org.br\/site\/wp-json\/wp\/v2\/media?parent=85237"}],"wp:term":[{"taxonomy":"product_brand","embeddable":true,"href":"https:\/\/www.irdin.org.br\/site\/wp-json\/wp\/v2\/product_brand?post=85237"},{"taxonomy":"product_cat","embeddable":true,"href":"https:\/\/www.irdin.org.br\/site\/wp-json\/wp\/v2\/product_cat?post=85237"},{"taxonomy":"product_tag","embeddable":true,"href":"https:\/\/www.irdin.org.br\/site\/wp-json\/wp\/v2\/product_tag?post=85237"}],"curies":[{"name":"wp","href":"https:\/\/api.w.org\/{rel}","templated":true}]}}