{"id":85379,"date":"2018-05-23T02:18:44","date_gmt":"2018-05-23T02:18:44","guid":{"rendered":"http:\/\/www.irdin.org.br\/site\/produto\/a-formacao-de-curadores-2\/"},"modified":"2025-07-13T17:09:38","modified_gmt":"2025-07-13T20:09:38","slug":"a-formacao-de-curadores-2","status":"publish","type":"product","link":"https:\/\/www.irdin.org.br\/site\/produtos\/a-formacao-de-curadores-2\/","title":{"rendered":"A forma\u00e7\u00e3o de curadores"},"content":{"rendered":"<p>Quando algu\u00e9m se torna seu pr\u00f3prio curador, integra-se na vida c\u00f3smica. Isso \u00e9 poss\u00edvel no momento atual. Vem do voltar-se para o centro mais profundo da consci\u00eancia.<\/p>\n<p>&nbsp;<br \/>\n<strong>Ou\u00e7a agora:<\/strong><\/p>\n<p><span data-href=\"https:\/\/www.irdin.org.br\/site\/envios\/audios\/0014_0021__por_por__a_formacao_de_curadores.mp3\" data-title=\"A forma\u00e7\u00e3o de curadores\" data-rel=\"\" data-target=\"\" data-meta=\"#fap-meta-69f2662431c76\" class=\"fap-single-track fap-track-button fap-play-button\" data-enqueue=\"no\" data-autoenqueue=\"no\" title=\"A forma\u00e7\u00e3o de curadores\"><span class=\"fap-icon-play\"><\/span>Ouvir<\/span> <a href=\"https:\/\/www.irdin.org.br\/site\/envios\/audios\/0014_0021__por_por__a_formacao_de_curadores.mp3\" class=\"baixar\" download><span class=\"fa fa-arrow-down\"><\/span>Baixar<\/span><\/a> <span class=\"textobaixar\"> A forma\u00e7\u00e3o de curadores<\/span><\/p>\n","protected":false},"excerpt":{"rendered":"<p>Quando algu\u00e9m se torna seu pr\u00f3prio curador, integra-se na vida c\u00f3smica. Isso \u00e9 poss\u00edvel no momento atual. Vem do voltar-se<\/p>\n","protected":false},"featured_media":85348,"template":"","meta":{"_acf_changed":false},"product_brand":[],"product_cat":[18076,33068],"product_tag":[43133],"class_list":{"0":"post-85379","1":"product","2":"type-product","3":"status-publish","4":"has-post-thumbnail","6":"product_cat-cddvd","7":"product_cat-palestras","8":"product_tag-43133","9":"pa_autor-trigueirinho","10":"pa_codigo-da-serie-32103","11":"pa_codigo-de-barras-43130","12":"pa_codigo-externo-00140021porporcd","13":"pa_codigo-interno-43132","14":"pa_descricao-da-serie-reflexoes","15":"pa_duracao-55-min","16":"pa_idioma-de-destino-portugues","17":"pa_idioma-de-origem-portugues","18":"pa_lancamento-yes","19":"pa_midia-cd","20":"pa_moac-43129","21":"pa_quantidade-de-saldo-33067","22":"pa_sequencial-da-serie-31874","23":"pa_tipo-de-traducao-nao-traduzido","25":"first","26":"outofstock","27":"product-type-simple"},"acf":[],"_links":{"self":[{"href":"https:\/\/www.irdin.org.br\/site\/wp-json\/wp\/v2\/product\/85379","targetHints":{"allow":["GET"]}}],"collection":[{"href":"https:\/\/www.irdin.org.br\/site\/wp-json\/wp\/v2\/product"}],"about":[{"href":"https:\/\/www.irdin.org.br\/site\/wp-json\/wp\/v2\/types\/product"}],"version-history":[{"count":1,"href":"https:\/\/www.irdin.org.br\/site\/wp-json\/wp\/v2\/product\/85379\/revisions"}],"predecessor-version":[{"id":107111,"href":"https:\/\/www.irdin.org.br\/site\/wp-json\/wp\/v2\/product\/85379\/revisions\/107111"}],"wp:featuredmedia":[{"embeddable":true,"href":"https:\/\/www.irdin.org.br\/site\/wp-json\/wp\/v2\/media\/85348"}],"wp:attachment":[{"href":"https:\/\/www.irdin.org.br\/site\/wp-json\/wp\/v2\/media?parent=85379"}],"wp:term":[{"taxonomy":"product_brand","embeddable":true,"href":"https:\/\/www.irdin.org.br\/site\/wp-json\/wp\/v2\/product_brand?post=85379"},{"taxonomy":"product_cat","embeddable":true,"href":"https:\/\/www.irdin.org.br\/site\/wp-json\/wp\/v2\/product_cat?post=85379"},{"taxonomy":"product_tag","embeddable":true,"href":"https:\/\/www.irdin.org.br\/site\/wp-json\/wp\/v2\/product_tag?post=85379"}],"curies":[{"name":"wp","href":"https:\/\/api.w.org\/{rel}","templated":true}]}}

A formação de curadores

<p>Quando alguém se torna seu próprio curador, integra-se na vida cósmica. Isso é possível no momento atual. Vem do voltar-se para o centro mais profundo da consciência.</p>
<p>&nbsp;<br />
<strong>Ouça agora:</strong></p>
<p><span data-href="https://www.irdin.org.br/site/envios/audios/0014_0021__por_por__a_formacao_de_curadores.mp3" data-title="A formação de curadores" data-rel="" data-target="" data-meta="#fap-meta-69f2662431c76" class="fap-single-track fap-track-button fap-play-button" data-enqueue="no" data-autoenqueue="no" title="A formação de curadores"><span class="fap-icon-play"></span>Ouvir</span> <a href="https://www.irdin.org.br/site/envios/audios/0014_0021__por_por__a_formacao_de_curadores.mp3" class="baixar" download><span class="fa fa-arrow-down"></span>Baixar</span></a> <span class="textobaixar"> A formação de curadores</span></p>

<p>Quando alguém se torna seu próprio curador, integra-se na vida cósmica. Isso é possível no momento atual. Vem do voltar-se</p>
