{"id":85381,"date":"2018-05-23T02:18:44","date_gmt":"2018-05-23T02:18:44","guid":{"rendered":"http:\/\/www.irdin.org.br\/site\/produto\/a-medicina-espiritual-e-as-provas-sutis-do-caminho\/"},"modified":"2025-09-14T21:06:03","modified_gmt":"2025-09-15T00:06:03","slug":"a-medicina-espiritual-e-as-provas-sutis-do-caminho","status":"publish","type":"product","link":"https:\/\/www.irdin.org.br\/site\/produtos\/a-medicina-espiritual-e-as-provas-sutis-do-caminho\/","title":{"rendered":"A medicina espiritual e as provas sutis do caminho"},"content":{"rendered":"<p>O tratamento espiritual como oportunidade de prova, de aprendizagem, de transforma\u00e7\u00e3o e de amplia\u00e7\u00e3o da consci\u00eancia para si e para os que est\u00e3o pr\u00f3ximos.<\/p>\n<p>&nbsp;<br \/>\n<strong>Ou\u00e7a agora:<\/strong><\/p>\n<p><span data-href=\"https:\/\/www.irdin.org.br\/site\/envios\/audios\/0014_0087__por_por__a_medicina_espiritual_e_as_provas_sutis_do_caminho.mp3\" data-title=\"A medicina espiritual e as provas sutis do caminho\" data-rel=\"\" data-target=\"\" data-meta=\"#fap-meta-69e4f1f153524\" class=\"fap-single-track fap-track-button fap-play-button\" data-enqueue=\"no\" data-autoenqueue=\"no\" title=\"A medicina espiritual e as provas sutis do caminho\"><span class=\"fap-icon-play\"><\/span>Ouvir<\/span> <a href=\"https:\/\/www.irdin.org.br\/site\/envios\/audios\/0014_0087__por_por__a_medicina_espiritual_e_as_provas_sutis_do_caminho.mp3\" class=\"baixar\"><span class=\"fa fa-arrow-down\"><\/span>Baixar<\/span><\/a> <span class=\"textobaixar\"> A medicina espiritual e as provas sutis do caminho<\/span><\/p>\n","protected":false},"excerpt":{"rendered":"<p>O tratamento espiritual como oportunidade de prova, de aprendizagem, de transforma\u00e7\u00e3o e de amplia\u00e7\u00e3o da consci\u00eancia para si e para<\/p>\n","protected":false},"featured_media":85349,"template":"","meta":{"_acf_changed":false},"product_brand":[],"product_cat":[18076,33068],"product_tag":[43143],"class_list":{"0":"post-85381","1":"product","2":"type-product","3":"status-publish","4":"has-post-thumbnail","6":"product_cat-cddvd","7":"product_cat-palestras","8":"product_tag-43143","9":"pa_autor-trigueirinho","10":"pa_codigo-da-serie-32103","11":"pa_codigo-de-barras-43140","12":"pa_codigo-externo-00140087porporcd","13":"pa_codigo-interno-43142","14":"pa_descricao-da-serie-reflexoes","15":"pa_duracao-42-min","16":"pa_idioma-de-destino-portugues","17":"pa_idioma-de-origem-portugues","18":"pa_lancamento-yes","19":"pa_midia-cd","20":"pa_moac-43139","21":"pa_quantidade-de-saldo-33067","22":"pa_sequencial-da-serie-32793","23":"pa_tipo-de-traducao-nao-traduzido","25":"first","26":"outofstock","27":"product-type-simple"},"acf":[],"_links":{"self":[{"href":"https:\/\/www.irdin.org.br\/site\/wp-json\/wp\/v2\/product\/85381","targetHints":{"allow":["GET"]}}],"collection":[{"href":"https:\/\/www.irdin.org.br\/site\/wp-json\/wp\/v2\/product"}],"about":[{"href":"https:\/\/www.irdin.org.br\/site\/wp-json\/wp\/v2\/types\/product"}],"version-history":[{"count":1,"href":"https:\/\/www.irdin.org.br\/site\/wp-json\/wp\/v2\/product\/85381\/revisions"}],"predecessor-version":[{"id":107113,"href":"https:\/\/www.irdin.org.br\/site\/wp-json\/wp\/v2\/product\/85381\/revisions\/107113"}],"wp:featuredmedia":[{"embeddable":true,"href":"https:\/\/www.irdin.org.br\/site\/wp-json\/wp\/v2\/media\/85349"}],"wp:attachment":[{"href":"https:\/\/www.irdin.org.br\/site\/wp-json\/wp\/v2\/media?parent=85381"}],"wp:term":[{"taxonomy":"product_brand","embeddable":true,"href":"https:\/\/www.irdin.org.br\/site\/wp-json\/wp\/v2\/product_brand?post=85381"},{"taxonomy":"product_cat","embeddable":true,"href":"https:\/\/www.irdin.org.br\/site\/wp-json\/wp\/v2\/product_cat?post=85381"},{"taxonomy":"product_tag","embeddable":true,"href":"https:\/\/www.irdin.org.br\/site\/wp-json\/wp\/v2\/product_tag?post=85381"}],"curies":[{"name":"wp","href":"https:\/\/api.w.org\/{rel}","templated":true}]}}