{"id":85383,"date":"2018-05-23T02:18:44","date_gmt":"2018-05-23T02:18:44","guid":{"rendered":"http:\/\/www.irdin.org.br\/site\/produto\/iberah-lys-mirna-jad-e-a-graca-nos-processos-de-cura\/"},"modified":"2025-09-15T00:00:08","modified_gmt":"2025-09-15T03:00:08","slug":"iberah-lys-mirna-jad-e-a-graca-nos-processos-de-cura","status":"publish","type":"product","link":"https:\/\/www.irdin.org.br\/site\/produtos\/iberah-lys-mirna-jad-e-a-graca-nos-processos-de-cura\/","title":{"rendered":"Iberah, Lys, Mirna Jad e a gra\u00e7a nos processos de cura"},"content":{"rendered":"<p>A doen\u00e7a vista como ato de justi\u00e7a c\u00e1rmica, e a energia da M\u00e3e Universal como cura pela a\u00e7\u00e3o da Gra\u00e7a.<\/p>\n<p>&nbsp;<br \/>\n<strong>Ou\u00e7a agora:<\/strong><\/p>\n<p><span data-href=\"https:\/\/www.irdin.org.br\/site\/envios\/audios\/0014_0107__por_por__iberah_lys_mirna_jad_e_a_graca_nos_processos_de_cura.mp3\" data-title=\"Iberah, Lys, Mirna Jad e a gra\u00e7a nos processos de cura\" data-rel=\"\" data-target=\"\" data-meta=\"#fap-meta-6a9628258e545\" class=\"fap-single-track fap-track-button fap-play-button\" data-enqueue=\"no\" data-autoenqueue=\"no\" title=\"Iberah, Lys, Mirna Jad e a gra\u00e7a nos processos de cura\"><span class=\"fap-icon-play\"><\/span>Ouvir<\/span> <a href=\"https:\/\/www.irdin.org.br\/site\/envios\/audios\/0014_0107__por_por__iberah_lys_mirna_jad_e_a_graca_nos_processos_de_cura.mp3\" class=\"baixar\" download><span class=\"fa fa-arrow-down\"><\/span>Baixar<\/span><\/a> <span class=\"textobaixar\"> Iberah, Lys, Mirna Jad e a gra\u00e7a nos processos de cura<\/span><\/p>\n","protected":false},"excerpt":{"rendered":"<p>A doen\u00e7a vista como ato de justi\u00e7a c\u00e1rmica, e a energia da M\u00e3e Universal como cura pela a\u00e7\u00e3o da Gra\u00e7a.<\/p>\n","protected":false},"featured_media":85350,"template":"","meta":{"_acf_changed":false},"product_brand":[],"product_cat":[18076,33068],"product_tag":[43153],"class_list":["post-85383","product","type-product","status-publish","has-post-thumbnail","product_cat-cddvd","product_cat-palestras","product_tag-43153","pa_autor-trigueirinho","pa_codigo-da-serie-32103","pa_codigo-de-barras-43150","pa_codigo-externo-00140107porporcd","pa_codigo-interno-43152","pa_descricao-da-serie-reflexoes","pa_duracao-38-min","pa_idioma-de-destino-portugues","pa_idioma-de-origem-portugues","pa_lancamento-yes","pa_midia-cd","pa_moac-43149","pa_quantidade-de-saldo-33067","pa_sequencial-da-serie-32804","pa_tipo-de-traducao-nao-traduzido","first","outofstock","product-type-simple"],"acf":[],"_links":{"self":[{"href":"https:\/\/www.irdin.org.br\/site\/wp-json\/wp\/v2\/product\/85383","targetHints":{"allow":["GET"]}}],"collection":[{"href":"https:\/\/www.irdin.org.br\/site\/wp-json\/wp\/v2\/product"}],"about":[{"href":"https:\/\/www.irdin.org.br\/site\/wp-json\/wp\/v2\/types\/product"}],"version-history":[{"count":1,"href":"https:\/\/www.irdin.org.br\/site\/wp-json\/wp\/v2\/product\/85383\/revisions"}],"predecessor-version":[{"id":107115,"href":"https:\/\/www.irdin.org.br\/site\/wp-json\/wp\/v2\/product\/85383\/revisions\/107115"}],"wp:featuredmedia":[{"embeddable":true,"href":"https:\/\/www.irdin.org.br\/site\/wp-json\/wp\/v2\/media\/85350"}],"wp:attachment":[{"href":"https:\/\/www.irdin.org.br\/site\/wp-json\/wp\/v2\/media?parent=85383"}],"wp:term":[{"taxonomy":"product_brand","embeddable":true,"href":"https:\/\/www.irdin.org.br\/site\/wp-json\/wp\/v2\/product_brand?post=85383"},{"taxonomy":"product_cat","embeddable":true,"href":"https:\/\/www.irdin.org.br\/site\/wp-json\/wp\/v2\/product_cat?post=85383"},{"taxonomy":"product_tag","embeddable":true,"href":"https:\/\/www.irdin.org.br\/site\/wp-json\/wp\/v2\/product_tag?post=85383"}],"curies":[{"name":"wp","href":"https:\/\/api.w.org\/{rel}","templated":true}]}}

Iberah, Lys, Mirna Jad e a graça nos processos de cura

<p>A doença vista como ato de justiça cármica, e a energia da Mãe Universal como cura pela ação da Graça.</p>
<p>&nbsp;<br />
<strong>Ouça agora:</strong></p>
<p><span data-href="https://www.irdin.org.br/site/envios/audios/0014_0107__por_por__iberah_lys_mirna_jad_e_a_graca_nos_processos_de_cura.mp3" data-title="Iberah, Lys, Mirna Jad e a graça nos processos de cura" data-rel="" data-target="" data-meta="#fap-meta-6a9628258e545" class="fap-single-track fap-track-button fap-play-button" data-enqueue="no" data-autoenqueue="no" title="Iberah, Lys, Mirna Jad e a graça nos processos de cura"><span class="fap-icon-play"></span>Ouvir</span> <a href="https://www.irdin.org.br/site/envios/audios/0014_0107__por_por__iberah_lys_mirna_jad_e_a_graca_nos_processos_de_cura.mp3" class="baixar" download><span class="fa fa-arrow-down"></span>Baixar</span></a> <span class="textobaixar"> Iberah, Lys, Mirna Jad e a graça nos processos de cura</span></p>

<p>A doença vista como ato de justiça cármica, e a energia da Mãe Universal como cura pela ação da Graça.</p>
