{"id":85384,"date":"2018-05-23T02:18:44","date_gmt":"2018-05-23T02:18:44","guid":{"rendered":"http:\/\/www.irdin.org.br\/site\/produto\/a-cura-do-corpo-mental-e-o-trato-com-pacientes-terminais\/"},"modified":"2024-09-09T03:25:05","modified_gmt":"2024-09-09T03:25:05","slug":"a-cura-do-corpo-mental-e-o-trato-com-pacientes-terminais","status":"publish","type":"product","link":"https:\/\/www.irdin.org.br\/site\/produtos\/a-cura-do-corpo-mental-e-o-trato-com-pacientes-terminais\/","title":{"rendered":"A cura do corpo mental e o trato com pacientes terminais"},"content":{"rendered":"<p>O verdadeiro trabalho \u00e9 o de proporcionar condi\u00e7\u00f5es para que o corpo mental humano ingresse em outro estado, acima do n\u00edvel comum.<\/p>\n<p>&nbsp;<br \/>\n<strong>Ou\u00e7a agora:<\/strong><\/p>\n<p><span data-href=\"https:\/\/www.irdin.org.br\/site\/envios\/audios\/0020_0034__por_por__a_cura_do_corpo_mental_e_o_trato_com_pacientes_terminais.mp3\" data-title=\"A cura do corpo mental e o trato com pacientes terminais\" data-rel=\"\" data-target=\"\" data-meta=\"#fap-meta-69e1cd1e28450\" class=\"fap-single-track fap-track-button fap-play-button\" data-enqueue=\"no\" data-autoenqueue=\"no\" title=\"A cura do corpo mental e o trato com pacientes terminais\"><span class=\"fap-icon-play\"><\/span>Ouvir<\/span> <a href=\"https:\/\/www.irdin.org.br\/site\/envios\/audios\/0020_0034__por_por__a_cura_do_corpo_mental_e_o_trato_com_pacientes_terminais.mp3\" class=\"baixar\"><span class=\"fa fa-arrow-down\"><\/span>Baixar<\/span><\/a> <span class=\"textobaixar\"> A cura do corpo mental e o trato com pacientes terminais<\/span><\/p>\n","protected":false},"excerpt":{"rendered":"<p>O verdadeiro trabalho \u00e9 o de proporcionar condi\u00e7\u00f5es para que o corpo mental humano ingresse em outro estado, acima do<\/p>\n","protected":false},"featured_media":85353,"template":"","meta":{"_acf_changed":false},"product_brand":[],"product_cat":[18076,33068],"product_tag":[43158],"class_list":{"0":"post-85384","1":"product","2":"type-product","3":"status-publish","4":"has-post-thumbnail","6":"product_cat-cddvd","7":"product_cat-palestras","8":"product_tag-43158","9":"pa_autor-trigueirinho","10":"pa_codigo-da-serie-32774","11":"pa_codigo-de-barras-43155","12":"pa_codigo-externo-00200034porporcd","13":"pa_codigo-interno-43157","14":"pa_duracao-50-min","15":"pa_idioma-de-destino-portugues","16":"pa_idioma-de-origem-portugues","17":"pa_lancamento-yes","18":"pa_midia-cd","19":"pa_moac-43154","20":"pa_quantidade-de-saldo-33067","21":"pa_sequencial-da-serie-31910","22":"pa_tipo-de-traducao-nao-traduzido","24":"first","25":"outofstock","26":"product-type-simple"},"acf":[],"_links":{"self":[{"href":"https:\/\/www.irdin.org.br\/site\/wp-json\/wp\/v2\/product\/85384","targetHints":{"allow":["GET"]}}],"collection":[{"href":"https:\/\/www.irdin.org.br\/site\/wp-json\/wp\/v2\/product"}],"about":[{"href":"https:\/\/www.irdin.org.br\/site\/wp-json\/wp\/v2\/types\/product"}],"version-history":[{"count":1,"href":"https:\/\/www.irdin.org.br\/site\/wp-json\/wp\/v2\/product\/85384\/revisions"}],"predecessor-version":[{"id":107116,"href":"https:\/\/www.irdin.org.br\/site\/wp-json\/wp\/v2\/product\/85384\/revisions\/107116"}],"wp:featuredmedia":[{"embeddable":true,"href":"https:\/\/www.irdin.org.br\/site\/wp-json\/wp\/v2\/media\/85353"}],"wp:attachment":[{"href":"https:\/\/www.irdin.org.br\/site\/wp-json\/wp\/v2\/media?parent=85384"}],"wp:term":[{"taxonomy":"product_brand","embeddable":true,"href":"https:\/\/www.irdin.org.br\/site\/wp-json\/wp\/v2\/product_brand?post=85384"},{"taxonomy":"product_cat","embeddable":true,"href":"https:\/\/www.irdin.org.br\/site\/wp-json\/wp\/v2\/product_cat?post=85384"},{"taxonomy":"product_tag","embeddable":true,"href":"https:\/\/www.irdin.org.br\/site\/wp-json\/wp\/v2\/product_tag?post=85384"}],"curies":[{"name":"wp","href":"https:\/\/api.w.org\/{rel}","templated":true}]}}