{"id":85506,"date":"2018-07-06T18:56:19","date_gmt":"2018-07-06T18:56:19","guid":{"rendered":"http:\/\/www.irdin.org.br\/site\/produto\/conversas-com-trigueirinho-no-673\/"},"modified":"2024-09-09T03:21:55","modified_gmt":"2024-09-09T03:21:55","slug":"conversas-com-trigueirinho-no-673","status":"publish","type":"product","link":"https:\/\/www.irdin.org.br\/site\/produtos\/conversas-com-trigueirinho-no-673\/","title":{"rendered":"Conversas com Trigueirinho n\u00ba 673"},"content":{"rendered":"<p>Alegria apesar das provas \/ A verdadeira ora\u00e7\u00e3o \/ Figueira na forma\u00e7\u00e3o de crian\u00e7as \/ Colabora\u00e7\u00e3o do reino vegetal na cura c\u00f3smica \/ Contato com a Consci\u00eancia D\u00e9vica, pureza de vida e fidelidade aos impulsos evolutivos \/ Atributos do Monast\u00e9rio e contempla\u00e7\u00e3o \/ Coliga\u00e7\u00e3o com o eu interno e consci\u00eancia da unidade \/ Contempla\u00e7\u00e3o Reformada \/ Processo pr\u00f3prio e necessidades alheias \/ A cura da alma \/ Sonho com p\u00e1ssaros orantes \/ Postura correta na alimenta\u00e7\u00e3o<\/p>\n<p>&nbsp;<br \/>\n<strong>Ou\u00e7a agora:<\/strong><\/p>\n<p><span data-href=\"https:\/\/www.irdin.org.br\/site\/envios\/audios\/0023_0673__por_por__conversas_com_trigueirinho_n673.mp3\" data-title=\"Conversas com Trigueirinho n\u00ba 673\" data-rel=\"\" data-target=\"\" data-meta=\"#fap-meta-69f1457ba2c7f\" class=\"fap-single-track fap-track-button fap-play-button\" data-enqueue=\"no\" data-autoenqueue=\"no\" title=\"Conversas com Trigueirinho n\u00ba 673\"><span class=\"fap-icon-play\"><\/span>Ouvir<\/span> <a href='https:\/\/www.irdin.org.br\/site\/envios\/audios\/0023_0673__por_por__conversas_com_trigueirinho_n673.mp3' class='baixar' download><span class='fa fa-arrow-down'><\/span>Baixar<\/span><\/a> <span class='textobaixar'> Conversas com Trigueirinho n\u00ba 673<\/span><\/p>\n","protected":false},"excerpt":{"rendered":"<p>Alegria apesar das provas \/ A verdadeira ora\u00e7\u00e3o \/ Figueira na forma\u00e7\u00e3o de crian\u00e7as \/ Colabora\u00e7\u00e3o do reino vegetal na<\/p>\n","protected":false},"featured_media":37479,"template":"","meta":{"_acf_changed":false},"product_brand":[],"product_cat":[18076,43099],"product_tag":[43225],"class_list":{"0":"post-85506","1":"product","2":"type-product","3":"status-publish","4":"has-post-thumbnail","6":"product_cat-cddvd","7":"product_cat-palestras-cddvd","8":"product_tag-43225","9":"pa_autor-trigueirinho","10":"pa_codigo-da-serie-31985","11":"pa_codigo-de-barras-29726","12":"pa_codigo-externo-00230673porcd","13":"pa_data-de-edicao-24707","14":"pa_data-de-gravacao-29722","15":"pa_data-de-lancamento-24708","16":"pa_duracao-48min51s","17":"pa_idioma-de-destino-portugues","18":"pa_idioma-de-origem-portugues","19":"pa_lancamento-no","20":"pa_midia-cd","21":"pa_moac-43224","22":"pa_quantidade-de-saldo-33067","23":"pa_sequencial-da-serie-32525","24":"pa_tipo-de-traducao-nao-traduzido","26":"first","27":"outofstock","28":"product-type-simple"},"acf":[],"_links":{"self":[{"href":"https:\/\/www.irdin.org.br\/site\/wp-json\/wp\/v2\/product\/85506","targetHints":{"allow":["GET"]}}],"collection":[{"href":"https:\/\/www.irdin.org.br\/site\/wp-json\/wp\/v2\/product"}],"about":[{"href":"https:\/\/www.irdin.org.br\/site\/wp-json\/wp\/v2\/types\/product"}],"version-history":[{"count":1,"href":"https:\/\/www.irdin.org.br\/site\/wp-json\/wp\/v2\/product\/85506\/revisions"}],"predecessor-version":[{"id":107102,"href":"https:\/\/www.irdin.org.br\/site\/wp-json\/wp\/v2\/product\/85506\/revisions\/107102"}],"wp:featuredmedia":[{"embeddable":true,"href":"https:\/\/www.irdin.org.br\/site\/wp-json\/wp\/v2\/media\/37479"}],"wp:attachment":[{"href":"https:\/\/www.irdin.org.br\/site\/wp-json\/wp\/v2\/media?parent=85506"}],"wp:term":[{"taxonomy":"product_brand","embeddable":true,"href":"https:\/\/www.irdin.org.br\/site\/wp-json\/wp\/v2\/product_brand?post=85506"},{"taxonomy":"product_cat","embeddable":true,"href":"https:\/\/www.irdin.org.br\/site\/wp-json\/wp\/v2\/product_cat?post=85506"},{"taxonomy":"product_tag","embeddable":true,"href":"https:\/\/www.irdin.org.br\/site\/wp-json\/wp\/v2\/product_tag?post=85506"}],"curies":[{"name":"wp","href":"https:\/\/api.w.org\/{rel}","templated":true}]}}

Conversas com Trigueirinho nº 673

<p>Alegria apesar das provas / A verdadeira oração / Figueira na formação de crianças / Colaboração do reino vegetal na cura cósmica / Contato com a Consciência Dévica, pureza de vida e fidelidade aos impulsos evolutivos / Atributos do Monastério e contemplação / Coligação com o eu interno e consciência da unidade / Contemplação Reformada / Processo próprio e necessidades alheias / A cura da alma / Sonho com pássaros orantes / Postura correta na alimentação</p>
<p>&nbsp;<br />
<strong>Ouça agora:</strong></p>
<p><span data-href="https://www.irdin.org.br/site/envios/audios/0023_0673__por_por__conversas_com_trigueirinho_n673.mp3" data-title="Conversas com Trigueirinho nº 673" data-rel="" data-target="" data-meta="#fap-meta-69f1457ba2c7f" class="fap-single-track fap-track-button fap-play-button" data-enqueue="no" data-autoenqueue="no" title="Conversas com Trigueirinho nº 673"><span class="fap-icon-play"></span>Ouvir</span> <a href='https://www.irdin.org.br/site/envios/audios/0023_0673__por_por__conversas_com_trigueirinho_n673.mp3' class='baixar' download><span class='fa fa-arrow-down'></span>Baixar</span></a> <span class='textobaixar'> Conversas com Trigueirinho nº 673</span></p>

<p>Alegria apesar das provas / A verdadeira oração / Figueira na formação de crianças / Colaboração do reino vegetal na</p>
