{"id":85528,"date":"2011-08-07T00:00:00","date_gmt":"2011-08-07T00:00:00","guid":{"rendered":"http:\/\/www.irdin.org.br\/site\/produto\/conversas-com-trigueirinho-no-695\/"},"modified":"2025-03-16T01:19:11","modified_gmt":"2025-03-16T01:19:11","slug":"conversas-com-trigueirinho-no-695","status":"publish","type":"product","link":"https:\/\/www.irdin.org.br\/site\/produtos\/conversas-com-trigueirinho-no-695\/","title":{"rendered":"Conversas com Trigueirinho n\u00ba 695"},"content":{"rendered":"<p>N\u00famero 5 \/ Medo no subconsciente \/ Vencer o criticismo \/ Como praticar a doa\u00e7\u00e3o? \/ Que fazer com a insonia? \/ Rem\u00e9dios e nossa transforma\u00e7\u00e3o \/ Atitude ao realizar tarefas \/ Sonho comum e sonho evolutivo \/ Qual a \u00fanica coisa necess\u00e1ria? \/ Comando e autoridade \/ \u00c1rea da cidade e Casa Luz da Colina segundo Murielh<\/p>\n<p>&nbsp;<br \/>\n<strong>Ou\u00e7a agora:<\/strong><\/p>\n<p><span data-href=\"https:\/\/www.irdin.org.br\/site\/envios\/audios\/0023_0695__por_por__conversas_com_trigueirinho_n695.mp3\" data-title=\"Conversas com Trigueirinho n\u00ba 695\" data-rel=\"\" data-target=\"\" data-meta=\"#fap-meta-69f1453ab6b03\" class=\"fap-single-track fap-track-button fap-play-button\" data-enqueue=\"no\" data-autoenqueue=\"no\" title=\"Conversas com Trigueirinho n\u00ba 695\"><span class=\"fap-icon-play\"><\/span>Ouvir<\/span> <a href='https:\/\/www.irdin.org.br\/site\/envios\/audios\/0023_0695__por_por__conversas_com_trigueirinho_n695.mp3' class='baixar' download><span class='fa fa-arrow-down'><\/span>Baixar<\/span><\/a> <span class='textobaixar'> Conversas com Trigueirinho n\u00ba 695<\/span><\/p>\n","protected":false},"excerpt":{"rendered":"<p>N\u00famero 5 \/ Medo no subconsciente \/ Vencer o criticismo \/ Como praticar a doa\u00e7\u00e3o? \/ Que fazer com a<\/p>\n","protected":false},"featured_media":37479,"template":"","meta":{"_acf_changed":false},"product_brand":[],"product_cat":[18076,43099],"product_tag":[43279],"class_list":{"0":"post-85528","1":"product","2":"type-product","3":"status-publish","4":"has-post-thumbnail","6":"product_cat-cddvd","7":"product_cat-palestras-cddvd","8":"product_tag-43279","9":"pa_autor-trigueirinho","10":"pa_codigo-da-serie-31985","11":"pa_codigo-de-barras-29829","12":"pa_codigo-externo-00230695porcd","13":"pa_data-de-edicao-18015","14":"pa_data-de-gravacao-19660","15":"pa_data-de-lancamento-24642","16":"pa_duracao-44m23s","17":"pa_idioma-de-destino-portugues","18":"pa_idioma-de-origem-portugues","19":"pa_lancamento-no","20":"pa_midia-cd","21":"pa_moac-43278","22":"pa_quantidade-de-saldo-33067","23":"pa_sequencial-da-serie-32566","24":"pa_tipo-de-traducao-nao-traduzido","26":"first","27":"outofstock","28":"product-type-simple"},"acf":[],"_links":{"self":[{"href":"https:\/\/www.irdin.org.br\/site\/wp-json\/wp\/v2\/product\/85528","targetHints":{"allow":["GET"]}}],"collection":[{"href":"https:\/\/www.irdin.org.br\/site\/wp-json\/wp\/v2\/product"}],"about":[{"href":"https:\/\/www.irdin.org.br\/site\/wp-json\/wp\/v2\/types\/product"}],"version-history":[{"count":1,"href":"https:\/\/www.irdin.org.br\/site\/wp-json\/wp\/v2\/product\/85528\/revisions"}],"predecessor-version":[{"id":109356,"href":"https:\/\/www.irdin.org.br\/site\/wp-json\/wp\/v2\/product\/85528\/revisions\/109356"}],"wp:featuredmedia":[{"embeddable":true,"href":"https:\/\/www.irdin.org.br\/site\/wp-json\/wp\/v2\/media\/37479"}],"wp:attachment":[{"href":"https:\/\/www.irdin.org.br\/site\/wp-json\/wp\/v2\/media?parent=85528"}],"wp:term":[{"taxonomy":"product_brand","embeddable":true,"href":"https:\/\/www.irdin.org.br\/site\/wp-json\/wp\/v2\/product_brand?post=85528"},{"taxonomy":"product_cat","embeddable":true,"href":"https:\/\/www.irdin.org.br\/site\/wp-json\/wp\/v2\/product_cat?post=85528"},{"taxonomy":"product_tag","embeddable":true,"href":"https:\/\/www.irdin.org.br\/site\/wp-json\/wp\/v2\/product_tag?post=85528"}],"curies":[{"name":"wp","href":"https:\/\/api.w.org\/{rel}","templated":true}]}}

Conversas com Trigueirinho nº 695

<p>Número 5 / Medo no subconsciente / Vencer o criticismo / Como praticar a doação? / Que fazer com a insonia? / Remédios e nossa transformação / Atitude ao realizar tarefas / Sonho comum e sonho evolutivo / Qual a única coisa necessária? / Comando e autoridade / Área da cidade e Casa Luz da Colina segundo Murielh</p>
<p>&nbsp;<br />
<strong>Ouça agora:</strong></p>
<p><span data-href="https://www.irdin.org.br/site/envios/audios/0023_0695__por_por__conversas_com_trigueirinho_n695.mp3" data-title="Conversas com Trigueirinho nº 695" data-rel="" data-target="" data-meta="#fap-meta-69f1453ab6b03" class="fap-single-track fap-track-button fap-play-button" data-enqueue="no" data-autoenqueue="no" title="Conversas com Trigueirinho nº 695"><span class="fap-icon-play"></span>Ouvir</span> <a href='https://www.irdin.org.br/site/envios/audios/0023_0695__por_por__conversas_com_trigueirinho_n695.mp3' class='baixar' download><span class='fa fa-arrow-down'></span>Baixar</span></a> <span class='textobaixar'> Conversas com Trigueirinho nº 695</span></p>

<p>Número 5 / Medo no subconsciente / Vencer o criticismo / Como praticar a doação? / Que fazer com a</p>
