{"id":85531,"date":"2011-07-10T00:00:00","date_gmt":"2011-07-10T00:00:00","guid":{"rendered":"http:\/\/www.irdin.org.br\/site\/produto\/conversas-com-trigueirinho-no-698\/"},"modified":"2025-03-16T01:19:33","modified_gmt":"2025-03-16T01:19:33","slug":"conversas-com-trigueirinho-no-698","status":"publish","type":"product","link":"https:\/\/www.irdin.org.br\/site\/produtos\/conversas-com-trigueirinho-no-698\/","title":{"rendered":"Conversas com Trigueirinho n\u00ba 698"},"content":{"rendered":"<p>Vis\u00e3o simb\u00f3lica \/ Santo Ant\u00e3o e a ora\u00e7\u00e3o \/ Rel\u00f3gios quebrados \/ Ra\u00e7as humanas e ra\u00e7as mon\u00e1dicas \/ O Amor segundo Thomas Merton \/ Caridade c\u00f3smica e miseric\u00f3rdia<\/p>\n<p>&nbsp;<br \/>\n<strong>Ou\u00e7a agora:<\/strong><\/p>\n<p><span data-href=\"https:\/\/www.irdin.org.br\/site\/envios\/audios\/0023_0698__por_por__conversas_com_trigueirinho_n698.mp3\" data-title=\"Conversas com Trigueirinho n\u00ba 698\" data-rel=\"\" data-target=\"\" data-meta=\"#fap-meta-69f151f395e1e\" class=\"fap-single-track fap-track-button fap-play-button\" data-enqueue=\"no\" data-autoenqueue=\"no\" title=\"Conversas com Trigueirinho n\u00ba 698\"><span class=\"fap-icon-play\"><\/span>Ouvir<\/span> <a href='https:\/\/www.irdin.org.br\/site\/envios\/audios\/0023_0698__por_por__conversas_com_trigueirinho_n698.mp3' class='baixar' download><span class='fa fa-arrow-down'><\/span>Baixar<\/span><\/a> <span class='textobaixar'> Conversas com Trigueirinho n\u00ba 698<\/span><\/p>\n","protected":false},"excerpt":{"rendered":"<p>Vis\u00e3o simb\u00f3lica \/ Santo Ant\u00e3o e a ora\u00e7\u00e3o \/ Rel\u00f3gios quebrados \/ Ra\u00e7as humanas e ra\u00e7as mon\u00e1dicas \/ O Amor<\/p>\n","protected":false},"featured_media":37479,"template":"","meta":{"_acf_changed":false},"product_brand":[],"product_cat":[18076,43099],"product_tag":[43285],"class_list":{"0":"post-85531","1":"product","2":"type-product","3":"status-publish","4":"has-post-thumbnail","6":"product_cat-cddvd","7":"product_cat-palestras-cddvd","8":"product_tag-43285","9":"pa_autor-trigueirinho","10":"pa_codigo-da-serie-31985","11":"pa_codigo-de-barras-29843","12":"pa_codigo-externo-00230698porcd","13":"pa_data-de-edicao-24645","14":"pa_data-de-gravacao-26664","15":"pa_data-de-lancamento-24646","16":"pa_duracao-46m18s","17":"pa_idioma-de-destino-portugues","18":"pa_idioma-de-origem-portugues","19":"pa_lancamento-no","20":"pa_midia-cd","21":"pa_moac-43284","22":"pa_quantidade-de-saldo-33067","23":"pa_sequencial-da-serie-32572","24":"pa_tipo-de-traducao-nao-traduzido","26":"first","27":"outofstock","28":"product-type-simple"},"acf":[],"_links":{"self":[{"href":"https:\/\/www.irdin.org.br\/site\/wp-json\/wp\/v2\/product\/85531","targetHints":{"allow":["GET"]}}],"collection":[{"href":"https:\/\/www.irdin.org.br\/site\/wp-json\/wp\/v2\/product"}],"about":[{"href":"https:\/\/www.irdin.org.br\/site\/wp-json\/wp\/v2\/types\/product"}],"version-history":[{"count":1,"href":"https:\/\/www.irdin.org.br\/site\/wp-json\/wp\/v2\/product\/85531\/revisions"}],"predecessor-version":[{"id":109359,"href":"https:\/\/www.irdin.org.br\/site\/wp-json\/wp\/v2\/product\/85531\/revisions\/109359"}],"wp:featuredmedia":[{"embeddable":true,"href":"https:\/\/www.irdin.org.br\/site\/wp-json\/wp\/v2\/media\/37479"}],"wp:attachment":[{"href":"https:\/\/www.irdin.org.br\/site\/wp-json\/wp\/v2\/media?parent=85531"}],"wp:term":[{"taxonomy":"product_brand","embeddable":true,"href":"https:\/\/www.irdin.org.br\/site\/wp-json\/wp\/v2\/product_brand?post=85531"},{"taxonomy":"product_cat","embeddable":true,"href":"https:\/\/www.irdin.org.br\/site\/wp-json\/wp\/v2\/product_cat?post=85531"},{"taxonomy":"product_tag","embeddable":true,"href":"https:\/\/www.irdin.org.br\/site\/wp-json\/wp\/v2\/product_tag?post=85531"}],"curies":[{"name":"wp","href":"https:\/\/api.w.org\/{rel}","templated":true}]}}

Conversas com Trigueirinho nº 698

<p>Visão simbólica / Santo Antão e a oração / Relógios quebrados / Raças humanas e raças monádicas / O Amor segundo Thomas Merton / Caridade cósmica e misericórdia</p>
<p>&nbsp;<br />
<strong>Ouça agora:</strong></p>
<p><span data-href="https://www.irdin.org.br/site/envios/audios/0023_0698__por_por__conversas_com_trigueirinho_n698.mp3" data-title="Conversas com Trigueirinho nº 698" data-rel="" data-target="" data-meta="#fap-meta-69f151f395e1e" class="fap-single-track fap-track-button fap-play-button" data-enqueue="no" data-autoenqueue="no" title="Conversas com Trigueirinho nº 698"><span class="fap-icon-play"></span>Ouvir</span> <a href='https://www.irdin.org.br/site/envios/audios/0023_0698__por_por__conversas_com_trigueirinho_n698.mp3' class='baixar' download><span class='fa fa-arrow-down'></span>Baixar</span></a> <span class='textobaixar'> Conversas com Trigueirinho nº 698</span></p>

<p>Visão simbólica / Santo Antão e a oração / Relógios quebrados / Raças humanas e raças monádicas / O Amor</p>
